{"id":943,"date":"2018-09-10T18:10:05","date_gmt":"2018-09-10T18:10:05","guid":{"rendered":"https:\/\/ayore.org\/?page_id=943"},"modified":"2019-03-05T02:47:04","modified_gmt":"2019-03-05T02:47:04","slug":"pujnuine-yujnusipise-ojo","status":"publish","type":"page","link":"https:\/\/ayore.org\/ayo\/culture\/native-songs\/pujnuine-yujnusipise-ojo\/","title":{"rendered":"Pujnuine\u0301 &#8211; Yujnusipise Ojo"},"content":{"rendered":"<p><em><strong>Pujnuine Chedo Queruidat\u00e9 (Ojo):<\/strong><\/em><\/p>\n<p>Yij\u00f1ecar\u00f3siab\u00edji de. Chiese <em>Jnan\u00edn\u00e9<\/em> desaque yu. Uyu mar\u00ednga yip\u00f3gu yachachag\u00fagode ome. Yujnusip\u00edsi <em>Ojo<\/em> mu que yajna. J\u00e9 yajnemirase dir\u00edca <em>Ojo<\/em>. Yijosa yuj\u00f3ric jnacare uje cha ucaningongoningajnai. Pijnate gonigai. Pijn\u00e1te quite uje que pojna. Y\u00e1yipie d\u00e9ji <em>Ojo<\/em> ome ore acot\u00e9<em>. Pujnuidat\u00e9<\/em> pojna yu. J\u00e9 yujnusi\u00e9tig\u00e1de. Yibaque dir\u00edca. Yiji yocade. Y\u00e1yipie chache\u0303\u0301re <em>Ojo<\/em>. Cachi d\u00e9ji gari iji deg\u00fai. Ter\u00e1ji gu ga chisi ome dajoranie urejnanie ore uje canir\u00e9 enga ore chiraj\u00faraja.<\/p>\n<p><em>Pujnuine\u0301 &#8211; Tobite\u0301,Bolivia &#8211; 1960<\/em><\/p>\n<p><em>Joyce Davis Buchegger chur\u00fas\u00e3re Pujnuine iradedie udaji nanique.<\/em><\/p>\n<div class=\"navigation\"><div class=\"alignleft\"><a href=\"https:\/\/ayore.org\/ayo\/culture\/native-songs\/pujnucabi-yujnusipise-pejnocode-pedrode-ore\/\"title=\"Pujn\u00facabi &#8211; Yujnusipise yocuya\u0301bode\"><img loading=\"lazy\" decoding=\"async\" src=\"https:\/\/ayore.org\/wp-content\/uploads\/2018\/10\/left-arrow.png\" width=\"50\" height=\"48\" alt=\"left arrow\"><\/a><\/div><div class=\"alignright\"><a href=\"https:\/\/ayore.org\/ayo\/culture\/native-songs\/suarejnacaride-yijnecarosi-iji-yucuegode-yoca\/\"title=\"Suare\u0301jnacari\u0301de &#8211; Yij\u00f1eca\u0301rosi iji yucuegode yoca\"><img loading=\"lazy\" decoding=\"async\" src=\"https:\/\/ayore.org\/wp-content\/uploads\/2018\/10\/right-arrow.png\" width=\"50\" height=\"48\" alt=\"right arrow\"><\/a><\/div>\n","protected":false},"excerpt":{"rendered":"<p>Pujnuine Chedo Queruidat\u00e9 (Ojo): Yij\u00f1ecar\u00f3siab\u00edji de. Chiese Jnan\u00edn\u00e9 desaque yu. Uyu mar\u00ednga yip\u00f3gu yachachag\u00fagode ome. Yujnusip\u00edsi Ojo mu que yajna. J\u00e9 yajnemirase dir\u00edca Ojo. Yijosa yuj\u00f3ric jnacare uje cha ucaningongoningajnai. Pijnate gonigai. Pijn\u00e1te quite uje que pojna. Y\u00e1yipie d\u00e9ji Ojo<\/p>\n","protected":false},"author":2,"featured_media":0,"parent":713,"menu_order":0,"comment_status":"closed","ping_status":"closed","template":"","meta":{"footnotes":""},"class_list":["post-943","page","type-page","status-publish","hentry"],"yoast_head":"<!-- This site is optimized with the Yoast SEO plugin v27.4 - https:\/\/yoast.com\/product\/yoast-seo-wordpress\/ -->\n<title>Ayore\u0301ode Irade\u0301die: Yujnusipise Ojo \u2022 Ayore.org<\/title>\n<meta name=\"robots\" content=\"index, follow, max-snippet:-1, max-image-preview:large, max-video-preview:-1\" \/>\n<link rel=\"canonical\" href=\"https:\/\/ayore.org\/ayo\/culture\/native-songs\/pujnuine-yujnusipise-ojo\/\" \/>\n<meta property=\"og:locale\" content=\"en_US\" \/>\n<meta property=\"og:type\" content=\"article\" \/>\n<meta property=\"og:title\" content=\"Ayore\u0301ode Irade\u0301die: Yujnusipise Ojo \u2022 Ayore.org\" \/>\n<meta property=\"og:description\" content=\"Pujnuine Chedo Queruidat\u00e9 (Ojo): Yij\u00f1ecar\u00f3siab\u00edji de. Chiese Jnan\u00edn\u00e9 desaque yu. Uyu mar\u00ednga yip\u00f3gu yachachag\u00fagode ome. Yujnusip\u00edsi Ojo mu que yajna. J\u00e9 yajnemirase dir\u00edca Ojo. Yijosa yuj\u00f3ric jnacare uje cha ucaningongoningajnai. Pijnate gonigai. Pijn\u00e1te quite uje que pojna. Y\u00e1yipie d\u00e9ji Ojo\" \/>\n<meta property=\"og:url\" content=\"https:\/\/ayore.org\/ayo\/culture\/native-songs\/pujnuine-yujnusipise-ojo\/\" \/>\n<meta property=\"og:site_name\" content=\"AYOR\u00c9.ORG\" \/>\n<meta property=\"article:modified_time\" content=\"2019-03-05T02:47:04+00:00\" \/>\n<meta name=\"twitter:card\" content=\"summary_large_image\" \/>\n<meta name=\"twitter:label1\" content=\"Est. reading time\" \/>\n\t<meta name=\"twitter:data1\" content=\"1 minute\" \/>\n<script type=\"application\/ld+json\" class=\"yoast-schema-graph\">{\"@context\":\"https:\\\/\\\/schema.org\",\"@graph\":[{\"@type\":\"WebPage\",\"@id\":\"https:\\\/\\\/ayore.org\\\/ayo\\\/culture\\\/native-songs\\\/pujnuine-yujnusipise-ojo\\\/\",\"url\":\"https:\\\/\\\/ayore.org\\\/ayo\\\/culture\\\/native-songs\\\/pujnuine-yujnusipise-ojo\\\/\",\"name\":\"Ayore\u0301ode Irade\u0301die: Yujnusipise Ojo \u2022 Ayore.org\",\"isPartOf\":{\"@id\":\"https:\\\/\\\/ayore.org\\\/#website\"},\"datePublished\":\"2018-09-10T18:10:05+00:00\",\"dateModified\":\"2019-03-05T02:47:04+00:00\",\"breadcrumb\":{\"@id\":\"https:\\\/\\\/ayore.org\\\/ayo\\\/culture\\\/native-songs\\\/pujnuine-yujnusipise-ojo\\\/#breadcrumb\"},\"inLanguage\":\"ayo\",\"potentialAction\":[{\"@type\":\"ReadAction\",\"target\":[\"https:\\\/\\\/ayore.org\\\/ayo\\\/culture\\\/native-songs\\\/pujnuine-yujnusipise-ojo\\\/\"]}]},{\"@type\":\"BreadcrumbList\",\"@id\":\"https:\\\/\\\/ayore.org\\\/ayo\\\/culture\\\/native-songs\\\/pujnuine-yujnusipise-ojo\\\/#breadcrumb\",\"itemListElement\":[{\"@type\":\"ListItem\",\"position\":1,\"name\":\"Jogate bajai tu ude\u0301\",\"item\":\"https:\\\/\\\/ayore.org\\\/ayo\\\/\"},{\"@type\":\"ListItem\",\"position\":2,\"name\":\"Ayore\u0301ode adode, angurenone cucha ore\",\"item\":\"https:\\\/\\\/ayore.org\\\/ayo\\\/culture\\\/\"},{\"@type\":\"ListItem\",\"position\":3,\"name\":\"Ayore\u0301ode Irade\u0301die\",\"item\":\"https:\\\/\\\/ayore.org\\\/ayo\\\/culture\\\/native-songs\\\/\"},{\"@type\":\"ListItem\",\"position\":4,\"name\":\"Pujnuine\u0301 &#8211; Yujnusipise Ojo\"}]},{\"@type\":\"WebSite\",\"@id\":\"https:\\\/\\\/ayore.org\\\/#website\",\"url\":\"https:\\\/\\\/ayore.org\\\/\",\"name\":\"AYOR\u00c9.ORG\",\"description\":\"Ayore\u0301ode Uruode, Adode, Jnani bajade ati\u0301go ore \",\"potentialAction\":[{\"@type\":\"SearchAction\",\"target\":{\"@type\":\"EntryPoint\",\"urlTemplate\":\"https:\\\/\\\/ayore.org\\\/?s={search_term_string}\"},\"query-input\":{\"@type\":\"PropertyValueSpecification\",\"valueRequired\":true,\"valueName\":\"search_term_string\"}}],\"inLanguage\":\"ayo\"}]}<\/script>\n<!-- \/ Yoast SEO plugin. -->","yoast_head_json":{"title":"Ayore\u0301ode Irade\u0301die: Yujnusipise Ojo \u2022 Ayore.org","robots":{"index":"index","follow":"follow","max-snippet":"max-snippet:-1","max-image-preview":"max-image-preview:large","max-video-preview":"max-video-preview:-1"},"canonical":"https:\/\/ayore.org\/ayo\/culture\/native-songs\/pujnuine-yujnusipise-ojo\/","og_locale":"en_US","og_type":"article","og_title":"Ayore\u0301ode Irade\u0301die: Yujnusipise Ojo \u2022 Ayore.org","og_description":"Pujnuine Chedo Queruidat\u00e9 (Ojo): Yij\u00f1ecar\u00f3siab\u00edji de. Chiese Jnan\u00edn\u00e9 desaque yu. Uyu mar\u00ednga yip\u00f3gu yachachag\u00fagode ome. Yujnusip\u00edsi Ojo mu que yajna. J\u00e9 yajnemirase dir\u00edca Ojo. Yijosa yuj\u00f3ric jnacare uje cha ucaningongoningajnai. Pijnate gonigai. Pijn\u00e1te quite uje que pojna. Y\u00e1yipie d\u00e9ji Ojo","og_url":"https:\/\/ayore.org\/ayo\/culture\/native-songs\/pujnuine-yujnusipise-ojo\/","og_site_name":"AYOR\u00c9.ORG","article_modified_time":"2019-03-05T02:47:04+00:00","twitter_card":"summary_large_image","twitter_misc":{"Est. reading time":"1 minute"},"schema":{"@context":"https:\/\/schema.org","@graph":[{"@type":"WebPage","@id":"https:\/\/ayore.org\/ayo\/culture\/native-songs\/pujnuine-yujnusipise-ojo\/","url":"https:\/\/ayore.org\/ayo\/culture\/native-songs\/pujnuine-yujnusipise-ojo\/","name":"Ayore\u0301ode Irade\u0301die: Yujnusipise Ojo \u2022 Ayore.org","isPartOf":{"@id":"https:\/\/ayore.org\/#website"},"datePublished":"2018-09-10T18:10:05+00:00","dateModified":"2019-03-05T02:47:04+00:00","breadcrumb":{"@id":"https:\/\/ayore.org\/ayo\/culture\/native-songs\/pujnuine-yujnusipise-ojo\/#breadcrumb"},"inLanguage":"ayo","potentialAction":[{"@type":"ReadAction","target":["https:\/\/ayore.org\/ayo\/culture\/native-songs\/pujnuine-yujnusipise-ojo\/"]}]},{"@type":"BreadcrumbList","@id":"https:\/\/ayore.org\/ayo\/culture\/native-songs\/pujnuine-yujnusipise-ojo\/#breadcrumb","itemListElement":[{"@type":"ListItem","position":1,"name":"Jogate bajai tu ude\u0301","item":"https:\/\/ayore.org\/ayo\/"},{"@type":"ListItem","position":2,"name":"Ayore\u0301ode adode, angurenone cucha ore","item":"https:\/\/ayore.org\/ayo\/culture\/"},{"@type":"ListItem","position":3,"name":"Ayore\u0301ode Irade\u0301die","item":"https:\/\/ayore.org\/ayo\/culture\/native-songs\/"},{"@type":"ListItem","position":4,"name":"Pujnuine\u0301 &#8211; Yujnusipise Ojo"}]},{"@type":"WebSite","@id":"https:\/\/ayore.org\/#website","url":"https:\/\/ayore.org\/","name":"AYOR\u00c9.ORG","description":"Ayore\u0301ode Uruode, Adode, Jnani bajade ati\u0301go ore ","potentialAction":[{"@type":"SearchAction","target":{"@type":"EntryPoint","urlTemplate":"https:\/\/ayore.org\/?s={search_term_string}"},"query-input":{"@type":"PropertyValueSpecification","valueRequired":true,"valueName":"search_term_string"}}],"inLanguage":"ayo"}]}},"_links":{"self":[{"href":"https:\/\/ayore.org\/ayo\/wp-json\/wp\/v2\/pages\/943","targetHints":{"allow":["GET"]}}],"collection":[{"href":"https:\/\/ayore.org\/ayo\/wp-json\/wp\/v2\/pages"}],"about":[{"href":"https:\/\/ayore.org\/ayo\/wp-json\/wp\/v2\/types\/page"}],"author":[{"embeddable":true,"href":"https:\/\/ayore.org\/ayo\/wp-json\/wp\/v2\/users\/2"}],"replies":[{"embeddable":true,"href":"https:\/\/ayore.org\/ayo\/wp-json\/wp\/v2\/comments?post=943"}],"version-history":[{"count":3,"href":"https:\/\/ayore.org\/ayo\/wp-json\/wp\/v2\/pages\/943\/revisions"}],"predecessor-version":[{"id":3272,"href":"https:\/\/ayore.org\/ayo\/wp-json\/wp\/v2\/pages\/943\/revisions\/3272"}],"up":[{"embeddable":true,"href":"https:\/\/ayore.org\/ayo\/wp-json\/wp\/v2\/pages\/713"}],"wp:attachment":[{"href":"https:\/\/ayore.org\/ayo\/wp-json\/wp\/v2\/media?parent=943"}],"curies":[{"name":"wp","href":"https:\/\/api.w.org\/{rel}","templated":true}]}}