{"id":901,"date":"2018-09-07T16:40:27","date_gmt":"2018-09-07T16:40:27","guid":{"rendered":"https:\/\/ayore.org\/?page_id=901"},"modified":"2019-02-28T04:05:02","modified_gmt":"2019-02-28T04:05:02","slug":"oidabiade-cucha-urosodatei","status":"publish","type":"page","link":"https:\/\/ayore.org\/ayo\/culture\/native-songs\/oidabiade-cucha-urosodatei\/","title":{"rendered":"Oida\u0301biade\u0301 &#8211; Cucha Ur\u00f5sodatei"},"content":{"rendered":"<p><strong>Ac\u00e1comi Yui Caratac<\/strong><em>\u00a0<\/em><\/p>\n<p><strong>Ying\u00f3jna \u201cCucha Ur\u00f5s\u00f3dat\u00e9i\u201d tuqu\u00e9 gotique gai to gajneri: <\/strong><\/p>\n<p>(Catec\u00e3\u0301ri Caratai)<em>\u00a0 <\/em><\/p>\n<p>\u201c<em>Cucha Ur\u00f5s\u00f3dat\u00e9i<\/em> \u00e1, j\u00e9 badi \u00edrique durasede uje que asururase paicarupe ti\u1ebdchui yirabai uqu\u00e9 durasede, ga qu\u00e9 yug\u00fasiji yebie\u0301dat\u00e9rigui. Ga u\u00f1eque dat\u00e9raque qu\u00e9 yug\u00facoji yoquebi\u00e9dat\u00e9rigui iji u\u00f1eque quig\u00e1ningo.<\/p>\n<p>\u201c<em>Cucha Ur\u00f5s\u00f3dat\u00e9i<\/em> uripiecojna\u0301, basururase y\u00e1jnape iyiejnai tuqu\u00e9 durasede. Mu uj\u00f3riguidatei ore cho cucha pimotom\u00e1ji ua iji bagachodi.<\/p>\n<p>\u201c<em>Cucha Ur\u00f5s\u00f3dat\u00e9i<\/em> \u00e1, bamatate y\u00e1jnatigo, yat\u00edgo ore. Goj\u00f1\u00e1ringo a dobi y\u00e1jnatigo, yat\u00edgo ore iji Filad\u00e9lfia cas\u00e9 gajneri enga goj\u00f1\u00e1ringo a narare gai jne enga chojningame: \u2018Yirabai ica <em>Poj\u00f3rone<\/em>, yirabai ica <em>Imeseran\u00e9<\/em> ore gajneri: Chi <em>Ijnim\u00ednay\u00e9<\/em> baque dir\u00edca. Mu <em>Cucha Ur\u00f5s\u00f3dat\u00e9i<\/em> ch\u00f3ji \u00f1ane. Ga no\u00f1\u00f3miji gat\u00e9 ga jnutaque degumito ome. Ga ore doi <em>Ijnim\u00ednay\u00e9<\/em> uje chi no\u00f1ome caratai tiji gat\u00e9. E mu jnutaque degumito ga ore chuj\u00e9.\u2019 A goj\u00f1\u00e1ringo chojninga dirome ome yirabai ica <em>Poj\u00f3rone, Imeseran\u00e9<\/em> ore.<\/p>\n<p>\u201c<em>Cucha Ur\u00f5s\u00f3dat\u00e9i<\/em> \u00e1, bamatat\u00e9 y\u00e1jnatigo, yat\u00edgo ore ome cucha dacadode y\u00faode uje yir\u00e3rare ome <em>Dosad\u00eddac\u00f3de<\/em> iji yejode. Ga yojningame <em>Dosad\u00eddac\u00f3de<\/em> iji yejode: \u2018J\u00e9 cachi que ducunire maringa, j\u00e9 ca yo yinam\u00e1ji jnacarode ore iji yejode, yujnacarode, yat\u00edgo ore iji yirosadode udore.\u2019<\/p>\n<p>\u201c<em>Cucha Ur\u00f5s\u00f3dat\u00e9i \u00e1<\/em>, a angureta j\u00f3roque ua ome yajnat\u00edgo, yat\u00edgo ore to durasedie. \u00bfQue ajna g\u00f3jni a? bab\u00e1rique iji ore. Ur\u00e9nga cuchiy\u00edode j\u00f5rai tup\u00fasu dajeque togu\u00e9odedat\u00e9i, dajeque tugur\u00e9odedat\u00e9i, yajnamenie ore dai tuqu\u00e9, <em>Dejabi<\/em> uqu\u00e9 gajneri. Yac\u00e3ra agoy\u00e9 uner\u00e9jnaja tudaque ome <em>Cucha Ur\u00f5s\u00f3dat\u00e9i<\/em> uqu\u00e9.<\/p>\n<p>\u201c<em>Cucha Ur\u00f5s\u00f3dat\u00e9i<\/em> \u00e1, arar\u00e3re iji j\u00f3roque que ome yirabai <em>Yacamai<\/em> tuqu\u00e9 que: \u2018Ga ore ojningai <em>Yacamai <\/em>gotique casirase yu iji yurug\u00faringui tud\u00e9.\u2019<\/p>\n<p>\u201cUr\u00e9nga, bamatate yirabai <em>Yacamai<\/em> uqu\u00e9 durasede. Chise pujnomei taningai uqu\u00e9 que ga goj\u00f1\u00e1ringo chojninga durasasede: \u2018Chi <em>Yacamai <\/em>e jnome caratai.\u2019<\/p>\n<p>\u201cGa yojninga: \u2018Cuchiy\u00edode j\u00f5rai tu yirabai <em>Yacamai<\/em> ut\u00e9. Cuchiy\u00edode j\u00f5rai tupo <em>Iboride<\/em> uqu\u00e9 r\u0129 ome <em>Cucha Ur\u00f5s\u00f3dat\u00e9i<\/em> uqu\u00e9.\u2019<\/p>\n<p>\u201c\u00bfQue ajna g\u00f3jni a? bab\u00e1riguiji udore ore to. <em>Cucha Ur\u00f5sodat\u00e9<\/em> \u00e1, \u00bfJ\u00e9 badi t\u00edrique que, que asururase yirabai <em>Ijnim\u00ednay\u00e9<\/em> tuqu\u00e9 durasede? Ga qu\u00e9 yug\u00fasi yebi\u00e9dat\u00e9rigui iji u\u00f1eque quigade. Cachi bajuyapise ua ome isa <em>Uragar\u00e9jnaiday\u00e9<\/em> u\u00f1eque durasede, aja <em>Mar\u00edaday\u00e9<\/em> u\u00f1eque. Que asa g\u00f3jni bej\u00f3ringome ore durasede.<\/p>\n<p>\u201cUr\u00e9nga j\u00e9 yirasiguipise y\u00e1jnat\u00edgo, yaman\u00edngo ore durasede ome <em>Cucha Ur\u00f5s\u00f3dat\u00e9i<\/em> uqu\u00e9. <em>Cucha Ur\u00f5s\u00f3dat\u00e9i <\/em>tuqu\u00e9 gotique, uje ore chajnangarase <em>Cucha Ur\u00f5s\u00f3dat\u00e9i<\/em> tuqu\u00e9 aja darosadode durasede.<\/p>\n<p>\u201cOre chopise cucha iyi\u00e9guiji ua durasede ga que ore chiraja tij\u00f3ringome ua. Cachi bajuyapise ua ome ore. Bamatate yat\u00edgo, yajnat\u00edgo ore. <em>Cucha Ur\u00f5s\u00f3dat\u00e9i<\/em> \u00e1, chise y\u00e1qui ar\u00f3jnaringo nanique ga chi j\u00e9 ca picasite ua nanique ga chi ca bacasing\u00f3nique ujn\u00e1jna nanique. Ur\u00e9nga y\u00e1jnat\u00edgo, yat\u00edgo ore chopise cucha iyi\u00e9guiji ua durasede. Ga j\u00e9 u uje ore chajnangarasipise ua aja dejode durasede.\u201d<\/p>\n<p>Yiya jne.<\/p>\n<p><em>Oid\u00e1biad\u00e9 \u2013 Campo Loro, Paraguay<\/em><em> \u2013 1988<\/em>.<\/p>\n<p><em>Marina de Morarie chur\u00fas\u00e3re Oida\u0301biade\u0301 atatagode udojo nanique.<\/em><\/p>\n<div class=\"navigation\"><div class=\"alignleft\"><a href=\"https:\/\/ayore.org\/ayo\/culture\/native-songs\/\"title=\"Ayore\u0301ode Irade\u0301die\"><img loading=\"lazy\" decoding=\"async\" src=\"https:\/\/ayore.org\/wp-content\/uploads\/2018\/10\/left-arrow.png\" width=\"50\" height=\"48\" alt=\"left arrow\"><\/a><\/div><div class=\"alignright\"><a href=\"https:\/\/ayore.org\/ayo\/culture\/native-songs\/igarubidate-achachagudode-ome-dajnami-uje-chuje-caratai\/\"title=\"Igarubi\u0301date\u0301 &#8211; Igarubidat\u00e9 achachag\u00fadode ome d\u00e1jnami uje chuj\u00e9 caratai\"><img loading=\"lazy\" decoding=\"async\" src=\"https:\/\/ayore.org\/wp-content\/uploads\/2018\/10\/right-arrow.png\" width=\"50\" height=\"48\" alt=\"right arrow\"><\/a><\/div>\n","protected":false},"excerpt":{"rendered":"<p>Ac\u00e1comi Yui Caratac\u00a0 Ying\u00f3jna \u201cCucha Ur\u00f5s\u00f3dat\u00e9i\u201d tuqu\u00e9 gotique gai to gajneri: (Catec\u00e3\u0301ri Caratai)\u00a0 \u201cCucha Ur\u00f5s\u00f3dat\u00e9i \u00e1, j\u00e9 badi \u00edrique durasede uje que asururase paicarupe ti\u1ebdchui yirabai uqu\u00e9 durasede, ga qu\u00e9 yug\u00fasiji yebie\u0301dat\u00e9rigui. Ga u\u00f1eque dat\u00e9raque qu\u00e9 yug\u00facoji yoquebi\u00e9dat\u00e9rigui iji u\u00f1eque<\/p>\n","protected":false},"author":2,"featured_media":0,"parent":713,"menu_order":0,"comment_status":"closed","ping_status":"closed","template":"","meta":{"footnotes":""},"class_list":["post-901","page","type-page","status-publish","hentry"],"yoast_head":"<!-- This site is optimized with the Yoast SEO plugin v27.4 - https:\/\/yoast.com\/product\/yoast-seo-wordpress\/ -->\n<title>Ayore\u0301ode Irade\u0301die: Cucha Ur\u00f5sodatei \u2022 Ayore.org<\/title>\n<meta name=\"robots\" content=\"index, follow, max-snippet:-1, max-image-preview:large, max-video-preview:-1\" \/>\n<link rel=\"canonical\" href=\"https:\/\/ayore.org\/ayo\/culture\/native-songs\/oidabiade-cucha-urosodatei\/\" \/>\n<meta property=\"og:locale\" content=\"en_US\" \/>\n<meta property=\"og:type\" content=\"article\" \/>\n<meta property=\"og:title\" content=\"Ayore\u0301ode Irade\u0301die: Cucha Ur\u00f5sodatei \u2022 Ayore.org\" \/>\n<meta property=\"og:description\" content=\"Ac\u00e1comi Yui Caratac\u00a0 Ying\u00f3jna \u201cCucha Ur\u00f5s\u00f3dat\u00e9i\u201d tuqu\u00e9 gotique gai to gajneri: (Catec\u00e3\u0301ri Caratai)\u00a0 \u201cCucha Ur\u00f5s\u00f3dat\u00e9i \u00e1, j\u00e9 badi \u00edrique durasede uje que asururase paicarupe ti\u1ebdchui yirabai uqu\u00e9 durasede, ga qu\u00e9 yug\u00fasiji yebie\u0301dat\u00e9rigui. Ga u\u00f1eque dat\u00e9raque qu\u00e9 yug\u00facoji yoquebi\u00e9dat\u00e9rigui iji u\u00f1eque\" \/>\n<meta property=\"og:url\" content=\"https:\/\/ayore.org\/ayo\/culture\/native-songs\/oidabiade-cucha-urosodatei\/\" \/>\n<meta property=\"og:site_name\" content=\"AYOR\u00c9.ORG\" \/>\n<meta property=\"article:modified_time\" content=\"2019-02-28T04:05:02+00:00\" \/>\n<meta name=\"twitter:card\" content=\"summary_large_image\" \/>\n<meta name=\"twitter:label1\" content=\"Est. reading time\" \/>\n\t<meta name=\"twitter:data1\" content=\"3 minutes\" \/>\n<script type=\"application\/ld+json\" class=\"yoast-schema-graph\">{\"@context\":\"https:\\\/\\\/schema.org\",\"@graph\":[{\"@type\":\"WebPage\",\"@id\":\"https:\\\/\\\/ayore.org\\\/ayo\\\/culture\\\/native-songs\\\/oidabiade-cucha-urosodatei\\\/\",\"url\":\"https:\\\/\\\/ayore.org\\\/ayo\\\/culture\\\/native-songs\\\/oidabiade-cucha-urosodatei\\\/\",\"name\":\"Ayore\u0301ode Irade\u0301die: Cucha Ur\u00f5sodatei \u2022 Ayore.org\",\"isPartOf\":{\"@id\":\"https:\\\/\\\/ayore.org\\\/#website\"},\"datePublished\":\"2018-09-07T16:40:27+00:00\",\"dateModified\":\"2019-02-28T04:05:02+00:00\",\"breadcrumb\":{\"@id\":\"https:\\\/\\\/ayore.org\\\/ayo\\\/culture\\\/native-songs\\\/oidabiade-cucha-urosodatei\\\/#breadcrumb\"},\"inLanguage\":\"ayo\",\"potentialAction\":[{\"@type\":\"ReadAction\",\"target\":[\"https:\\\/\\\/ayore.org\\\/ayo\\\/culture\\\/native-songs\\\/oidabiade-cucha-urosodatei\\\/\"]}]},{\"@type\":\"BreadcrumbList\",\"@id\":\"https:\\\/\\\/ayore.org\\\/ayo\\\/culture\\\/native-songs\\\/oidabiade-cucha-urosodatei\\\/#breadcrumb\",\"itemListElement\":[{\"@type\":\"ListItem\",\"position\":1,\"name\":\"Jogate bajai tu ude\u0301\",\"item\":\"https:\\\/\\\/ayore.org\\\/ayo\\\/\"},{\"@type\":\"ListItem\",\"position\":2,\"name\":\"Ayore\u0301ode adode, angurenone cucha ore\",\"item\":\"https:\\\/\\\/ayore.org\\\/ayo\\\/culture\\\/\"},{\"@type\":\"ListItem\",\"position\":3,\"name\":\"Ayore\u0301ode Irade\u0301die\",\"item\":\"https:\\\/\\\/ayore.org\\\/ayo\\\/culture\\\/native-songs\\\/\"},{\"@type\":\"ListItem\",\"position\":4,\"name\":\"Oida\u0301biade\u0301 &#8211; Cucha Ur\u00f5sodatei\"}]},{\"@type\":\"WebSite\",\"@id\":\"https:\\\/\\\/ayore.org\\\/#website\",\"url\":\"https:\\\/\\\/ayore.org\\\/\",\"name\":\"AYOR\u00c9.ORG\",\"description\":\"Ayore\u0301ode Uruode, Adode, Jnani bajade ati\u0301go ore \",\"potentialAction\":[{\"@type\":\"SearchAction\",\"target\":{\"@type\":\"EntryPoint\",\"urlTemplate\":\"https:\\\/\\\/ayore.org\\\/?s={search_term_string}\"},\"query-input\":{\"@type\":\"PropertyValueSpecification\",\"valueRequired\":true,\"valueName\":\"search_term_string\"}}],\"inLanguage\":\"ayo\"}]}<\/script>\n<!-- \/ Yoast SEO plugin. -->","yoast_head_json":{"title":"Ayore\u0301ode Irade\u0301die: Cucha Ur\u00f5sodatei \u2022 Ayore.org","robots":{"index":"index","follow":"follow","max-snippet":"max-snippet:-1","max-image-preview":"max-image-preview:large","max-video-preview":"max-video-preview:-1"},"canonical":"https:\/\/ayore.org\/ayo\/culture\/native-songs\/oidabiade-cucha-urosodatei\/","og_locale":"en_US","og_type":"article","og_title":"Ayore\u0301ode Irade\u0301die: Cucha Ur\u00f5sodatei \u2022 Ayore.org","og_description":"Ac\u00e1comi Yui Caratac\u00a0 Ying\u00f3jna \u201cCucha Ur\u00f5s\u00f3dat\u00e9i\u201d tuqu\u00e9 gotique gai to gajneri: (Catec\u00e3\u0301ri Caratai)\u00a0 \u201cCucha Ur\u00f5s\u00f3dat\u00e9i \u00e1, j\u00e9 badi \u00edrique durasede uje que asururase paicarupe ti\u1ebdchui yirabai uqu\u00e9 durasede, ga qu\u00e9 yug\u00fasiji yebie\u0301dat\u00e9rigui. Ga u\u00f1eque dat\u00e9raque qu\u00e9 yug\u00facoji yoquebi\u00e9dat\u00e9rigui iji u\u00f1eque","og_url":"https:\/\/ayore.org\/ayo\/culture\/native-songs\/oidabiade-cucha-urosodatei\/","og_site_name":"AYOR\u00c9.ORG","article_modified_time":"2019-02-28T04:05:02+00:00","twitter_card":"summary_large_image","twitter_misc":{"Est. reading time":"3 minutes"},"schema":{"@context":"https:\/\/schema.org","@graph":[{"@type":"WebPage","@id":"https:\/\/ayore.org\/ayo\/culture\/native-songs\/oidabiade-cucha-urosodatei\/","url":"https:\/\/ayore.org\/ayo\/culture\/native-songs\/oidabiade-cucha-urosodatei\/","name":"Ayore\u0301ode Irade\u0301die: Cucha Ur\u00f5sodatei \u2022 Ayore.org","isPartOf":{"@id":"https:\/\/ayore.org\/#website"},"datePublished":"2018-09-07T16:40:27+00:00","dateModified":"2019-02-28T04:05:02+00:00","breadcrumb":{"@id":"https:\/\/ayore.org\/ayo\/culture\/native-songs\/oidabiade-cucha-urosodatei\/#breadcrumb"},"inLanguage":"ayo","potentialAction":[{"@type":"ReadAction","target":["https:\/\/ayore.org\/ayo\/culture\/native-songs\/oidabiade-cucha-urosodatei\/"]}]},{"@type":"BreadcrumbList","@id":"https:\/\/ayore.org\/ayo\/culture\/native-songs\/oidabiade-cucha-urosodatei\/#breadcrumb","itemListElement":[{"@type":"ListItem","position":1,"name":"Jogate bajai tu ude\u0301","item":"https:\/\/ayore.org\/ayo\/"},{"@type":"ListItem","position":2,"name":"Ayore\u0301ode adode, angurenone cucha ore","item":"https:\/\/ayore.org\/ayo\/culture\/"},{"@type":"ListItem","position":3,"name":"Ayore\u0301ode Irade\u0301die","item":"https:\/\/ayore.org\/ayo\/culture\/native-songs\/"},{"@type":"ListItem","position":4,"name":"Oida\u0301biade\u0301 &#8211; Cucha Ur\u00f5sodatei"}]},{"@type":"WebSite","@id":"https:\/\/ayore.org\/#website","url":"https:\/\/ayore.org\/","name":"AYOR\u00c9.ORG","description":"Ayore\u0301ode Uruode, Adode, Jnani bajade ati\u0301go ore ","potentialAction":[{"@type":"SearchAction","target":{"@type":"EntryPoint","urlTemplate":"https:\/\/ayore.org\/?s={search_term_string}"},"query-input":{"@type":"PropertyValueSpecification","valueRequired":true,"valueName":"search_term_string"}}],"inLanguage":"ayo"}]}},"_links":{"self":[{"href":"https:\/\/ayore.org\/ayo\/wp-json\/wp\/v2\/pages\/901","targetHints":{"allow":["GET"]}}],"collection":[{"href":"https:\/\/ayore.org\/ayo\/wp-json\/wp\/v2\/pages"}],"about":[{"href":"https:\/\/ayore.org\/ayo\/wp-json\/wp\/v2\/types\/page"}],"author":[{"embeddable":true,"href":"https:\/\/ayore.org\/ayo\/wp-json\/wp\/v2\/users\/2"}],"replies":[{"embeddable":true,"href":"https:\/\/ayore.org\/ayo\/wp-json\/wp\/v2\/comments?post=901"}],"version-history":[{"count":3,"href":"https:\/\/ayore.org\/ayo\/wp-json\/wp\/v2\/pages\/901\/revisions"}],"predecessor-version":[{"id":3160,"href":"https:\/\/ayore.org\/ayo\/wp-json\/wp\/v2\/pages\/901\/revisions\/3160"}],"up":[{"embeddable":true,"href":"https:\/\/ayore.org\/ayo\/wp-json\/wp\/v2\/pages\/713"}],"wp:attachment":[{"href":"https:\/\/ayore.org\/ayo\/wp-json\/wp\/v2\/media?parent=901"}],"curies":[{"name":"wp","href":"https:\/\/api.w.org\/{rel}","templated":true}]}}