{"id":899,"date":"2018-09-07T16:37:13","date_gmt":"2018-09-07T16:37:13","guid":{"rendered":"https:\/\/ayore.org\/?page_id=899"},"modified":"2019-02-27T21:05:14","modified_gmt":"2019-02-27T21:05:14","slug":"igarubidate-achachagudode-ome-dajnami-uje-chuje-caratai","status":"publish","type":"page","link":"https:\/\/ayore.org\/ayo\/culture\/native-songs\/igarubidate-achachagudode-ome-dajnami-uje-chuje-caratai\/","title":{"rendered":"Igarubi\u0301date\u0301 &#8211; Igarubidat\u00e9 achachag\u00fadode ome d\u00e1jnami uje chuj\u00e9 caratai"},"content":{"rendered":"<p><strong>Igarubidat\u00e9 Igorigu\u00e9ode<\/strong><\/p>\n<p><em>\u00a0(<\/em><em>Igarubidat\u00e9 <\/em>achachag\u00fagode u. J\u00e9 basa ga <em>Jnurumini<\/em> u j\u00fadi.)<\/p>\n<p><em><strong>Igarubi\u0301date\u0301 chojninga:<\/strong><\/em><\/p>\n<p>E yirasiguipise y\u00e1jnami *<em>Ijniminay\u00e9<\/em> uqu\u00e9 que\u2019.<\/p>\n<p><strong><em>Igarubidat\u00e9 \u00a0cho caratai iji re enga chojninga:<\/em><\/strong><\/p>\n<p>\u201c\u00bfJ\u00e9 got\u00edguipie, que yagu que ga que yug\u00fasi yebi\u00e9dat\u00e9rigui?\u201d<\/p>\n<p><strong><em>Igarubidat\u00e9 chicota d\u00e1jnamone:<\/em><\/strong><\/p>\n<p>J\u00e9 yirasiguipise y\u00e1jnatigo ore ome carataque-chag\u00faode-dat\u00e9 uaqu\u00e9.<\/p>\n<p><strong><em>Igarubidat\u00e9 cateca\u0303\u0301ri caratai enga chojningame:<\/em><\/strong><\/p>\n<p>\u00a1Carataquechagu\u00e1! \u00c3riji ga ap\u00e9su yuj\u00f1arinie yoquijm\u00e1taringuejn\u00e1i! Chi babose yocai nanique, mu bapesute gajnarenguipi\u0301si ut\u00e9 u uje e que yujnus\u00ednangopo yocai ut\u00e9 ri\u0303. Uhua u uje bap\u00e9su yoquijm\u00e1taringu\u00e9one nanique.<\/p>\n<p><strong><em>Igarubidat\u00e9 \u00a0chojninga:<\/em><\/strong><\/p>\n<p>\u00bfJ\u00e9 got\u00edguipie uje yujo casid\u00e9 gata ore cho j\u00f5ro ome caratai? \u00bfJ\u00e9 got\u00edguipie uje yujo casid\u00e9 gata ore ch\u00e1guena <em>cucha ur\u00f5s\u00f3dat\u00e9i<\/em> u\u00f1ai gai?<\/p>\n<p>J\u00e9 yirasiguipise yocur\u00e1sai coj\u00f1oque imocar\u00e3que <em>Luis<\/em> uqu\u00e9 uje n\u00f3na <em>Ac\u00e1comi<\/em> dir\u00edca, enga u uje chingu\u00edra <em>Ac\u00e1comi<\/em> yui <em>cucha ur\u00f5sodat\u00e9<\/em>. Chingu\u00edra <em>Ac\u00e1comi<\/em> yui <em>cucha ur\u00f5s\u00f3dat\u00e9i<\/em> aja jnumi ome daboca.<\/p>\n<p>Yirasiguip\u00edsi upo yape u\u00f1ai <em>Dejabi <\/em>uqu\u00e9 ri\u0303 uje chingu\u00edra <em>cucha ur\u00f5s\u00f3dat\u00e9i<\/em> <em>\u00a1t\u00fagaja!<\/em> jnumi durasede. U\u00f1eque chingu\u00edra cucha ur\u00f5sodatedie u\u00f1a aja jnumi ome dajorane ore que.\u201d<\/p>\n<p>J\u00e9 upo ri\u0303 ga \u201cdutu\u00e9 a pita,\u201d <em>Ijniminat\u00e9<\/em> uaqu\u00e9, doi ga irasiguipise dabai, y\u00e1jnape <em>Ijnimin\u00e9<\/em> uqu\u00e9.<\/p>\n<p><strong><em>Igarubidat\u00e9 cateca\u0303\u0301ri caratai:<\/em><\/strong><\/p>\n<p>J\u00e9 upo ga qu\u00e9 baj\u00e9o jeta yug\u00fasiji yebi\u00e9dat\u00e9rigui ri\u0303 ome \u2018jnu upo\u2019 dequed\u00f3jnari.<\/p>\n<p><strong><em>Igarubidat\u00e9 \u00a0chojninga:<\/em><\/strong><\/p>\n<p>Y\u00e1jnape <em>Ac\u00e1comi<\/em> uqu\u00e9 \u00e1tedat\u00e9 uqu\u00e9 ome <em>cucha ur\u00f5sodedat\u00e9 uaqu\u00e9.<\/em><\/p>\n<p><strong><em>Igarubidat\u00e9 cateca\u0303\u0301ri \u2018dir\u00e1bia\u2019 enga chojninga:<\/em><\/strong><\/p>\n<p>\u201c\u00a1Dir\u00e1bi\u00e1! aguit\u00f3ji gadoi iji duru\u00f1eque ga chug\u00fape\u0303re-chag\u00faode ji\u0303raque tagu ut\u00e9 arione ga ore chijnime pujn\u00faone ga ore chisi \u00f1ane iji uje chajningar\u00e1saja dejode.<\/p>\n<p><em><strong>Igarubidat\u00e9 \u00a0chojninga:<\/strong><\/em><\/p>\n<p>\u201cE yininap\u00fasu tupo<em> \u2018pojn\u00e1tique\u2019<\/em> yape ri\u0303, <em>Dejabi<\/em> ore. \u00a1Ur\u00e9nga, j\u00e9 ore p\u00e9sup\u00fasu yininaqu\u00e9ode! Uje ore chingu\u00edra <em>cucha ur\u00f5sodat\u00e9<\/em> aja jnumi.\u201d<\/p>\n<p>\u201cJ\u00e9 yajire yu ome y\u00e1jnatigo jnacare ore que, uje yirasiguipise y\u00e1jnami <em>Datur\u00e1jnai<\/em>, <em>Lu\u00eds<\/em> ore gachidode tamoco ome cutejmane ore or\u00e1so uje ore chuj\u00e9 carataque-chagui uqu\u00e9.\u201d<\/p>\n<p>Yiya jne.<\/p>\n<p><strong>\u00a0<\/strong><\/p>\n<p><em>Igarubidate \u2013 Campo Loro, Paraguay \u2013 1988.<\/em><\/p>\n<p><em>Marina de Morarie chur\u00fas\u00e3re Igarubidat\u00e9 igorigu\u00e9ode nanique.<\/em><\/p>\n<div class=\"navigation\"><div class=\"alignleft\"><a href=\"https:\/\/ayore.org\/ayo\/culture\/native-songs\/oidabiade-cucha-urosodatei\/\"title=\"Oida\u0301biade\u0301 &#8211; Cucha Ur\u00f5sodatei\"><img loading=\"lazy\" decoding=\"async\" src=\"https:\/\/ayore.org\/wp-content\/uploads\/2018\/10\/left-arrow.png\" width=\"50\" height=\"48\" alt=\"left arrow\"><\/a><\/div><div class=\"alignright\"><a href=\"https:\/\/ayore.org\/ayo\/culture\/native-songs\/aliciade-chedo-dajesudie-diyeque-quedejna\/\"title=\"Guebe\u0301jnane\u0301 &#8211; Al\u00edciad\u00e9 chedo dajesudie diyeque qued\u00e9jna\"><img loading=\"lazy\" decoding=\"async\" src=\"https:\/\/ayore.org\/wp-content\/uploads\/2018\/10\/right-arrow.png\" width=\"50\" height=\"48\" alt=\"right arrow\"><\/a><\/div>\n","protected":false},"excerpt":{"rendered":"<p>Igarubidat\u00e9 Igorigu\u00e9ode \u00a0(Igarubidat\u00e9 achachag\u00fagode u. J\u00e9 basa ga Jnurumini u j\u00fadi.) Igarubi\u0301date\u0301 chojninga: E yirasiguipise y\u00e1jnami *Ijniminay\u00e9 uqu\u00e9 que\u2019. Igarubidat\u00e9 \u00a0cho caratai iji re enga chojninga: \u201c\u00bfJ\u00e9 got\u00edguipie, que yagu que ga que yug\u00fasi yebi\u00e9dat\u00e9rigui?\u201d Igarubidat\u00e9 chicota d\u00e1jnamone: J\u00e9 yirasiguipise<\/p>\n","protected":false},"author":2,"featured_media":0,"parent":713,"menu_order":0,"comment_status":"closed","ping_status":"closed","template":"","meta":{"footnotes":""},"class_list":["post-899","page","type-page","status-publish","hentry"],"yoast_head":"<!-- This site is optimized with the Yoast SEO plugin v27.4 - https:\/\/yoast.com\/product\/yoast-seo-wordpress\/ -->\n<title>Ayore\u0301ode Irade\u0301die: Igarubidat\u00e9 Achachag\u00fadode Ome D\u00e1jnami Uje Chuj\u00e9 Caratai \u2022 Ayore.org<\/title>\n<meta name=\"robots\" content=\"index, follow, max-snippet:-1, max-image-preview:large, max-video-preview:-1\" \/>\n<link rel=\"canonical\" href=\"https:\/\/ayore.org\/ayo\/culture\/native-songs\/igarubidate-achachagudode-ome-dajnami-uje-chuje-caratai\/\" \/>\n<meta property=\"og:locale\" content=\"en_US\" \/>\n<meta property=\"og:type\" content=\"article\" \/>\n<meta property=\"og:title\" content=\"Ayore\u0301ode Irade\u0301die: Igarubidat\u00e9 Achachag\u00fadode Ome D\u00e1jnami Uje Chuj\u00e9 Caratai \u2022 Ayore.org\" \/>\n<meta property=\"og:description\" content=\"Igarubidat\u00e9 Igorigu\u00e9ode \u00a0(Igarubidat\u00e9 achachag\u00fagode u. J\u00e9 basa ga Jnurumini u j\u00fadi.) Igarubi\u0301date\u0301 chojninga: E yirasiguipise y\u00e1jnami *Ijniminay\u00e9 uqu\u00e9 que\u2019. Igarubidat\u00e9 \u00a0cho caratai iji re enga chojninga: \u201c\u00bfJ\u00e9 got\u00edguipie, que yagu que ga que yug\u00fasi yebi\u00e9dat\u00e9rigui?\u201d Igarubidat\u00e9 chicota d\u00e1jnamone: J\u00e9 yirasiguipise\" \/>\n<meta property=\"og:url\" content=\"https:\/\/ayore.org\/ayo\/culture\/native-songs\/igarubidate-achachagudode-ome-dajnami-uje-chuje-caratai\/\" \/>\n<meta property=\"og:site_name\" content=\"AYOR\u00c9.ORG\" \/>\n<meta property=\"article:modified_time\" content=\"2019-02-27T21:05:14+00:00\" \/>\n<meta name=\"twitter:card\" content=\"summary_large_image\" \/>\n<meta name=\"twitter:label1\" content=\"Est. reading time\" \/>\n\t<meta name=\"twitter:data1\" content=\"2 minutes\" \/>\n<script type=\"application\/ld+json\" class=\"yoast-schema-graph\">{\"@context\":\"https:\\\/\\\/schema.org\",\"@graph\":[{\"@type\":\"WebPage\",\"@id\":\"https:\\\/\\\/ayore.org\\\/ayo\\\/culture\\\/native-songs\\\/igarubidate-achachagudode-ome-dajnami-uje-chuje-caratai\\\/\",\"url\":\"https:\\\/\\\/ayore.org\\\/ayo\\\/culture\\\/native-songs\\\/igarubidate-achachagudode-ome-dajnami-uje-chuje-caratai\\\/\",\"name\":\"Ayore\u0301ode Irade\u0301die: Igarubidat\u00e9 Achachag\u00fadode Ome D\u00e1jnami Uje Chuj\u00e9 Caratai \u2022 Ayore.org\",\"isPartOf\":{\"@id\":\"https:\\\/\\\/ayore.org\\\/#website\"},\"datePublished\":\"2018-09-07T16:37:13+00:00\",\"dateModified\":\"2019-02-27T21:05:14+00:00\",\"breadcrumb\":{\"@id\":\"https:\\\/\\\/ayore.org\\\/ayo\\\/culture\\\/native-songs\\\/igarubidate-achachagudode-ome-dajnami-uje-chuje-caratai\\\/#breadcrumb\"},\"inLanguage\":\"ayo\",\"potentialAction\":[{\"@type\":\"ReadAction\",\"target\":[\"https:\\\/\\\/ayore.org\\\/ayo\\\/culture\\\/native-songs\\\/igarubidate-achachagudode-ome-dajnami-uje-chuje-caratai\\\/\"]}]},{\"@type\":\"BreadcrumbList\",\"@id\":\"https:\\\/\\\/ayore.org\\\/ayo\\\/culture\\\/native-songs\\\/igarubidate-achachagudode-ome-dajnami-uje-chuje-caratai\\\/#breadcrumb\",\"itemListElement\":[{\"@type\":\"ListItem\",\"position\":1,\"name\":\"Jogate bajai tu ude\u0301\",\"item\":\"https:\\\/\\\/ayore.org\\\/ayo\\\/\"},{\"@type\":\"ListItem\",\"position\":2,\"name\":\"Ayore\u0301ode adode, angurenone cucha ore\",\"item\":\"https:\\\/\\\/ayore.org\\\/ayo\\\/culture\\\/\"},{\"@type\":\"ListItem\",\"position\":3,\"name\":\"Ayore\u0301ode Irade\u0301die\",\"item\":\"https:\\\/\\\/ayore.org\\\/ayo\\\/culture\\\/native-songs\\\/\"},{\"@type\":\"ListItem\",\"position\":4,\"name\":\"Igarubi\u0301date\u0301 &#8211; Igarubidat\u00e9 achachag\u00fadode ome d\u00e1jnami uje chuj\u00e9 caratai\"}]},{\"@type\":\"WebSite\",\"@id\":\"https:\\\/\\\/ayore.org\\\/#website\",\"url\":\"https:\\\/\\\/ayore.org\\\/\",\"name\":\"AYOR\u00c9.ORG\",\"description\":\"Ayore\u0301ode Uruode, Adode, Jnani bajade ati\u0301go ore \",\"potentialAction\":[{\"@type\":\"SearchAction\",\"target\":{\"@type\":\"EntryPoint\",\"urlTemplate\":\"https:\\\/\\\/ayore.org\\\/?s={search_term_string}\"},\"query-input\":{\"@type\":\"PropertyValueSpecification\",\"valueRequired\":true,\"valueName\":\"search_term_string\"}}],\"inLanguage\":\"ayo\"}]}<\/script>\n<!-- \/ Yoast SEO plugin. -->","yoast_head_json":{"title":"Ayore\u0301ode Irade\u0301die: Igarubidat\u00e9 Achachag\u00fadode Ome D\u00e1jnami Uje Chuj\u00e9 Caratai \u2022 Ayore.org","robots":{"index":"index","follow":"follow","max-snippet":"max-snippet:-1","max-image-preview":"max-image-preview:large","max-video-preview":"max-video-preview:-1"},"canonical":"https:\/\/ayore.org\/ayo\/culture\/native-songs\/igarubidate-achachagudode-ome-dajnami-uje-chuje-caratai\/","og_locale":"en_US","og_type":"article","og_title":"Ayore\u0301ode Irade\u0301die: Igarubidat\u00e9 Achachag\u00fadode Ome D\u00e1jnami Uje Chuj\u00e9 Caratai \u2022 Ayore.org","og_description":"Igarubidat\u00e9 Igorigu\u00e9ode \u00a0(Igarubidat\u00e9 achachag\u00fagode u. J\u00e9 basa ga Jnurumini u j\u00fadi.) Igarubi\u0301date\u0301 chojninga: E yirasiguipise y\u00e1jnami *Ijniminay\u00e9 uqu\u00e9 que\u2019. Igarubidat\u00e9 \u00a0cho caratai iji re enga chojninga: \u201c\u00bfJ\u00e9 got\u00edguipie, que yagu que ga que yug\u00fasi yebi\u00e9dat\u00e9rigui?\u201d Igarubidat\u00e9 chicota d\u00e1jnamone: J\u00e9 yirasiguipise","og_url":"https:\/\/ayore.org\/ayo\/culture\/native-songs\/igarubidate-achachagudode-ome-dajnami-uje-chuje-caratai\/","og_site_name":"AYOR\u00c9.ORG","article_modified_time":"2019-02-27T21:05:14+00:00","twitter_card":"summary_large_image","twitter_misc":{"Est. reading time":"2 minutes"},"schema":{"@context":"https:\/\/schema.org","@graph":[{"@type":"WebPage","@id":"https:\/\/ayore.org\/ayo\/culture\/native-songs\/igarubidate-achachagudode-ome-dajnami-uje-chuje-caratai\/","url":"https:\/\/ayore.org\/ayo\/culture\/native-songs\/igarubidate-achachagudode-ome-dajnami-uje-chuje-caratai\/","name":"Ayore\u0301ode Irade\u0301die: Igarubidat\u00e9 Achachag\u00fadode Ome D\u00e1jnami Uje Chuj\u00e9 Caratai \u2022 Ayore.org","isPartOf":{"@id":"https:\/\/ayore.org\/#website"},"datePublished":"2018-09-07T16:37:13+00:00","dateModified":"2019-02-27T21:05:14+00:00","breadcrumb":{"@id":"https:\/\/ayore.org\/ayo\/culture\/native-songs\/igarubidate-achachagudode-ome-dajnami-uje-chuje-caratai\/#breadcrumb"},"inLanguage":"ayo","potentialAction":[{"@type":"ReadAction","target":["https:\/\/ayore.org\/ayo\/culture\/native-songs\/igarubidate-achachagudode-ome-dajnami-uje-chuje-caratai\/"]}]},{"@type":"BreadcrumbList","@id":"https:\/\/ayore.org\/ayo\/culture\/native-songs\/igarubidate-achachagudode-ome-dajnami-uje-chuje-caratai\/#breadcrumb","itemListElement":[{"@type":"ListItem","position":1,"name":"Jogate bajai tu ude\u0301","item":"https:\/\/ayore.org\/ayo\/"},{"@type":"ListItem","position":2,"name":"Ayore\u0301ode adode, angurenone cucha ore","item":"https:\/\/ayore.org\/ayo\/culture\/"},{"@type":"ListItem","position":3,"name":"Ayore\u0301ode Irade\u0301die","item":"https:\/\/ayore.org\/ayo\/culture\/native-songs\/"},{"@type":"ListItem","position":4,"name":"Igarubi\u0301date\u0301 &#8211; Igarubidat\u00e9 achachag\u00fadode ome d\u00e1jnami uje chuj\u00e9 caratai"}]},{"@type":"WebSite","@id":"https:\/\/ayore.org\/#website","url":"https:\/\/ayore.org\/","name":"AYOR\u00c9.ORG","description":"Ayore\u0301ode Uruode, Adode, Jnani bajade ati\u0301go ore ","potentialAction":[{"@type":"SearchAction","target":{"@type":"EntryPoint","urlTemplate":"https:\/\/ayore.org\/?s={search_term_string}"},"query-input":{"@type":"PropertyValueSpecification","valueRequired":true,"valueName":"search_term_string"}}],"inLanguage":"ayo"}]}},"_links":{"self":[{"href":"https:\/\/ayore.org\/ayo\/wp-json\/wp\/v2\/pages\/899","targetHints":{"allow":["GET"]}}],"collection":[{"href":"https:\/\/ayore.org\/ayo\/wp-json\/wp\/v2\/pages"}],"about":[{"href":"https:\/\/ayore.org\/ayo\/wp-json\/wp\/v2\/types\/page"}],"author":[{"embeddable":true,"href":"https:\/\/ayore.org\/ayo\/wp-json\/wp\/v2\/users\/2"}],"replies":[{"embeddable":true,"href":"https:\/\/ayore.org\/ayo\/wp-json\/wp\/v2\/comments?post=899"}],"version-history":[{"count":4,"href":"https:\/\/ayore.org\/ayo\/wp-json\/wp\/v2\/pages\/899\/revisions"}],"predecessor-version":[{"id":3154,"href":"https:\/\/ayore.org\/ayo\/wp-json\/wp\/v2\/pages\/899\/revisions\/3154"}],"up":[{"embeddable":true,"href":"https:\/\/ayore.org\/ayo\/wp-json\/wp\/v2\/pages\/713"}],"wp:attachment":[{"href":"https:\/\/ayore.org\/ayo\/wp-json\/wp\/v2\/media?parent=899"}],"curies":[{"name":"wp","href":"https:\/\/api.w.org\/{rel}","templated":true}]}}