{"id":897,"date":"2018-09-07T16:31:37","date_gmt":"2018-09-07T16:31:37","guid":{"rendered":"https:\/\/ayore.org\/?page_id=897"},"modified":"2019-02-27T19:29:46","modified_gmt":"2019-02-27T19:29:46","slug":"aliciade-chedo-dajesudie-diyeque-quedejna","status":"publish","type":"page","link":"https:\/\/ayore.org\/ayo\/culture\/native-songs\/aliciade-chedo-dajesudie-diyeque-quedejna\/","title":{"rendered":"Guebe\u0301jnane\u0301 &#8211; Al\u00edciad\u00e9 chedo dajesudie diyeque qued\u00e9jna"},"content":{"rendered":"<p><strong>Aliciad\u00e9 Iradedie Quigode<\/strong><\/p>\n<p><strong><em>Guibe\u0301jnane\u0301 chojninga: Al\u00edciad\u00e9 chij\u00f1ec\u00e1riji \u2013 chij\u00f1ec\u00e1raja daquesugode bajutase: <\/em><\/strong><strong><em>chedo dajesudie diyequ\u00e9 qued\u00e9jna:<\/em><\/strong><em>\u00a0\u00a0\u00a0\u00a0\u00a0\u00a0 <\/em><\/p>\n<p><em>Aliciad\u00e9<\/em> chojninga: \u201cYiabi yaquesugode unojo enga yij\u00f1ec\u00e1raja. Yedobu yajesudie diyequ\u00e9 qued\u00e9jna.\u201d<\/p>\n<p><strong><em>Guibe\u0301jnane\u0301 chojninga: Al\u00edciad\u00e9 pota ore jnese gu, gapudie. Chajuque dajei ome ore:<\/em><\/strong><\/p>\n<p>Ali\u0301ciade\u0301 chojninga: Yo j\u00f3roque cucha pajug\u00faguiji yu, yajesudie diyequ\u00e9 ore j\u00f5. Yipetique n\u00f3na ore jnese j\u00f5. Yipetique n\u00f3nar\u00e1sa yijnam\u00eda (mi hermanita \u2013\u00a0 y\u0129carai u ome yacot\u00e9). Yuh\u00e9cha u\u00f1eque n\u00f3nar\u00e1sa yimochade. Yipeque u\u00f1eque can\u00e1rase iji gat\u00e9 yui.<\/p>\n<p><strong><em>Guibe\u0301jnane\u0301 chojninga: Al\u00edciad\u00e9 chopo chug\u00fape\u0303re ch\u00f3guiji re ri\u0303 ome Ipesud\u00eddat\u00e1bia:<\/em><\/strong><\/p>\n<p>Ali\u0301ciade\u0301 chojninga: Yopi\u00e9 chug\u00fap\u1ebdre ch\u00f3guiji yu ga yajna. Enga yimochad\u00e9 ore iji quigode er\u00e3pe j\u00f5ra.<\/p>\n<p>A yimochad\u00e9 chajirir\u00e1se dajei gajner\u0129 mu chimo yu iji. Chojningame dat\u00e9: \u201cIt\u00e9\u00a0 \u00e1, <em>Ocoroi<\/em>\u00a0 u. D\u00e9ji dajei iji ti.\u201d (Nota: <strong>*<\/strong><em>Aliciad\u00e9 i u Ocoroi uje jnacare nanique, enga c\u00e1ma abode cuse.)<\/em><\/p>\n<p>Mu yimochad\u00e9 a nararir\u00e1se enga chojninga: &#8216;<em>Ocoroi<\/em> \u00e1, \u00bfgotique b\u00e3ri? Uje que acasip\u00edsi rique u\u00f1\u00e9ngome bacot\u00e9 casodica ore a?\u201d<\/p>\n<p>Yichajnai ga yojninga: \u201cMu bamo uje acho yiyaridedie edoi enga yajna ua.\u201d<\/p>\n<p><strong><em>Guibe\u0301jnane\u0301 chojninga: Al\u00edciad\u00e9 chopo cucha ch\u00f3guiji re aja gar\u00e1ijnane.<\/em><\/strong><\/p>\n<p>Ali\u0301ciade\u0301 chojninga: Yopi\u00e9 chug\u00fap\u1ebdre ch\u00f3guiji yu. Yiy\u00f3ja garai casodicai j\u00f5. A yiyo ga yibasir\u00e1saja <em>yijnam\u00eda<\/em>.<\/p>\n<p><em>Gueb\u00e9jnane\u0301 \u2013 Tobit\u00e9, Bolivia \u2013 1960.<\/em><\/p>\n<p><em>Joyce Davis Buchegger chur\u00fasare Gueb\u00e9jnane atatagode udojo nanique.<\/em><\/p>\n<div class=\"navigation\"><div class=\"alignleft\"><a href=\"https:\/\/ayore.org\/ayo\/culture\/native-songs\/igarubidate-achachagudode-ome-dajnami-uje-chuje-caratai\/\"title=\"Igarubi\u0301date\u0301 &#8211; Igarubidat\u00e9 achachag\u00fadode ome d\u00e1jnami uje chuj\u00e9 caratai\"><img loading=\"lazy\" decoding=\"async\" src=\"https:\/\/ayore.org\/wp-content\/uploads\/2018\/10\/left-arrow.png\" width=\"50\" height=\"48\" alt=\"left arrow\"><\/a><\/div><div class=\"alignright\"><a href=\"https:\/\/ayore.org\/ayo\/culture\/native-songs\/ajote-carayoi-todotigai-iji-ite\/\"title=\"Ajot\u00e9 &#8211; Carayoi tod\u00f3tigai iji it\u00e9\"><img loading=\"lazy\" decoding=\"async\" src=\"https:\/\/ayore.org\/wp-content\/uploads\/2018\/10\/right-arrow.png\" width=\"50\" height=\"48\" alt=\"right arrow\"><\/a><\/div>\n","protected":false},"excerpt":{"rendered":"<p>Aliciad\u00e9 Iradedie Quigode Guibe\u0301jnane\u0301 chojninga: Al\u00edciad\u00e9 chij\u00f1ec\u00e1riji \u2013 chij\u00f1ec\u00e1raja daquesugode bajutase: chedo dajesudie diyequ\u00e9 qued\u00e9jna:\u00a0\u00a0\u00a0\u00a0\u00a0\u00a0 Aliciad\u00e9 chojninga: \u201cYiabi yaquesugode unojo enga yij\u00f1ec\u00e1raja. Yedobu yajesudie diyequ\u00e9 qued\u00e9jna.\u201d Guibe\u0301jnane\u0301 chojninga: Al\u00edciad\u00e9 pota ore jnese gu, gapudie. Chajuque dajei ome ore: Ali\u0301ciade\u0301 chojninga:<\/p>\n","protected":false},"author":2,"featured_media":0,"parent":713,"menu_order":0,"comment_status":"closed","ping_status":"closed","template":"","meta":{"footnotes":""},"class_list":["post-897","page","type-page","status-publish","hentry"],"yoast_head":"<!-- This site is optimized with the Yoast SEO plugin v27.4 - https:\/\/yoast.com\/product\/yoast-seo-wordpress\/ -->\n<title>Ayore\u0301ode Irade\u0301die: Al\u00edciad\u00e9 Chedo Dajesudie Diyeque Qued\u00e9jna \u2022 Ayore.org<\/title>\n<meta name=\"robots\" content=\"index, follow, max-snippet:-1, max-image-preview:large, max-video-preview:-1\" \/>\n<link rel=\"canonical\" href=\"https:\/\/ayore.org\/ayo\/culture\/native-songs\/aliciade-chedo-dajesudie-diyeque-quedejna\/\" \/>\n<meta property=\"og:locale\" content=\"en_US\" \/>\n<meta property=\"og:type\" content=\"article\" \/>\n<meta property=\"og:title\" content=\"Ayore\u0301ode Irade\u0301die: Al\u00edciad\u00e9 Chedo Dajesudie Diyeque Qued\u00e9jna \u2022 Ayore.org\" \/>\n<meta property=\"og:description\" content=\"Aliciad\u00e9 Iradedie Quigode Guibe\u0301jnane\u0301 chojninga: Al\u00edciad\u00e9 chij\u00f1ec\u00e1riji \u2013 chij\u00f1ec\u00e1raja daquesugode bajutase: chedo dajesudie diyequ\u00e9 qued\u00e9jna:\u00a0\u00a0\u00a0\u00a0\u00a0\u00a0 Aliciad\u00e9 chojninga: \u201cYiabi yaquesugode unojo enga yij\u00f1ec\u00e1raja. Yedobu yajesudie diyequ\u00e9 qued\u00e9jna.\u201d Guibe\u0301jnane\u0301 chojninga: Al\u00edciad\u00e9 pota ore jnese gu, gapudie. Chajuque dajei ome ore: Ali\u0301ciade\u0301 chojninga:\" \/>\n<meta property=\"og:url\" content=\"https:\/\/ayore.org\/ayo\/culture\/native-songs\/aliciade-chedo-dajesudie-diyeque-quedejna\/\" \/>\n<meta property=\"og:site_name\" content=\"AYOR\u00c9.ORG\" \/>\n<meta property=\"article:modified_time\" content=\"2019-02-27T19:29:46+00:00\" \/>\n<meta name=\"twitter:card\" content=\"summary_large_image\" \/>\n<meta name=\"twitter:label1\" content=\"Est. reading time\" \/>\n\t<meta name=\"twitter:data1\" content=\"1 minute\" \/>\n<script type=\"application\/ld+json\" class=\"yoast-schema-graph\">{\"@context\":\"https:\\\/\\\/schema.org\",\"@graph\":[{\"@type\":\"WebPage\",\"@id\":\"https:\\\/\\\/ayore.org\\\/ayo\\\/culture\\\/native-songs\\\/aliciade-chedo-dajesudie-diyeque-quedejna\\\/\",\"url\":\"https:\\\/\\\/ayore.org\\\/ayo\\\/culture\\\/native-songs\\\/aliciade-chedo-dajesudie-diyeque-quedejna\\\/\",\"name\":\"Ayore\u0301ode Irade\u0301die: Al\u00edciad\u00e9 Chedo Dajesudie Diyeque Qued\u00e9jna \u2022 Ayore.org\",\"isPartOf\":{\"@id\":\"https:\\\/\\\/ayore.org\\\/#website\"},\"datePublished\":\"2018-09-07T16:31:37+00:00\",\"dateModified\":\"2019-02-27T19:29:46+00:00\",\"breadcrumb\":{\"@id\":\"https:\\\/\\\/ayore.org\\\/ayo\\\/culture\\\/native-songs\\\/aliciade-chedo-dajesudie-diyeque-quedejna\\\/#breadcrumb\"},\"inLanguage\":\"ayo\",\"potentialAction\":[{\"@type\":\"ReadAction\",\"target\":[\"https:\\\/\\\/ayore.org\\\/ayo\\\/culture\\\/native-songs\\\/aliciade-chedo-dajesudie-diyeque-quedejna\\\/\"]}]},{\"@type\":\"BreadcrumbList\",\"@id\":\"https:\\\/\\\/ayore.org\\\/ayo\\\/culture\\\/native-songs\\\/aliciade-chedo-dajesudie-diyeque-quedejna\\\/#breadcrumb\",\"itemListElement\":[{\"@type\":\"ListItem\",\"position\":1,\"name\":\"Jogate bajai tu ude\u0301\",\"item\":\"https:\\\/\\\/ayore.org\\\/ayo\\\/\"},{\"@type\":\"ListItem\",\"position\":2,\"name\":\"Ayore\u0301ode adode, angurenone cucha ore\",\"item\":\"https:\\\/\\\/ayore.org\\\/ayo\\\/culture\\\/\"},{\"@type\":\"ListItem\",\"position\":3,\"name\":\"Ayore\u0301ode Irade\u0301die\",\"item\":\"https:\\\/\\\/ayore.org\\\/ayo\\\/culture\\\/native-songs\\\/\"},{\"@type\":\"ListItem\",\"position\":4,\"name\":\"Guebe\u0301jnane\u0301 &#8211; Al\u00edciad\u00e9 chedo dajesudie diyeque qued\u00e9jna\"}]},{\"@type\":\"WebSite\",\"@id\":\"https:\\\/\\\/ayore.org\\\/#website\",\"url\":\"https:\\\/\\\/ayore.org\\\/\",\"name\":\"AYOR\u00c9.ORG\",\"description\":\"Ayore\u0301ode Uruode, Adode, Jnani bajade ati\u0301go ore \",\"potentialAction\":[{\"@type\":\"SearchAction\",\"target\":{\"@type\":\"EntryPoint\",\"urlTemplate\":\"https:\\\/\\\/ayore.org\\\/?s={search_term_string}\"},\"query-input\":{\"@type\":\"PropertyValueSpecification\",\"valueRequired\":true,\"valueName\":\"search_term_string\"}}],\"inLanguage\":\"ayo\"}]}<\/script>\n<!-- \/ Yoast SEO plugin. -->","yoast_head_json":{"title":"Ayore\u0301ode Irade\u0301die: Al\u00edciad\u00e9 Chedo Dajesudie Diyeque Qued\u00e9jna \u2022 Ayore.org","robots":{"index":"index","follow":"follow","max-snippet":"max-snippet:-1","max-image-preview":"max-image-preview:large","max-video-preview":"max-video-preview:-1"},"canonical":"https:\/\/ayore.org\/ayo\/culture\/native-songs\/aliciade-chedo-dajesudie-diyeque-quedejna\/","og_locale":"en_US","og_type":"article","og_title":"Ayore\u0301ode Irade\u0301die: Al\u00edciad\u00e9 Chedo Dajesudie Diyeque Qued\u00e9jna \u2022 Ayore.org","og_description":"Aliciad\u00e9 Iradedie Quigode Guibe\u0301jnane\u0301 chojninga: Al\u00edciad\u00e9 chij\u00f1ec\u00e1riji \u2013 chij\u00f1ec\u00e1raja daquesugode bajutase: chedo dajesudie diyequ\u00e9 qued\u00e9jna:\u00a0\u00a0\u00a0\u00a0\u00a0\u00a0 Aliciad\u00e9 chojninga: \u201cYiabi yaquesugode unojo enga yij\u00f1ec\u00e1raja. Yedobu yajesudie diyequ\u00e9 qued\u00e9jna.\u201d Guibe\u0301jnane\u0301 chojninga: Al\u00edciad\u00e9 pota ore jnese gu, gapudie. Chajuque dajei ome ore: Ali\u0301ciade\u0301 chojninga:","og_url":"https:\/\/ayore.org\/ayo\/culture\/native-songs\/aliciade-chedo-dajesudie-diyeque-quedejna\/","og_site_name":"AYOR\u00c9.ORG","article_modified_time":"2019-02-27T19:29:46+00:00","twitter_card":"summary_large_image","twitter_misc":{"Est. reading time":"1 minute"},"schema":{"@context":"https:\/\/schema.org","@graph":[{"@type":"WebPage","@id":"https:\/\/ayore.org\/ayo\/culture\/native-songs\/aliciade-chedo-dajesudie-diyeque-quedejna\/","url":"https:\/\/ayore.org\/ayo\/culture\/native-songs\/aliciade-chedo-dajesudie-diyeque-quedejna\/","name":"Ayore\u0301ode Irade\u0301die: Al\u00edciad\u00e9 Chedo Dajesudie Diyeque Qued\u00e9jna \u2022 Ayore.org","isPartOf":{"@id":"https:\/\/ayore.org\/#website"},"datePublished":"2018-09-07T16:31:37+00:00","dateModified":"2019-02-27T19:29:46+00:00","breadcrumb":{"@id":"https:\/\/ayore.org\/ayo\/culture\/native-songs\/aliciade-chedo-dajesudie-diyeque-quedejna\/#breadcrumb"},"inLanguage":"ayo","potentialAction":[{"@type":"ReadAction","target":["https:\/\/ayore.org\/ayo\/culture\/native-songs\/aliciade-chedo-dajesudie-diyeque-quedejna\/"]}]},{"@type":"BreadcrumbList","@id":"https:\/\/ayore.org\/ayo\/culture\/native-songs\/aliciade-chedo-dajesudie-diyeque-quedejna\/#breadcrumb","itemListElement":[{"@type":"ListItem","position":1,"name":"Jogate bajai tu ude\u0301","item":"https:\/\/ayore.org\/ayo\/"},{"@type":"ListItem","position":2,"name":"Ayore\u0301ode adode, angurenone cucha ore","item":"https:\/\/ayore.org\/ayo\/culture\/"},{"@type":"ListItem","position":3,"name":"Ayore\u0301ode Irade\u0301die","item":"https:\/\/ayore.org\/ayo\/culture\/native-songs\/"},{"@type":"ListItem","position":4,"name":"Guebe\u0301jnane\u0301 &#8211; Al\u00edciad\u00e9 chedo dajesudie diyeque qued\u00e9jna"}]},{"@type":"WebSite","@id":"https:\/\/ayore.org\/#website","url":"https:\/\/ayore.org\/","name":"AYOR\u00c9.ORG","description":"Ayore\u0301ode Uruode, Adode, Jnani bajade ati\u0301go ore ","potentialAction":[{"@type":"SearchAction","target":{"@type":"EntryPoint","urlTemplate":"https:\/\/ayore.org\/?s={search_term_string}"},"query-input":{"@type":"PropertyValueSpecification","valueRequired":true,"valueName":"search_term_string"}}],"inLanguage":"ayo"}]}},"_links":{"self":[{"href":"https:\/\/ayore.org\/ayo\/wp-json\/wp\/v2\/pages\/897","targetHints":{"allow":["GET"]}}],"collection":[{"href":"https:\/\/ayore.org\/ayo\/wp-json\/wp\/v2\/pages"}],"about":[{"href":"https:\/\/ayore.org\/ayo\/wp-json\/wp\/v2\/types\/page"}],"author":[{"embeddable":true,"href":"https:\/\/ayore.org\/ayo\/wp-json\/wp\/v2\/users\/2"}],"replies":[{"embeddable":true,"href":"https:\/\/ayore.org\/ayo\/wp-json\/wp\/v2\/comments?post=897"}],"version-history":[{"count":4,"href":"https:\/\/ayore.org\/ayo\/wp-json\/wp\/v2\/pages\/897\/revisions"}],"predecessor-version":[{"id":3144,"href":"https:\/\/ayore.org\/ayo\/wp-json\/wp\/v2\/pages\/897\/revisions\/3144"}],"up":[{"embeddable":true,"href":"https:\/\/ayore.org\/ayo\/wp-json\/wp\/v2\/pages\/713"}],"wp:attachment":[{"href":"https:\/\/ayore.org\/ayo\/wp-json\/wp\/v2\/media?parent=897"}],"curies":[{"name":"wp","href":"https:\/\/api.w.org\/{rel}","templated":true}]}}