{"id":839,"date":"2018-08-30T22:21:26","date_gmt":"2018-08-30T22:21:26","guid":{"rendered":"https:\/\/ayore.org\/?page_id=839"},"modified":"2019-03-09T20:29:30","modified_gmt":"2019-03-09T20:29:30","slug":"oidabiade-dachapiborate-yusori","status":"publish","type":"page","link":"https:\/\/ayore.org\/ayo\/culture\/oral-traditions\/oidabiade-dachapiborate-yusori\/","title":{"rendered":"Oidabiad\u00e9 &#8211; Dachapiborat\u00e9 yus\u00f5ri"},"content":{"rendered":"<p><strong>Chi guei ca tagu ore juti\u0301cabia:<\/strong><\/p>\n<p>Chi abai ner\u00f3raque dajai yuque nero abai uje i tu <em>Dachapiborat\u00e9<\/em>. Ga <em>Dachapiborat\u00e9 <\/em>acot\u00e9 dajai chojninga: \u201cA yiji jne, yib\u00e1gui ina ore jne.\u201d<\/p>\n<p>Chi guei ca tagu ut\u00e9 ore jut\u00edcabia to. Ga jno ga tib\u00e1gui nero, mu chi chise nero abai ujuya gajnei gase ga chi chojninga: \u201cUjuya yoc iji yoquidai. Uje gu\u00e9rique que tagu yoc!\u201d<\/p>\n<p>Ga chise nero ga <em>Dachapiborat\u00e9<\/em> chojninga: \u201cBajat\u00e9 u \u00e9.\u201d Ga j\u00e9 u uje chojninga: \u201cBe dutu\u00e9 ome bajat\u00e9.\u201d Mu chi chojninga: \u201cCa be dutu\u00e9. Be doridie uje yipese babos\u00edningo.\u201d<\/p>\n<p>Ga yuso\u0303\u0301ri jno ga doi dar\u00e1sade ore, mu chi p\u00f3gu re ga to\u0303\u0301raji dagu\u00edjnai u\u00e9chai. Ga chi abode chi chojninga: \u201cCod\u00e9 a, iapade u. D\u00e9ji dagu\u00edjnai ajei.\u201d<\/p>\n<p>Mu ore cod\u00e9 chojningame disi: \u201c\u00bfAma bay\u00e9 ga p\u00f3gu re ome yoque?\u201d<\/p>\n<p>J\u00e9 u uje chijnime dajocaningai. Chi chojninga: \u201cA yuj\u00e9 daijnai jne uje tagu dajuticabia.\u201d<\/p>\n<p>Chi ore doi ga chi chojninga: \u201cA yibore ore ijnai ome jne, ga yisa iji gai jne.\u201d<\/p>\n<p>J\u00e9 u uje chijna dorijnai, ga j\u00e9 u uje chisa ga ore chuj\u00e9 iji jmainie. Chi ore jno mu chi ore dor\u00e1si <em>Dachapiborat\u00e9<\/em> ipesudi er\u00e3pij\u00f3ningai ajei. Ga ayor\u00e9 \u00e1yipier\u00e3i chojninga: \u201cBeyoi \u00e3rei ga yim\u00f3ngo jeta chejna yoque jne.\u201d<\/p>\n<p>Ga <em>Dachapiborat\u00e9 <\/em>chajna ore ga userere\u0301jna chajna ore. Mu chise ga chajn\u00edji ipesudi er\u00e3pijoningai eruei.<\/p>\n<p><em>Oidabiad\u00e9 \u2013 Campo Loro, Paraguay \u2013 1988.<\/em><\/p>\n<p><em>Marina de <\/em><em>Morarie chur\u00fas\u00e3re Oid\u00e1biad\u00e9 atatagode udojo.<\/em><\/p>\n<div class=\"navigation\"><div class=\"alignleft\"><a href=\"https:\/\/ayore.org\/ayo\/culture\/oral-traditions\/oidabiade-chuguperedatei-chise-siquere-diringai\/\"title=\"Oid\u00e1biad\u00e9 &#8211; Chug\u00fap\u1ebdredatei chise siquer\u00e9 diringai\"><img loading=\"lazy\" decoding=\"async\" src=\"https:\/\/ayore.org\/wp-content\/uploads\/2018\/10\/left-arrow.png\" width=\"50\" height=\"48\" alt=\"left arrow\"><\/a><\/div><div class=\"alignright\"><a href=\"https:\/\/ayore.org\/ayo\/culture\/oral-traditions\/oidabiade-disiode-ore-chipocasu-gajnoque\/\"title=\"Oid\u00e1biad\u00e9 &#8211; Disiode ore chipoca\u0301su gajnoque\"><img loading=\"lazy\" decoding=\"async\" src=\"https:\/\/ayore.org\/wp-content\/uploads\/2018\/10\/right-arrow.png\" width=\"50\" height=\"48\" alt=\"right arrow\"><\/a><\/div>\n","protected":false},"excerpt":{"rendered":"<p>Chi guei ca tagu ore juti\u0301cabia: Chi abai ner\u00f3raque dajai yuque nero abai uje i tu Dachapiborat\u00e9. Ga Dachapiborat\u00e9 acot\u00e9 dajai chojninga: \u201cA yiji jne, yib\u00e1gui ina ore jne.\u201d Chi guei ca tagu ut\u00e9 ore jut\u00edcabia to. Ga jno ga<\/p>\n","protected":false},"author":2,"featured_media":0,"parent":717,"menu_order":0,"comment_status":"closed","ping_status":"closed","template":"","meta":{"footnotes":""},"class_list":["post-839","page","type-page","status-publish","hentry"],"yoast_head":"<!-- This site is optimized with the Yoast SEO plugin v27.4 - https:\/\/yoast.com\/product\/yoast-seo-wordpress\/ -->\n<title>Ayore\u0301ode Ate Bajade: Dachapiborat\u00e9 Yuso\u0303\u0301ri \u2022 Ayore.org<\/title>\n<meta name=\"robots\" content=\"index, follow, max-snippet:-1, max-image-preview:large, max-video-preview:-1\" \/>\n<link rel=\"canonical\" href=\"https:\/\/ayore.org\/ayo\/culture\/oral-traditions\/oidabiade-dachapiborate-yusori\/\" \/>\n<meta property=\"og:locale\" content=\"en_US\" \/>\n<meta property=\"og:type\" content=\"article\" \/>\n<meta property=\"og:title\" content=\"Ayore\u0301ode Ate Bajade: Dachapiborat\u00e9 Yuso\u0303\u0301ri \u2022 Ayore.org\" \/>\n<meta property=\"og:description\" content=\"Chi guei ca tagu ore juti\u0301cabia: Chi abai ner\u00f3raque dajai yuque nero abai uje i tu Dachapiborat\u00e9. Ga Dachapiborat\u00e9 acot\u00e9 dajai chojninga: \u201cA yiji jne, yib\u00e1gui ina ore jne.\u201d Chi guei ca tagu ut\u00e9 ore jut\u00edcabia to. Ga jno ga\" \/>\n<meta property=\"og:url\" content=\"https:\/\/ayore.org\/ayo\/culture\/oral-traditions\/oidabiade-dachapiborate-yusori\/\" \/>\n<meta property=\"og:site_name\" content=\"AYOR\u00c9.ORG\" \/>\n<meta property=\"article:modified_time\" content=\"2019-03-09T20:29:30+00:00\" \/>\n<meta name=\"twitter:card\" content=\"summary_large_image\" \/>\n<meta name=\"twitter:label1\" content=\"Est. reading time\" \/>\n\t<meta name=\"twitter:data1\" content=\"1 minute\" \/>\n<script type=\"application\/ld+json\" class=\"yoast-schema-graph\">{\"@context\":\"https:\\\/\\\/schema.org\",\"@graph\":[{\"@type\":\"WebPage\",\"@id\":\"https:\\\/\\\/ayore.org\\\/ayo\\\/culture\\\/oral-traditions\\\/oidabiade-dachapiborate-yusori\\\/\",\"url\":\"https:\\\/\\\/ayore.org\\\/ayo\\\/culture\\\/oral-traditions\\\/oidabiade-dachapiborate-yusori\\\/\",\"name\":\"Ayore\u0301ode Ate Bajade: Dachapiborat\u00e9 Yuso\u0303\u0301ri \u2022 Ayore.org\",\"isPartOf\":{\"@id\":\"https:\\\/\\\/ayore.org\\\/#website\"},\"datePublished\":\"2018-08-30T22:21:26+00:00\",\"dateModified\":\"2019-03-09T20:29:30+00:00\",\"breadcrumb\":{\"@id\":\"https:\\\/\\\/ayore.org\\\/ayo\\\/culture\\\/oral-traditions\\\/oidabiade-dachapiborate-yusori\\\/#breadcrumb\"},\"inLanguage\":\"ayo\",\"potentialAction\":[{\"@type\":\"ReadAction\",\"target\":[\"https:\\\/\\\/ayore.org\\\/ayo\\\/culture\\\/oral-traditions\\\/oidabiade-dachapiborate-yusori\\\/\"]}]},{\"@type\":\"BreadcrumbList\",\"@id\":\"https:\\\/\\\/ayore.org\\\/ayo\\\/culture\\\/oral-traditions\\\/oidabiade-dachapiborate-yusori\\\/#breadcrumb\",\"itemListElement\":[{\"@type\":\"ListItem\",\"position\":1,\"name\":\"Jogate bajai tu ude\u0301\",\"item\":\"https:\\\/\\\/ayore.org\\\/ayo\\\/\"},{\"@type\":\"ListItem\",\"position\":2,\"name\":\"Ayore\u0301ode adode, angurenone cucha ore\",\"item\":\"https:\\\/\\\/ayore.org\\\/ayo\\\/culture\\\/\"},{\"@type\":\"ListItem\",\"position\":3,\"name\":\"Ayore\u0301ode Ate Bajade\",\"item\":\"https:\\\/\\\/ayore.org\\\/ayo\\\/culture\\\/oral-traditions\\\/\"},{\"@type\":\"ListItem\",\"position\":4,\"name\":\"Oidabiad\u00e9 &#8211; Dachapiborat\u00e9 yus\u00f5ri\"}]},{\"@type\":\"WebSite\",\"@id\":\"https:\\\/\\\/ayore.org\\\/#website\",\"url\":\"https:\\\/\\\/ayore.org\\\/\",\"name\":\"AYOR\u00c9.ORG\",\"description\":\"Ayore\u0301ode Uruode, Adode, Jnani bajade ati\u0301go ore \",\"potentialAction\":[{\"@type\":\"SearchAction\",\"target\":{\"@type\":\"EntryPoint\",\"urlTemplate\":\"https:\\\/\\\/ayore.org\\\/?s={search_term_string}\"},\"query-input\":{\"@type\":\"PropertyValueSpecification\",\"valueRequired\":true,\"valueName\":\"search_term_string\"}}],\"inLanguage\":\"ayo\"}]}<\/script>\n<!-- \/ Yoast SEO plugin. -->","yoast_head_json":{"title":"Ayore\u0301ode Ate Bajade: Dachapiborat\u00e9 Yuso\u0303\u0301ri \u2022 Ayore.org","robots":{"index":"index","follow":"follow","max-snippet":"max-snippet:-1","max-image-preview":"max-image-preview:large","max-video-preview":"max-video-preview:-1"},"canonical":"https:\/\/ayore.org\/ayo\/culture\/oral-traditions\/oidabiade-dachapiborate-yusori\/","og_locale":"en_US","og_type":"article","og_title":"Ayore\u0301ode Ate Bajade: Dachapiborat\u00e9 Yuso\u0303\u0301ri \u2022 Ayore.org","og_description":"Chi guei ca tagu ore juti\u0301cabia: Chi abai ner\u00f3raque dajai yuque nero abai uje i tu Dachapiborat\u00e9. Ga Dachapiborat\u00e9 acot\u00e9 dajai chojninga: \u201cA yiji jne, yib\u00e1gui ina ore jne.\u201d Chi guei ca tagu ut\u00e9 ore jut\u00edcabia to. Ga jno ga","og_url":"https:\/\/ayore.org\/ayo\/culture\/oral-traditions\/oidabiade-dachapiborate-yusori\/","og_site_name":"AYOR\u00c9.ORG","article_modified_time":"2019-03-09T20:29:30+00:00","twitter_card":"summary_large_image","twitter_misc":{"Est. reading time":"1 minute"},"schema":{"@context":"https:\/\/schema.org","@graph":[{"@type":"WebPage","@id":"https:\/\/ayore.org\/ayo\/culture\/oral-traditions\/oidabiade-dachapiborate-yusori\/","url":"https:\/\/ayore.org\/ayo\/culture\/oral-traditions\/oidabiade-dachapiborate-yusori\/","name":"Ayore\u0301ode Ate Bajade: Dachapiborat\u00e9 Yuso\u0303\u0301ri \u2022 Ayore.org","isPartOf":{"@id":"https:\/\/ayore.org\/#website"},"datePublished":"2018-08-30T22:21:26+00:00","dateModified":"2019-03-09T20:29:30+00:00","breadcrumb":{"@id":"https:\/\/ayore.org\/ayo\/culture\/oral-traditions\/oidabiade-dachapiborate-yusori\/#breadcrumb"},"inLanguage":"ayo","potentialAction":[{"@type":"ReadAction","target":["https:\/\/ayore.org\/ayo\/culture\/oral-traditions\/oidabiade-dachapiborate-yusori\/"]}]},{"@type":"BreadcrumbList","@id":"https:\/\/ayore.org\/ayo\/culture\/oral-traditions\/oidabiade-dachapiborate-yusori\/#breadcrumb","itemListElement":[{"@type":"ListItem","position":1,"name":"Jogate bajai tu ude\u0301","item":"https:\/\/ayore.org\/ayo\/"},{"@type":"ListItem","position":2,"name":"Ayore\u0301ode adode, angurenone cucha ore","item":"https:\/\/ayore.org\/ayo\/culture\/"},{"@type":"ListItem","position":3,"name":"Ayore\u0301ode Ate Bajade","item":"https:\/\/ayore.org\/ayo\/culture\/oral-traditions\/"},{"@type":"ListItem","position":4,"name":"Oidabiad\u00e9 &#8211; Dachapiborat\u00e9 yus\u00f5ri"}]},{"@type":"WebSite","@id":"https:\/\/ayore.org\/#website","url":"https:\/\/ayore.org\/","name":"AYOR\u00c9.ORG","description":"Ayore\u0301ode Uruode, Adode, Jnani bajade ati\u0301go ore ","potentialAction":[{"@type":"SearchAction","target":{"@type":"EntryPoint","urlTemplate":"https:\/\/ayore.org\/?s={search_term_string}"},"query-input":{"@type":"PropertyValueSpecification","valueRequired":true,"valueName":"search_term_string"}}],"inLanguage":"ayo"}]}},"_links":{"self":[{"href":"https:\/\/ayore.org\/ayo\/wp-json\/wp\/v2\/pages\/839","targetHints":{"allow":["GET"]}}],"collection":[{"href":"https:\/\/ayore.org\/ayo\/wp-json\/wp\/v2\/pages"}],"about":[{"href":"https:\/\/ayore.org\/ayo\/wp-json\/wp\/v2\/types\/page"}],"author":[{"embeddable":true,"href":"https:\/\/ayore.org\/ayo\/wp-json\/wp\/v2\/users\/2"}],"replies":[{"embeddable":true,"href":"https:\/\/ayore.org\/ayo\/wp-json\/wp\/v2\/comments?post=839"}],"version-history":[{"count":5,"href":"https:\/\/ayore.org\/ayo\/wp-json\/wp\/v2\/pages\/839\/revisions"}],"predecessor-version":[{"id":3429,"href":"https:\/\/ayore.org\/ayo\/wp-json\/wp\/v2\/pages\/839\/revisions\/3429"}],"up":[{"embeddable":true,"href":"https:\/\/ayore.org\/ayo\/wp-json\/wp\/v2\/pages\/717"}],"wp:attachment":[{"href":"https:\/\/ayore.org\/ayo\/wp-json\/wp\/v2\/media?parent=839"}],"curies":[{"name":"wp","href":"https:\/\/api.w.org\/{rel}","templated":true}]}}