{"id":837,"date":"2018-08-30T22:09:53","date_gmt":"2018-08-30T22:09:53","guid":{"rendered":"https:\/\/ayore.org\/?page_id=837"},"modified":"2019-03-09T03:22:20","modified_gmt":"2019-03-09T03:22:20","slug":"oidabiade-chuguperedatei-chise-siquere-diringai","status":"publish","type":"page","link":"https:\/\/ayore.org\/ayo\/culture\/oral-traditions\/oidabiade-chuguperedatei-chise-siquere-diringai\/","title":{"rendered":"Oid\u00e1biad\u00e9 &#8211; Chug\u00fap\u1ebdredatei chise siquer\u00e9 diringai"},"content":{"rendered":"<p><strong><em>Yatatagode u Chug\u00fap\u1ebdredat\u00e9i Adode:\u00a0 <\/em><\/strong><\/p>\n<p>Chi chug\u00fap\u1ebdredat\u00e9i chise siquer\u00e9 diringai casica. Mu chise <em>corongo\u0301ni arob\u00e9<\/em> iji siquer\u00e9 diringai. Ga chise <em>mimir\u00e9<\/em>, chisapo <em>duch\u00fabie <\/em>iji r\u0129, ga j\u00e9 chise <em>guejnai ujn\u00edera\u0303i<\/em>\u00a0 iji, ga chisapo <em>cugu\u00e9ode ujn\u00eder\u00e3i<\/em>, ga j\u00e9 u uje chi chajo dejnai.<\/p>\n<p>Ga j\u00e9 u uje chi chac\u00e1ji dajopidi. J\u00e9 u uje chiese cucha garani u chug\u00fap\u1ebdredat\u00e9i uje chaca cuchade ujn\u00ederane iji dajop\u00eddi.<\/p>\n<p>J\u00e9 u uje jnani bajade chimo cuchade ga j\u00e9 u siquer\u00e9 diringai uje cucha aj\u00f1unie su\u00e9ji siquer\u00e9 diringai. Yocayode ore chatata siquer\u00e9 adode uje chiese pacapi\u00e9raque ca no\u00f1a jnutique.<\/p>\n<p>Put\u00e1ningai gajn\u00e9one u siquer\u00e9 diringai uje chiese ca pacapi\u00e9raque ca no\u00f1\u00e1ji jnutique.<\/p>\n<p><em>Oid\u00e1biad\u00e9 \u2013 Campo Loro, Paraguay \u2013 1988.<\/em><\/p>\n<p><em>Marina de Morarie chur\u00fas\u00e3re Oid\u00e1biad\u00e9 atatagode udojo nanique.<\/em><\/p>\n<div class=\"navigation\"><div class=\"alignleft\"><a href=\"https:\/\/ayore.org\/ayo\/culture\/oral-traditions\/ayoreode-bisdode-cucha-dibe-chuchere-oyidode-gai\/\"title=\"Manu\u00e9ln\u00e9 &#8211; Dib\u00e9 chuch\u1ebdre oy\u00eddode gai\"><img loading=\"lazy\" decoding=\"async\" src=\"https:\/\/ayore.org\/wp-content\/uploads\/2018\/10\/left-arrow.png\" width=\"50\" height=\"48\" alt=\"left arrow\"><\/a><\/div><div class=\"alignright\"><a href=\"https:\/\/ayore.org\/ayo\/culture\/oral-traditions\/oidabiade-dachapiborate-yusori\/\"title=\"Oidabiad\u00e9 &#8211; Dachapiborat\u00e9 yus\u00f5ri\"><img loading=\"lazy\" decoding=\"async\" src=\"https:\/\/ayore.org\/wp-content\/uploads\/2018\/10\/right-arrow.png\" width=\"50\" height=\"48\" alt=\"right arrow\"><\/a><\/div>\n","protected":false},"excerpt":{"rendered":"<p>Yatatagode u Chug\u00fap\u1ebdredat\u00e9i Adode:\u00a0 Chi chug\u00fap\u1ebdredat\u00e9i chise siquer\u00e9 diringai casica. Mu chise corongo\u0301ni arob\u00e9 iji siquer\u00e9 diringai. Ga chise mimir\u00e9, chisapo duch\u00fabie iji r\u0129, ga j\u00e9 chise guejnai ujn\u00edera\u0303i\u00a0 iji, ga chisapo cugu\u00e9ode ujn\u00eder\u00e3i, ga j\u00e9 u uje chi chajo<\/p>\n","protected":false},"author":2,"featured_media":0,"parent":717,"menu_order":0,"comment_status":"closed","ping_status":"closed","template":"","meta":{"footnotes":""},"class_list":["post-837","page","type-page","status-publish","hentry"],"yoast_head":"<!-- This site is optimized with the Yoast SEO plugin v27.4 - https:\/\/yoast.com\/product\/yoast-seo-wordpress\/ -->\n<title>Ayore\u0301ode Ate Bajade: Chug\u00fap\u1ebdredatei Chise Sequer\u00e9 Diringai \u2022 Ayore.org<\/title>\n<meta name=\"robots\" content=\"index, follow, max-snippet:-1, max-image-preview:large, max-video-preview:-1\" \/>\n<link rel=\"canonical\" href=\"https:\/\/ayore.org\/ayo\/culture\/oral-traditions\/oidabiade-chuguperedatei-chise-siquere-diringai\/\" \/>\n<meta property=\"og:locale\" content=\"en_US\" \/>\n<meta property=\"og:type\" content=\"article\" \/>\n<meta property=\"og:title\" content=\"Ayore\u0301ode Ate Bajade: Chug\u00fap\u1ebdredatei Chise Sequer\u00e9 Diringai \u2022 Ayore.org\" \/>\n<meta property=\"og:description\" content=\"Yatatagode u Chug\u00fap\u1ebdredat\u00e9i Adode:\u00a0 Chi chug\u00fap\u1ebdredat\u00e9i chise siquer\u00e9 diringai casica. Mu chise corongo\u0301ni arob\u00e9 iji siquer\u00e9 diringai. Ga chise mimir\u00e9, chisapo duch\u00fabie iji r\u0129, ga j\u00e9 chise guejnai ujn\u00edera\u0303i\u00a0 iji, ga chisapo cugu\u00e9ode ujn\u00eder\u00e3i, ga j\u00e9 u uje chi chajo\" \/>\n<meta property=\"og:url\" content=\"https:\/\/ayore.org\/ayo\/culture\/oral-traditions\/oidabiade-chuguperedatei-chise-siquere-diringai\/\" \/>\n<meta property=\"og:site_name\" content=\"AYOR\u00c9.ORG\" \/>\n<meta property=\"article:modified_time\" content=\"2019-03-09T03:22:20+00:00\" \/>\n<meta name=\"twitter:card\" content=\"summary_large_image\" \/>\n<meta name=\"twitter:label1\" content=\"Est. reading time\" \/>\n\t<meta name=\"twitter:data1\" content=\"1 minute\" \/>\n<script type=\"application\/ld+json\" class=\"yoast-schema-graph\">{\"@context\":\"https:\\\/\\\/schema.org\",\"@graph\":[{\"@type\":\"WebPage\",\"@id\":\"https:\\\/\\\/ayore.org\\\/ayo\\\/culture\\\/oral-traditions\\\/oidabiade-chuguperedatei-chise-siquere-diringai\\\/\",\"url\":\"https:\\\/\\\/ayore.org\\\/ayo\\\/culture\\\/oral-traditions\\\/oidabiade-chuguperedatei-chise-siquere-diringai\\\/\",\"name\":\"Ayore\u0301ode Ate Bajade: Chug\u00fap\u1ebdredatei Chise Sequer\u00e9 Diringai \u2022 Ayore.org\",\"isPartOf\":{\"@id\":\"https:\\\/\\\/ayore.org\\\/#website\"},\"datePublished\":\"2018-08-30T22:09:53+00:00\",\"dateModified\":\"2019-03-09T03:22:20+00:00\",\"breadcrumb\":{\"@id\":\"https:\\\/\\\/ayore.org\\\/ayo\\\/culture\\\/oral-traditions\\\/oidabiade-chuguperedatei-chise-siquere-diringai\\\/#breadcrumb\"},\"inLanguage\":\"ayo\",\"potentialAction\":[{\"@type\":\"ReadAction\",\"target\":[\"https:\\\/\\\/ayore.org\\\/ayo\\\/culture\\\/oral-traditions\\\/oidabiade-chuguperedatei-chise-siquere-diringai\\\/\"]}]},{\"@type\":\"BreadcrumbList\",\"@id\":\"https:\\\/\\\/ayore.org\\\/ayo\\\/culture\\\/oral-traditions\\\/oidabiade-chuguperedatei-chise-siquere-diringai\\\/#breadcrumb\",\"itemListElement\":[{\"@type\":\"ListItem\",\"position\":1,\"name\":\"Jogate bajai tu ude\u0301\",\"item\":\"https:\\\/\\\/ayore.org\\\/ayo\\\/\"},{\"@type\":\"ListItem\",\"position\":2,\"name\":\"Ayore\u0301ode adode, angurenone cucha ore\",\"item\":\"https:\\\/\\\/ayore.org\\\/ayo\\\/culture\\\/\"},{\"@type\":\"ListItem\",\"position\":3,\"name\":\"Ayore\u0301ode Ate Bajade\",\"item\":\"https:\\\/\\\/ayore.org\\\/ayo\\\/culture\\\/oral-traditions\\\/\"},{\"@type\":\"ListItem\",\"position\":4,\"name\":\"Oid\u00e1biad\u00e9 &#8211; Chug\u00fap\u1ebdredatei chise siquer\u00e9 diringai\"}]},{\"@type\":\"WebSite\",\"@id\":\"https:\\\/\\\/ayore.org\\\/#website\",\"url\":\"https:\\\/\\\/ayore.org\\\/\",\"name\":\"AYOR\u00c9.ORG\",\"description\":\"Ayore\u0301ode Uruode, Adode, Jnani bajade ati\u0301go ore \",\"potentialAction\":[{\"@type\":\"SearchAction\",\"target\":{\"@type\":\"EntryPoint\",\"urlTemplate\":\"https:\\\/\\\/ayore.org\\\/?s={search_term_string}\"},\"query-input\":{\"@type\":\"PropertyValueSpecification\",\"valueRequired\":true,\"valueName\":\"search_term_string\"}}],\"inLanguage\":\"ayo\"}]}<\/script>\n<!-- \/ Yoast SEO plugin. -->","yoast_head_json":{"title":"Ayore\u0301ode Ate Bajade: Chug\u00fap\u1ebdredatei Chise Sequer\u00e9 Diringai \u2022 Ayore.org","robots":{"index":"index","follow":"follow","max-snippet":"max-snippet:-1","max-image-preview":"max-image-preview:large","max-video-preview":"max-video-preview:-1"},"canonical":"https:\/\/ayore.org\/ayo\/culture\/oral-traditions\/oidabiade-chuguperedatei-chise-siquere-diringai\/","og_locale":"en_US","og_type":"article","og_title":"Ayore\u0301ode Ate Bajade: Chug\u00fap\u1ebdredatei Chise Sequer\u00e9 Diringai \u2022 Ayore.org","og_description":"Yatatagode u Chug\u00fap\u1ebdredat\u00e9i Adode:\u00a0 Chi chug\u00fap\u1ebdredat\u00e9i chise siquer\u00e9 diringai casica. Mu chise corongo\u0301ni arob\u00e9 iji siquer\u00e9 diringai. Ga chise mimir\u00e9, chisapo duch\u00fabie iji r\u0129, ga j\u00e9 chise guejnai ujn\u00edera\u0303i\u00a0 iji, ga chisapo cugu\u00e9ode ujn\u00eder\u00e3i, ga j\u00e9 u uje chi chajo","og_url":"https:\/\/ayore.org\/ayo\/culture\/oral-traditions\/oidabiade-chuguperedatei-chise-siquere-diringai\/","og_site_name":"AYOR\u00c9.ORG","article_modified_time":"2019-03-09T03:22:20+00:00","twitter_card":"summary_large_image","twitter_misc":{"Est. reading time":"1 minute"},"schema":{"@context":"https:\/\/schema.org","@graph":[{"@type":"WebPage","@id":"https:\/\/ayore.org\/ayo\/culture\/oral-traditions\/oidabiade-chuguperedatei-chise-siquere-diringai\/","url":"https:\/\/ayore.org\/ayo\/culture\/oral-traditions\/oidabiade-chuguperedatei-chise-siquere-diringai\/","name":"Ayore\u0301ode Ate Bajade: Chug\u00fap\u1ebdredatei Chise Sequer\u00e9 Diringai \u2022 Ayore.org","isPartOf":{"@id":"https:\/\/ayore.org\/#website"},"datePublished":"2018-08-30T22:09:53+00:00","dateModified":"2019-03-09T03:22:20+00:00","breadcrumb":{"@id":"https:\/\/ayore.org\/ayo\/culture\/oral-traditions\/oidabiade-chuguperedatei-chise-siquere-diringai\/#breadcrumb"},"inLanguage":"ayo","potentialAction":[{"@type":"ReadAction","target":["https:\/\/ayore.org\/ayo\/culture\/oral-traditions\/oidabiade-chuguperedatei-chise-siquere-diringai\/"]}]},{"@type":"BreadcrumbList","@id":"https:\/\/ayore.org\/ayo\/culture\/oral-traditions\/oidabiade-chuguperedatei-chise-siquere-diringai\/#breadcrumb","itemListElement":[{"@type":"ListItem","position":1,"name":"Jogate bajai tu ude\u0301","item":"https:\/\/ayore.org\/ayo\/"},{"@type":"ListItem","position":2,"name":"Ayore\u0301ode adode, angurenone cucha ore","item":"https:\/\/ayore.org\/ayo\/culture\/"},{"@type":"ListItem","position":3,"name":"Ayore\u0301ode Ate Bajade","item":"https:\/\/ayore.org\/ayo\/culture\/oral-traditions\/"},{"@type":"ListItem","position":4,"name":"Oid\u00e1biad\u00e9 &#8211; Chug\u00fap\u1ebdredatei chise siquer\u00e9 diringai"}]},{"@type":"WebSite","@id":"https:\/\/ayore.org\/#website","url":"https:\/\/ayore.org\/","name":"AYOR\u00c9.ORG","description":"Ayore\u0301ode Uruode, Adode, Jnani bajade ati\u0301go ore ","potentialAction":[{"@type":"SearchAction","target":{"@type":"EntryPoint","urlTemplate":"https:\/\/ayore.org\/?s={search_term_string}"},"query-input":{"@type":"PropertyValueSpecification","valueRequired":true,"valueName":"search_term_string"}}],"inLanguage":"ayo"}]}},"_links":{"self":[{"href":"https:\/\/ayore.org\/ayo\/wp-json\/wp\/v2\/pages\/837","targetHints":{"allow":["GET"]}}],"collection":[{"href":"https:\/\/ayore.org\/ayo\/wp-json\/wp\/v2\/pages"}],"about":[{"href":"https:\/\/ayore.org\/ayo\/wp-json\/wp\/v2\/types\/page"}],"author":[{"embeddable":true,"href":"https:\/\/ayore.org\/ayo\/wp-json\/wp\/v2\/users\/2"}],"replies":[{"embeddable":true,"href":"https:\/\/ayore.org\/ayo\/wp-json\/wp\/v2\/comments?post=837"}],"version-history":[{"count":3,"href":"https:\/\/ayore.org\/ayo\/wp-json\/wp\/v2\/pages\/837\/revisions"}],"predecessor-version":[{"id":3412,"href":"https:\/\/ayore.org\/ayo\/wp-json\/wp\/v2\/pages\/837\/revisions\/3412"}],"up":[{"embeddable":true,"href":"https:\/\/ayore.org\/ayo\/wp-json\/wp\/v2\/pages\/717"}],"wp:attachment":[{"href":"https:\/\/ayore.org\/ayo\/wp-json\/wp\/v2\/media?parent=837"}],"curies":[{"name":"wp","href":"https:\/\/api.w.org\/{rel}","templated":true}]}}