{"id":782,"date":"2018-08-29T17:53:31","date_gmt":"2018-08-29T17:53:31","guid":{"rendered":"https:\/\/ayore.org\/?page_id=782"},"modified":"2019-03-07T19:45:47","modified_gmt":"2019-03-07T19:45:47","slug":"oidabiade-cabayui-adode-jno-ayore-udi","status":"publish","type":"page","link":"https:\/\/ayore.org\/ayo\/culture\/oral-history\/oidabiade-cabayui-adode-jno-ayore-udi\/","title":{"rendered":"Oid\u00e1biad\u00e9 &#8211; Cabayui jno Ayorei u\u0301di"},"content":{"rendered":"<p><em><strong>Cabayui Adode:<\/strong><\/em><\/p>\n<p>Chi cabayui jno Ayorei \u00fadi. Ga chi Ayorei chirote cabayui iji dajma d\u00fajna ga chi chir\u00f3diji dajma d\u00fajna. Ga chi chijnoque ga j\u00e9 jno \u00fadi. Ga acot\u00e9raque chi chise gajmai d\u00fajna, mu cabayui e jno abai \u00fadi iji gajma d\u00fajna.<\/p>\n<p>Ga chi jno ga chorei iji \u00a1tiii! Ga chi chaguhei chejna ga chi chorei iji \u00a1tiii! Ga chi chaguhei chejna ga chi chojninga: \u201c\u00a1O\u0303\u0301roro!\u201d Jnusina cucha pibotique gu.<\/p>\n<p>Ga cabayui chi chojninga: \u201c\u00bfGotique baruode?\u201d<\/p>\n<p>Ga chojninga: \u201cQue yo cheme.\u201d<\/p>\n<p>Mu cabayui chiraja ga chi chuchi. Ga chi \u2018<em>ajid\u00e1bia<\/em>\u2019 to\u0303\u0301raji ga chi chip\u00e9se. Ga chi subud\u00e9 iji. Cutep\u00e9ode chiese garani tu cabay\u00faode ome jnani bajade.<\/p>\n<p>Ga jnopo ri\u0303, ga chaguhei chejna iji \u00a1tiii! Ga isocai j\u00e9 u uje chojninga: \u201c\u00a1O\u0303\u0301roro!\u201d uje jnusina cucha pibotique. J\u00e9 u uje cabayui chi chuchi ga <em>cute\u0303\u0301ri <\/em>to\u0303\u0301raji. Ga chipese ga e subudei iji. Ga chiese cutep\u00e9ode garani u cabayui.<\/p>\n<p>Mu jnopo ri\u0303 ga isocai j\u00e9 u uje chaguhei chejna iji \u00a1tiii! Ga Ayorei chojninga: \u201c\u00a1O\u0303\u0301roro!\u201d uje jnusina cucha pibotique.<\/p>\n<p>Chi cabayui chojninga: \u201cBaruode \u00bf\u00edrique?\u201d<\/p>\n<p>Enga Ayorei chojninga: \u201cQue yo cheme.\u201d P\u00f3gu daruode ome cabayui gu. Ga j\u00e9 u uje jnopo ri\u0303 ga chic\u00e1ji \u00a1tiii! Cabayui chuchi ga chi \u2018<em>orojonie<\/em>\u2019 to\u0303\u0301raji ga chipese ga subud\u00e9 iji.<\/p>\n<p>Ga j\u00e9 jnopo ri\u0303 ga \u00e1yipie doi acot\u00e9 ga cho \u00a1o\u0303\u0301roro! Chaguhei chejna gu. Ga cabayui chojninga: \u201cBaruode \u00bf\u00edrique?\u201d<\/p>\n<p>Mu chojninga: \u201cQue yo cheme.\u201d<\/p>\n<p>Ga chi chuchi ga to\u0303\u0301ra \u2018<em>or\u00f3jna<\/em>\u2019 aja guesi ga j\u00e9 chipese ga subud\u00e9ji.<\/p>\n<p>J\u00e9 no\u00f1a ga cabayui oidi ayor\u00e9 no\u00f1ome cuchiso iji toni\u00f1eque.<\/p>\n<p><em>\u00a0<\/em><\/p>\n<p><em>Oid\u00e1biad\u00e9 \u2013 Campo Loro, Paraguay \u2013 1988.<\/em><\/p>\n<p><em>Marina de Morarie chur\u00fas\u00e3re Oid\u00e1biad\u00e9 atatagode udojo nanique.<\/em><\/p>\n<div class=\"navigation\"><div class=\"alignleft\"><a href=\"https:\/\/ayore.org\/ayo\/culture\/oral-history\/borade-ore-chigaru-aruratadie-picanerai-gai\/\"title=\"Oida\u0301biade\u0301 &#8211; Ore Chigaru Arura\u0303\u0301tadie Picanerai Gai\"><img loading=\"lazy\" decoding=\"async\" src=\"https:\/\/ayore.org\/wp-content\/uploads\/2018\/10\/left-arrow.png\" width=\"50\" height=\"48\" alt=\"left arrow\"><\/a><\/div><div class=\"alignright\"><a href=\"https:\/\/ayore.org\/ayo\/culture\/oral-history\/oidabiade-chi-sujmajningai-jnue-gayode\/\"title=\"Oid\u00e1biad\u00e9 &#8211; Chi sum\u00e1jningai jnu\u00e9 g\u00e1yode\"><img loading=\"lazy\" decoding=\"async\" src=\"https:\/\/ayore.org\/wp-content\/uploads\/2018\/10\/right-arrow.png\" width=\"50\" height=\"48\" alt=\"right arrow\"><\/a><\/div>\n","protected":false},"excerpt":{"rendered":"<p>Cabayui Adode: Chi cabayui jno Ayorei \u00fadi. Ga chi Ayorei chirote cabayui iji dajma d\u00fajna ga chi chir\u00f3diji dajma d\u00fajna. Ga chi chijnoque ga j\u00e9 jno \u00fadi. Ga acot\u00e9raque chi chise gajmai d\u00fajna, mu cabayui e jno abai \u00fadi iji<\/p>\n","protected":false},"author":2,"featured_media":0,"parent":715,"menu_order":0,"comment_status":"closed","ping_status":"closed","template":"","meta":{"footnotes":""},"class_list":["post-782","page","type-page","status-publish","hentry"],"yoast_head":"<!-- This site is optimized with the Yoast SEO plugin v27.4 - https:\/\/yoast.com\/product\/yoast-seo-wordpress\/ -->\n<title>Ayore\u0301 Bajade Ore Gojn\u0303ane: Cabayui Adode - Jno Ayor\u00e9 \u00dadi \u2022 Ayore.org<\/title>\n<meta name=\"robots\" content=\"index, follow, max-snippet:-1, max-image-preview:large, max-video-preview:-1\" \/>\n<link rel=\"canonical\" href=\"https:\/\/ayore.org\/ayo\/culture\/oral-history\/oidabiade-cabayui-adode-jno-ayore-udi\/\" \/>\n<meta property=\"og:locale\" content=\"en_US\" \/>\n<meta property=\"og:type\" content=\"article\" \/>\n<meta property=\"og:title\" content=\"Ayore\u0301 Bajade Ore Gojn\u0303ane: Cabayui Adode - Jno Ayor\u00e9 \u00dadi \u2022 Ayore.org\" \/>\n<meta property=\"og:description\" content=\"Cabayui Adode: Chi cabayui jno Ayorei \u00fadi. Ga chi Ayorei chirote cabayui iji dajma d\u00fajna ga chi chir\u00f3diji dajma d\u00fajna. Ga chi chijnoque ga j\u00e9 jno \u00fadi. Ga acot\u00e9raque chi chise gajmai d\u00fajna, mu cabayui e jno abai \u00fadi iji\" \/>\n<meta property=\"og:url\" content=\"https:\/\/ayore.org\/ayo\/culture\/oral-history\/oidabiade-cabayui-adode-jno-ayore-udi\/\" \/>\n<meta property=\"og:site_name\" content=\"AYOR\u00c9.ORG\" \/>\n<meta property=\"article:modified_time\" content=\"2019-03-07T19:45:47+00:00\" \/>\n<meta name=\"twitter:card\" content=\"summary_large_image\" \/>\n<meta name=\"twitter:label1\" content=\"Est. reading time\" \/>\n\t<meta name=\"twitter:data1\" content=\"1 minute\" \/>\n<script type=\"application\/ld+json\" class=\"yoast-schema-graph\">{\"@context\":\"https:\\\/\\\/schema.org\",\"@graph\":[{\"@type\":\"WebPage\",\"@id\":\"https:\\\/\\\/ayore.org\\\/ayo\\\/culture\\\/oral-history\\\/oidabiade-cabayui-adode-jno-ayore-udi\\\/\",\"url\":\"https:\\\/\\\/ayore.org\\\/ayo\\\/culture\\\/oral-history\\\/oidabiade-cabayui-adode-jno-ayore-udi\\\/\",\"name\":\"Ayore\u0301 Bajade Ore Gojn\u0303ane: Cabayui Adode - Jno Ayor\u00e9 \u00dadi \u2022 Ayore.org\",\"isPartOf\":{\"@id\":\"https:\\\/\\\/ayore.org\\\/#website\"},\"datePublished\":\"2018-08-29T17:53:31+00:00\",\"dateModified\":\"2019-03-07T19:45:47+00:00\",\"breadcrumb\":{\"@id\":\"https:\\\/\\\/ayore.org\\\/ayo\\\/culture\\\/oral-history\\\/oidabiade-cabayui-adode-jno-ayore-udi\\\/#breadcrumb\"},\"inLanguage\":\"ayo\",\"potentialAction\":[{\"@type\":\"ReadAction\",\"target\":[\"https:\\\/\\\/ayore.org\\\/ayo\\\/culture\\\/oral-history\\\/oidabiade-cabayui-adode-jno-ayore-udi\\\/\"]}]},{\"@type\":\"BreadcrumbList\",\"@id\":\"https:\\\/\\\/ayore.org\\\/ayo\\\/culture\\\/oral-history\\\/oidabiade-cabayui-adode-jno-ayore-udi\\\/#breadcrumb\",\"itemListElement\":[{\"@type\":\"ListItem\",\"position\":1,\"name\":\"Jogate bajai tu ude\u0301\",\"item\":\"https:\\\/\\\/ayore.org\\\/ayo\\\/\"},{\"@type\":\"ListItem\",\"position\":2,\"name\":\"Ayore\u0301ode adode, angurenone cucha ore\",\"item\":\"https:\\\/\\\/ayore.org\\\/ayo\\\/culture\\\/\"},{\"@type\":\"ListItem\",\"position\":3,\"name\":\"Ayore\u0301 Bajade Ore Gojn\u0303ane\",\"item\":\"https:\\\/\\\/ayore.org\\\/ayo\\\/culture\\\/oral-history\\\/\"},{\"@type\":\"ListItem\",\"position\":4,\"name\":\"Oid\u00e1biad\u00e9 &#8211; Cabayui jno Ayorei u\u0301di\"}]},{\"@type\":\"WebSite\",\"@id\":\"https:\\\/\\\/ayore.org\\\/#website\",\"url\":\"https:\\\/\\\/ayore.org\\\/\",\"name\":\"AYOR\u00c9.ORG\",\"description\":\"Ayore\u0301ode Uruode, Adode, Jnani bajade ati\u0301go ore \",\"potentialAction\":[{\"@type\":\"SearchAction\",\"target\":{\"@type\":\"EntryPoint\",\"urlTemplate\":\"https:\\\/\\\/ayore.org\\\/?s={search_term_string}\"},\"query-input\":{\"@type\":\"PropertyValueSpecification\",\"valueRequired\":true,\"valueName\":\"search_term_string\"}}],\"inLanguage\":\"ayo\"}]}<\/script>\n<!-- \/ Yoast SEO plugin. -->","yoast_head_json":{"title":"Ayore\u0301 Bajade Ore Gojn\u0303ane: Cabayui Adode - Jno Ayor\u00e9 \u00dadi \u2022 Ayore.org","robots":{"index":"index","follow":"follow","max-snippet":"max-snippet:-1","max-image-preview":"max-image-preview:large","max-video-preview":"max-video-preview:-1"},"canonical":"https:\/\/ayore.org\/ayo\/culture\/oral-history\/oidabiade-cabayui-adode-jno-ayore-udi\/","og_locale":"en_US","og_type":"article","og_title":"Ayore\u0301 Bajade Ore Gojn\u0303ane: Cabayui Adode - Jno Ayor\u00e9 \u00dadi \u2022 Ayore.org","og_description":"Cabayui Adode: Chi cabayui jno Ayorei \u00fadi. Ga chi Ayorei chirote cabayui iji dajma d\u00fajna ga chi chir\u00f3diji dajma d\u00fajna. Ga chi chijnoque ga j\u00e9 jno \u00fadi. Ga acot\u00e9raque chi chise gajmai d\u00fajna, mu cabayui e jno abai \u00fadi iji","og_url":"https:\/\/ayore.org\/ayo\/culture\/oral-history\/oidabiade-cabayui-adode-jno-ayore-udi\/","og_site_name":"AYOR\u00c9.ORG","article_modified_time":"2019-03-07T19:45:47+00:00","twitter_card":"summary_large_image","twitter_misc":{"Est. reading time":"1 minute"},"schema":{"@context":"https:\/\/schema.org","@graph":[{"@type":"WebPage","@id":"https:\/\/ayore.org\/ayo\/culture\/oral-history\/oidabiade-cabayui-adode-jno-ayore-udi\/","url":"https:\/\/ayore.org\/ayo\/culture\/oral-history\/oidabiade-cabayui-adode-jno-ayore-udi\/","name":"Ayore\u0301 Bajade Ore Gojn\u0303ane: Cabayui Adode - Jno Ayor\u00e9 \u00dadi \u2022 Ayore.org","isPartOf":{"@id":"https:\/\/ayore.org\/#website"},"datePublished":"2018-08-29T17:53:31+00:00","dateModified":"2019-03-07T19:45:47+00:00","breadcrumb":{"@id":"https:\/\/ayore.org\/ayo\/culture\/oral-history\/oidabiade-cabayui-adode-jno-ayore-udi\/#breadcrumb"},"inLanguage":"ayo","potentialAction":[{"@type":"ReadAction","target":["https:\/\/ayore.org\/ayo\/culture\/oral-history\/oidabiade-cabayui-adode-jno-ayore-udi\/"]}]},{"@type":"BreadcrumbList","@id":"https:\/\/ayore.org\/ayo\/culture\/oral-history\/oidabiade-cabayui-adode-jno-ayore-udi\/#breadcrumb","itemListElement":[{"@type":"ListItem","position":1,"name":"Jogate bajai tu ude\u0301","item":"https:\/\/ayore.org\/ayo\/"},{"@type":"ListItem","position":2,"name":"Ayore\u0301ode adode, angurenone cucha ore","item":"https:\/\/ayore.org\/ayo\/culture\/"},{"@type":"ListItem","position":3,"name":"Ayore\u0301 Bajade Ore Gojn\u0303ane","item":"https:\/\/ayore.org\/ayo\/culture\/oral-history\/"},{"@type":"ListItem","position":4,"name":"Oid\u00e1biad\u00e9 &#8211; Cabayui jno Ayorei u\u0301di"}]},{"@type":"WebSite","@id":"https:\/\/ayore.org\/#website","url":"https:\/\/ayore.org\/","name":"AYOR\u00c9.ORG","description":"Ayore\u0301ode Uruode, Adode, Jnani bajade ati\u0301go ore ","potentialAction":[{"@type":"SearchAction","target":{"@type":"EntryPoint","urlTemplate":"https:\/\/ayore.org\/?s={search_term_string}"},"query-input":{"@type":"PropertyValueSpecification","valueRequired":true,"valueName":"search_term_string"}}],"inLanguage":"ayo"}]}},"_links":{"self":[{"href":"https:\/\/ayore.org\/ayo\/wp-json\/wp\/v2\/pages\/782","targetHints":{"allow":["GET"]}}],"collection":[{"href":"https:\/\/ayore.org\/ayo\/wp-json\/wp\/v2\/pages"}],"about":[{"href":"https:\/\/ayore.org\/ayo\/wp-json\/wp\/v2\/types\/page"}],"author":[{"embeddable":true,"href":"https:\/\/ayore.org\/ayo\/wp-json\/wp\/v2\/users\/2"}],"replies":[{"embeddable":true,"href":"https:\/\/ayore.org\/ayo\/wp-json\/wp\/v2\/comments?post=782"}],"version-history":[{"count":3,"href":"https:\/\/ayore.org\/ayo\/wp-json\/wp\/v2\/pages\/782\/revisions"}],"predecessor-version":[{"id":3358,"href":"https:\/\/ayore.org\/ayo\/wp-json\/wp\/v2\/pages\/782\/revisions\/3358"}],"up":[{"embeddable":true,"href":"https:\/\/ayore.org\/ayo\/wp-json\/wp\/v2\/pages\/715"}],"wp:attachment":[{"href":"https:\/\/ayore.org\/ayo\/wp-json\/wp\/v2\/media?parent=782"}],"curies":[{"name":"wp","href":"https:\/\/api.w.org\/{rel}","templated":true}]}}