{"id":692,"date":"2018-08-27T00:36:11","date_gmt":"2018-08-27T00:36:11","guid":{"rendered":"https:\/\/ayore.org\/?page_id=692"},"modified":"2019-03-06T21:19:24","modified_gmt":"2019-03-06T21:19:24","slug":"jomone-yicagoi-ayoreode-jne","status":"publish","type":"page","link":"https:\/\/ayore.org\/ayo\/culture\/oral-history\/jomone-yicagoi-ayoreode-jne\/","title":{"rendered":"Jomon\u00e9 &#8211; Yicagoi ayor\u00e9ode jne"},"content":{"rendered":"<p><strong>Jomon\u00e9 jnusina cinco misione\u0301rone:<\/strong><\/p>\n<p>Chi \u2018cinco mision\u00e9rone\u2019 ore chise Bolivia nanique iji taningap\u00edsode uje c\u00e1ma ayor\u00e9rique yim\u00f3ngo coj\u00f1otique gotic. Que yim\u00f3ngo coj\u00f1one ore a\u00f3rique. Mu edugu\u00e9jnane bajade ore chudute ayor\u00e9ode ore ujnomei enga chi ore d\u00e9ji er\u00e1mi. Ga uje ore chos\u00f5ripis ore ome cuchade uje, anire, coj\u00f1one ore jocaningane ga chi ore chojninga: \u201cGa yico, ga yico, ga, anire, yucuegoi ayor\u00e9ode jne.\u201d<\/p>\n<p>Mu que ore \u00e1yipieraque d\u00e9ji uje ayor\u00e9ode sijnanguipise ome ore, coj\u00f1one ore jnese iji er\u00e1mi. Mu chi ore jno ga ore chudute ayor\u00e9ode ujnomei iji Santiago, Santi\u00e1go de Chiquitos. Uje ore to\u0303\u0301raji ome, ayor\u00e9ode ore to\u0303\u0301raji ome, anire, dajocaningai. Uje ore chise coj\u00f1one udore ore uje ore chucu\u00e9 ayor\u00e9ode ore enga ore jno ga ore chise dedai. Mu chi coj\u00f1one ore, udore mision\u00e9rone, ore chucu\u00e9 ore. Misione\u0301rone bajaguip\u00edsode u ore iji er\u00e1mi.<\/p>\n<p>Diyajmanguip\u00edso udojo uje uduco ore ujnom\u00e9one to. Uje que ayor\u00e9rique yoc\u00e1yipieraque d\u00e9ji nanique ujetiga cojn\u0303otique paraque ome ayor\u00e9rique uyoque. Mu y\u00f3rango y\u00f3gome uje ud\u00faco ore ujnom\u00e9one to.<\/p>\n<p>Uje \u00f5socacade u ore ome ayor\u00e9ode uyoque ga chi, chi mision\u00e9rone ore jno ome, anire, dacuegode ayor\u00e9o. Ga chi ore chise ore adode ayor\u00e9o. Ore chise ayor\u00e9ode adode, ga que ore \u00e1yipieraque d\u00e9ji ujetiga ore chuj\u00e9 ore jne. Ore \u00e1yipie gaidi up\u00fasu Dupade ujetiga Dupade chiqueta ore iji, anire, ore uniri ut\u00e9.<\/p>\n<p>Ore jno ga uguchar\u00e3que ore. Que ore chojningame dacotedie, chi ca ore chojningame: \u201cA qu\u00e9 yi\u0303riapo jne dirome ri\u0303.\u201d Ore \u00e1yipie gaidi u ujetiga ore chise dacuegode ayor\u00e9ode ore uyoque gu. Enga ore chise ore jne jeta ore chingome ore ome Jesute to. Uje ayor\u00e9ode ore, yiraj\u00e1go iji dirode udojo uje edugu\u00e9jnane chubu er\u00e1mone gu, anire, uje ore chos\u00f5re yoque ome yoquisijnaringu\u00e9one iji ud\u00e9 yocuniri.<\/p>\n<p>Ga, chi udore, cinco mision\u00e9rone ga ore chise ayor\u00e9ode iji idaidatei. Chi ore edugu\u00e9jnarique j\u00e9 charanguirase ore, mu j\u00e9 que piminingate uje chojm\u00e1ra, ga ujn\u00e1jnane u udore uje que ore narare mision\u00e9ro ore gai to. Ga, chi chise amiri diri uje ore di jne, edugu\u00e9jnane ore, ga chi ore edugu\u00e9jnane udore ayor\u00e9, chajningare, anire u, mision\u00e9rone ore iji ore garani, ujeta chicho ore ome doj\u00f3die. Ga u\u00f1eque chi chicho ore bajaque. Que ore \u00e1yipieraque d\u00e9ji ujetiga udore, anire<em>, gr\u00edngone<\/em>, uje cinco mision\u00e9rone ore chiqueta ore dirome, anire, ome coj\u00f1one ore jocaning\u00e1rique.<\/p>\n<p>Chi ore ipotig\u00e1di u ujetiga ore edugu\u00e9jnai, an\u00ednique u, ayor\u00e9 jeta chuj\u00e9 coj\u00f1ot\u00edgo. Mu que coj\u00f1one isocai tu gotic. Coj\u00f1one ore ipotig\u00e1di u ujetiga paraque ayor\u00e9rique. Chi j\u00e9 u uje \u00e1yipie u ome enga ore chis\u00ed gai ome, aniri, dacotaquei ome an\u00ednique u, u\u0301ring\u00e1rique uerate. Jeoga canirac. Jeoga, anire, os\u00f5caca ome doj\u00f3rigo ayor\u00e9 ujetiga chub\u00fachu ore iji ore ejnar\u00e9tigo. Mu que coj\u00f1one or\u00e1yipie u ayor\u00e9ode \u00e1yipie to go. Jecute yiraj\u00e1go uje ayor\u00e9ode yiraj\u00e1gopo ri\u0303 uje que qu\u00e9 cuch\u00e1rique bisideque iji er\u00e1mi. Ga yiraj\u00e1go to uje gusu Jesus uje chos\u00f5re y\u00f3gome, anire, yoquejnar\u00e9ngone. A pota ga chiqueta yoque. Je\u0301 pota ga chuj\u00e9 yoque. Ga yiraj\u00e1go uje udore <em>cinco mision\u00e9rone<\/em> toi iji ayor\u00e9ode jmainie, mu Dupade e chiraja ore cachodi uje c\u00e1ma tocade.<\/p>\n<p>Chi udore ore os\u00f5raquei u j\u00f3roque, aniri, <em>gr\u00edngone <\/em>ore, ore ipotig\u00e1di u ujetiga yicagoi Dupade idai to jne. Mu que ayor\u00e9ode yiraj\u00e1go gotic. Enga que yi\u0303rar\u00e1co ore gai gotique nanique iji ore diringai. Ga chi ore chuj\u00e9 ore. Ore chase\u0303ra ore ug\u00fachade. Mu j\u00e9 areque, chi ore chij\u00f3chame ore.<\/p>\n<p>Chi diri u\u00f1ane enga orujode coj\u00f1one iji Santi\u00e1go chi chudute ore ujnomei. Ga ore edugu\u00e9jnai iji Santiago chi chojninga: \u201cBoyo yico. Yucuegoi, an\u00edrone u, edugu\u00e9jna casode. Ayor\u00e9ode a chijna ore.\u201d Chi ore chucu\u00e9 ore, mu que ore chise ore go. Ore chise, an\u00edrone, oidode <em>foto<\/em> carubode iji jnumone. Enga ore chiraja gu udojo uje chi ore chejna ore, mu ore chij\u00f3chame ore. U ayorep\u00edsode ore chij\u00f3chame degode ore uje ore p\u00f3gu ore iji ore idai ut\u00e9.<\/p>\n<p>Mu, chi chise dirode udojo uje yiraj\u00e1go uje ore chejna ore nanique.<\/p>\n<p>Yocos\u00f5ras\u00f3rone u mision\u00e9ro udore. Uje ore chos\u00f5re yogome yoquisijnaringu\u00e9one iji an\u00edri yocucu\u00e9caringuei to iji dirode udojo gajneri\u0303. Ga j\u00e9 yiraj\u00e1go to uje yocos\u00f5ras\u00f3nique d\u00e9ji si\u00f1eque ga Dupade u uje chos\u00f5re yoque. Ga jec u uje d\u00e9ji coj\u00f1one ore to uje u\u00f1e\u0301ngo chos\u00f5re yoque. Jeoga coj\u00f1oque atade u. Jeoga coj\u00f1oque gajnareque maringa, j\u00e9 chos\u00f5re yoque to. Uje j\u00e9 jogadi j\u00e9 u uje chojm\u00e1ra gu ore \u00e1yipie qui. Uje j\u00e9 ore chos\u00f5re yoque to.<\/p>\n<p>Ga j\u00e9 gajnui to gajneri\u0303 uje Jesuse chos\u00f5re y\u00f3guiji dar\u00edring\u00e1rique ujeta \u00e1yipie d\u00e9ji yoque. Ujeta chos\u00f5ripise yoque. Enga j\u00e9 u\u0303repise uyu uje que yocos\u00f5ras\u00f3nique un\u00e1jna gotique iji er\u00e1mi udojo. Ga, j\u00e9 u\u0303repise yu ome, anire, udojo jnanione ayor\u00e9ode yocadode. Uje que an\u00ednique un\u00e1jna gotic ujeta ore, yos\u00f5co \u00f1ane.<\/p>\n<p>Mu gusu Jesuse u. Acajnaqu\u00e9ode an\u00edrone quigode u uje yocos\u00f5cacai, yocos\u00f5caso\u0303\u0301ri chojm\u00e1ra.<\/p>\n<p>Ga j\u00e9 u\u0303r\u00e9 yu gajneri\u0303 uje ud\u00facopo to ri\u0303 uje chi u Gutodat\u00e9 iji udojo iji taningane. Ga chi ore isagu\u00e9 nanique. Cho j\u00f3roque ore quic udore, anire, mision\u00e9rone ome ayor\u00e9ode uruode. Que toc ujetiga ore catec\u00e3ri \u00f1ane. Uje que ore chiraja \u00f1ane ur\u00farique gotique gu. Mu yocacaranguipise ome iji dirode udojo uje ayor\u00e9ode, coj\u00f1one ore yiraj\u00e1go \u00f1ane uruode iji er\u00e1mi \u00fadode jnese. Ga udore mision\u00e9rone ore chiraja yocuruode. Jeoga coj\u00f1oque gajnareque mu, chiraja yocuruode ga j\u00e9 ueradip\u00edse ujetiga yicatec\u00e3coi u\u00f1ane iji jnumi jnese.<\/p>\n<p>Uje yiraj\u00e1go gu uje quigode cuse. Quigode u uje, ujetiga yip\u00f3tago puru u\u00f1eque ga yang\u00e1coi. Ga j\u00e9 u uje, an\u00edri, yiraj\u00e1go uje pacajnaqu\u00e9ode d\u00e9ji gu. Enga j\u00e9 areguipise iji dirode udojo gajneri\u0303 uje yiraj\u00e1go uje yac\u00e1go aja \u00f1ane aj\u00e9ode gu, coj\u00f1one, ayor\u00e9ode ore uy\u00f3guiji er\u00e1mi jnese iji dirode udojo gajneri\u0303.<\/p>\n<p>Ga j\u00e9 u\u0303r\u00e9pise uyu uje cuchade a qu\u00e9 id\u00e1ja, mu Dupade e chiraja iji yoc\u00e1yipiedie. Chiraja yoquisijnaringu\u00e9one. Jeoga chiraja ujeta j\u00e9 aregue yoc\u00e1yipierigui ome, ome Ujnacari. Uje que id\u00e1ja gotique gu. D\u00e9ji yoquejode iji er\u00e1mi jnese.\u00a0 Eruei u.<\/p>\n<p><em>\u00a0<\/em><\/p>\n<p><em>Jomon\u00e9 \u2013 Puesto Paz, Bolivia \u2013 1970.<\/em><\/p>\n<p><em>Faith Wyma chur\u00fas\u00e3re Jomon\u00e9 atatagode udojo nanique.<\/em><\/p>\n<div class=\"navigation\"><div class=\"alignleft\"><a href=\"https:\/\/ayore.org\/ayo\/culture\/oral-history\/jonoine-chuje-menonita-nanique\/\"title=\"Ano\u0301nimo &#8211; Ore chuj\u00e9 Menonita nanique\"><img loading=\"lazy\" decoding=\"async\" src=\"https:\/\/ayore.org\/wp-content\/uploads\/2018\/10\/left-arrow.png\" width=\"50\" height=\"48\" alt=\"left arrow\"><\/a><\/div><div class=\"alignright\"><a href=\"https:\/\/ayore.org\/ayo\/culture\/oral-history\/oidabiade-ayoreode-chisite-ragaja-erami\/\"title=\"Oid\u00e1biad\u00e9 &#8211; Ayor\u00e9ode chisite r\u00e1gaja er\u00e1mi\"><img loading=\"lazy\" decoding=\"async\" src=\"https:\/\/ayore.org\/wp-content\/uploads\/2018\/10\/right-arrow.png\" width=\"50\" height=\"48\" alt=\"right arrow\"><\/a><\/div>\n","protected":false},"excerpt":{"rendered":"<p>Jomon\u00e9 jnusina cinco misione\u0301rone: Chi \u2018cinco mision\u00e9rone\u2019 ore chise Bolivia nanique iji taningap\u00edsode uje c\u00e1ma ayor\u00e9rique yim\u00f3ngo coj\u00f1otique gotic. Que yim\u00f3ngo coj\u00f1one ore a\u00f3rique. Mu edugu\u00e9jnane bajade ore chudute ayor\u00e9ode ore ujnomei enga chi ore d\u00e9ji er\u00e1mi. Ga uje ore<\/p>\n","protected":false},"author":2,"featured_media":0,"parent":715,"menu_order":0,"comment_status":"closed","ping_status":"closed","template":"","meta":{"footnotes":""},"class_list":["post-692","page","type-page","status-publish","hentry"],"yoast_head":"<!-- This site is optimized with the Yoast SEO plugin v27.4 - https:\/\/yoast.com\/product\/yoast-seo-wordpress\/ -->\n<title>Ayore\u0301 Bajade Ore Gojn\u0303ane: Yicagoi Ayor\u00e9ode Jne \u2022 Ayore.org<\/title>\n<meta name=\"robots\" content=\"index, follow, max-snippet:-1, max-image-preview:large, max-video-preview:-1\" \/>\n<link rel=\"canonical\" href=\"https:\/\/ayore.org\/ayo\/culture\/oral-history\/jomone-yicagoi-ayoreode-jne\/\" \/>\n<meta property=\"og:locale\" content=\"en_US\" \/>\n<meta property=\"og:type\" content=\"article\" \/>\n<meta property=\"og:title\" content=\"Ayore\u0301 Bajade Ore Gojn\u0303ane: Yicagoi Ayor\u00e9ode Jne \u2022 Ayore.org\" \/>\n<meta property=\"og:description\" content=\"Jomon\u00e9 jnusina cinco misione\u0301rone: Chi \u2018cinco mision\u00e9rone\u2019 ore chise Bolivia nanique iji taningap\u00edsode uje c\u00e1ma ayor\u00e9rique yim\u00f3ngo coj\u00f1otique gotic. Que yim\u00f3ngo coj\u00f1one ore a\u00f3rique. Mu edugu\u00e9jnane bajade ore chudute ayor\u00e9ode ore ujnomei enga chi ore d\u00e9ji er\u00e1mi. Ga uje ore\" \/>\n<meta property=\"og:url\" content=\"https:\/\/ayore.org\/ayo\/culture\/oral-history\/jomone-yicagoi-ayoreode-jne\/\" \/>\n<meta property=\"og:site_name\" content=\"AYOR\u00c9.ORG\" \/>\n<meta property=\"article:modified_time\" content=\"2019-03-06T21:19:24+00:00\" \/>\n<meta name=\"twitter:card\" content=\"summary_large_image\" \/>\n<meta name=\"twitter:label1\" content=\"Est. reading time\" \/>\n\t<meta name=\"twitter:data1\" content=\"6 minutes\" \/>\n<script type=\"application\/ld+json\" class=\"yoast-schema-graph\">{\"@context\":\"https:\\\/\\\/schema.org\",\"@graph\":[{\"@type\":\"WebPage\",\"@id\":\"https:\\\/\\\/ayore.org\\\/ayo\\\/culture\\\/oral-history\\\/jomone-yicagoi-ayoreode-jne\\\/\",\"url\":\"https:\\\/\\\/ayore.org\\\/ayo\\\/culture\\\/oral-history\\\/jomone-yicagoi-ayoreode-jne\\\/\",\"name\":\"Ayore\u0301 Bajade Ore Gojn\u0303ane: Yicagoi Ayor\u00e9ode Jne \u2022 Ayore.org\",\"isPartOf\":{\"@id\":\"https:\\\/\\\/ayore.org\\\/#website\"},\"datePublished\":\"2018-08-27T00:36:11+00:00\",\"dateModified\":\"2019-03-06T21:19:24+00:00\",\"breadcrumb\":{\"@id\":\"https:\\\/\\\/ayore.org\\\/ayo\\\/culture\\\/oral-history\\\/jomone-yicagoi-ayoreode-jne\\\/#breadcrumb\"},\"inLanguage\":\"ayo\",\"potentialAction\":[{\"@type\":\"ReadAction\",\"target\":[\"https:\\\/\\\/ayore.org\\\/ayo\\\/culture\\\/oral-history\\\/jomone-yicagoi-ayoreode-jne\\\/\"]}]},{\"@type\":\"BreadcrumbList\",\"@id\":\"https:\\\/\\\/ayore.org\\\/ayo\\\/culture\\\/oral-history\\\/jomone-yicagoi-ayoreode-jne\\\/#breadcrumb\",\"itemListElement\":[{\"@type\":\"ListItem\",\"position\":1,\"name\":\"Jogate bajai tu ude\u0301\",\"item\":\"https:\\\/\\\/ayore.org\\\/ayo\\\/\"},{\"@type\":\"ListItem\",\"position\":2,\"name\":\"Ayore\u0301ode adode, angurenone cucha ore\",\"item\":\"https:\\\/\\\/ayore.org\\\/ayo\\\/culture\\\/\"},{\"@type\":\"ListItem\",\"position\":3,\"name\":\"Ayore\u0301 Bajade Ore Gojn\u0303ane\",\"item\":\"https:\\\/\\\/ayore.org\\\/ayo\\\/culture\\\/oral-history\\\/\"},{\"@type\":\"ListItem\",\"position\":4,\"name\":\"Jomon\u00e9 &#8211; Yicagoi ayor\u00e9ode jne\"}]},{\"@type\":\"WebSite\",\"@id\":\"https:\\\/\\\/ayore.org\\\/#website\",\"url\":\"https:\\\/\\\/ayore.org\\\/\",\"name\":\"AYOR\u00c9.ORG\",\"description\":\"Ayore\u0301ode Uruode, Adode, Jnani bajade ati\u0301go ore \",\"potentialAction\":[{\"@type\":\"SearchAction\",\"target\":{\"@type\":\"EntryPoint\",\"urlTemplate\":\"https:\\\/\\\/ayore.org\\\/?s={search_term_string}\"},\"query-input\":{\"@type\":\"PropertyValueSpecification\",\"valueRequired\":true,\"valueName\":\"search_term_string\"}}],\"inLanguage\":\"ayo\"}]}<\/script>\n<!-- \/ Yoast SEO plugin. -->","yoast_head_json":{"title":"Ayore\u0301 Bajade Ore Gojn\u0303ane: Yicagoi Ayor\u00e9ode Jne \u2022 Ayore.org","robots":{"index":"index","follow":"follow","max-snippet":"max-snippet:-1","max-image-preview":"max-image-preview:large","max-video-preview":"max-video-preview:-1"},"canonical":"https:\/\/ayore.org\/ayo\/culture\/oral-history\/jomone-yicagoi-ayoreode-jne\/","og_locale":"en_US","og_type":"article","og_title":"Ayore\u0301 Bajade Ore Gojn\u0303ane: Yicagoi Ayor\u00e9ode Jne \u2022 Ayore.org","og_description":"Jomon\u00e9 jnusina cinco misione\u0301rone: Chi \u2018cinco mision\u00e9rone\u2019 ore chise Bolivia nanique iji taningap\u00edsode uje c\u00e1ma ayor\u00e9rique yim\u00f3ngo coj\u00f1otique gotic. Que yim\u00f3ngo coj\u00f1one ore a\u00f3rique. Mu edugu\u00e9jnane bajade ore chudute ayor\u00e9ode ore ujnomei enga chi ore d\u00e9ji er\u00e1mi. Ga uje ore","og_url":"https:\/\/ayore.org\/ayo\/culture\/oral-history\/jomone-yicagoi-ayoreode-jne\/","og_site_name":"AYOR\u00c9.ORG","article_modified_time":"2019-03-06T21:19:24+00:00","twitter_card":"summary_large_image","twitter_misc":{"Est. reading time":"6 minutes"},"schema":{"@context":"https:\/\/schema.org","@graph":[{"@type":"WebPage","@id":"https:\/\/ayore.org\/ayo\/culture\/oral-history\/jomone-yicagoi-ayoreode-jne\/","url":"https:\/\/ayore.org\/ayo\/culture\/oral-history\/jomone-yicagoi-ayoreode-jne\/","name":"Ayore\u0301 Bajade Ore Gojn\u0303ane: Yicagoi Ayor\u00e9ode Jne \u2022 Ayore.org","isPartOf":{"@id":"https:\/\/ayore.org\/#website"},"datePublished":"2018-08-27T00:36:11+00:00","dateModified":"2019-03-06T21:19:24+00:00","breadcrumb":{"@id":"https:\/\/ayore.org\/ayo\/culture\/oral-history\/jomone-yicagoi-ayoreode-jne\/#breadcrumb"},"inLanguage":"ayo","potentialAction":[{"@type":"ReadAction","target":["https:\/\/ayore.org\/ayo\/culture\/oral-history\/jomone-yicagoi-ayoreode-jne\/"]}]},{"@type":"BreadcrumbList","@id":"https:\/\/ayore.org\/ayo\/culture\/oral-history\/jomone-yicagoi-ayoreode-jne\/#breadcrumb","itemListElement":[{"@type":"ListItem","position":1,"name":"Jogate bajai tu ude\u0301","item":"https:\/\/ayore.org\/ayo\/"},{"@type":"ListItem","position":2,"name":"Ayore\u0301ode adode, angurenone cucha ore","item":"https:\/\/ayore.org\/ayo\/culture\/"},{"@type":"ListItem","position":3,"name":"Ayore\u0301 Bajade Ore Gojn\u0303ane","item":"https:\/\/ayore.org\/ayo\/culture\/oral-history\/"},{"@type":"ListItem","position":4,"name":"Jomon\u00e9 &#8211; Yicagoi ayor\u00e9ode jne"}]},{"@type":"WebSite","@id":"https:\/\/ayore.org\/#website","url":"https:\/\/ayore.org\/","name":"AYOR\u00c9.ORG","description":"Ayore\u0301ode Uruode, Adode, Jnani bajade ati\u0301go ore ","potentialAction":[{"@type":"SearchAction","target":{"@type":"EntryPoint","urlTemplate":"https:\/\/ayore.org\/?s={search_term_string}"},"query-input":{"@type":"PropertyValueSpecification","valueRequired":true,"valueName":"search_term_string"}}],"inLanguage":"ayo"}]}},"_links":{"self":[{"href":"https:\/\/ayore.org\/ayo\/wp-json\/wp\/v2\/pages\/692","targetHints":{"allow":["GET"]}}],"collection":[{"href":"https:\/\/ayore.org\/ayo\/wp-json\/wp\/v2\/pages"}],"about":[{"href":"https:\/\/ayore.org\/ayo\/wp-json\/wp\/v2\/types\/page"}],"author":[{"embeddable":true,"href":"https:\/\/ayore.org\/ayo\/wp-json\/wp\/v2\/users\/2"}],"replies":[{"embeddable":true,"href":"https:\/\/ayore.org\/ayo\/wp-json\/wp\/v2\/comments?post=692"}],"version-history":[{"count":5,"href":"https:\/\/ayore.org\/ayo\/wp-json\/wp\/v2\/pages\/692\/revisions"}],"predecessor-version":[{"id":3332,"href":"https:\/\/ayore.org\/ayo\/wp-json\/wp\/v2\/pages\/692\/revisions\/3332"}],"up":[{"embeddable":true,"href":"https:\/\/ayore.org\/ayo\/wp-json\/wp\/v2\/pages\/715"}],"wp:attachment":[{"href":"https:\/\/ayore.org\/ayo\/wp-json\/wp\/v2\/media?parent=692"}],"curies":[{"name":"wp","href":"https:\/\/api.w.org\/{rel}","templated":true}]}}