{"id":664,"date":"2018-08-26T23:44:56","date_gmt":"2018-08-26T23:44:56","guid":{"rendered":"https:\/\/ayore.org\/?page_id=664"},"modified":"2019-02-23T03:21:03","modified_gmt":"2019-02-23T03:21:03","slug":"oidabiade-yocayode-ore-todode-cucha","status":"publish","type":"page","link":"https:\/\/ayore.org\/ayo\/culture\/beliefs\/oidabiade-yocayode-ore-todode-cucha\/","title":{"rendered":"Oid\u00e1biad\u00e9 &#8211; Yocayode ore t\u00f3dode cucha"},"content":{"rendered":"<p><strong>\u00a0<\/strong><strong>Yocayode ore t\u00f3dode cucha u udojo iji m\u00f3ntedie nanique:<\/strong><\/p>\n<ol>\n<li><strong><em>gui\u0303or\u00e1tudie adie: <\/em><\/strong>Yocayode ore todo <em>gui\u0303or\u00e1tudie adie<\/em> uje chi pitoringa gar\u00e1toi; j\u00e9 chi \u2018<em>veneno<\/em>\u2019 ga que ore tagu \u00e1raque. Que ore tagu uj\u00f1ieque. Ore ch\u00e3rei ga ore tagu uje chajong\u00f3saja (yupise). Pioi ujuya ga j\u00e9 u uje ore tagu, j\u00e9 que ore tagu gotique uje pioi char\u00f3reguiji. Der\u00e9jna chojm\u00e1ra ga n\u00f3na der\u00e9jna pei te ga, j\u00e9 u jne jeta quene ore tagu.<\/li>\n<li><strong><em>t\u00f3jnanie: <\/em><\/strong>Yingopo to ri\u0303 uje yocayode todo<em> t\u00f3jnanie<\/em>. Yocatedie ore chaca dacarigode iji ga ore churupise dajmainie uje cucha pigais\u00f5re. Ore changu\u00f1era jnumi to aja dajmainie ga ore churu gat\u00e9 ome yodi. Cucha pigais\u00f5re ome chequ\u00e9 bajedie uje chi ore mo ga ore chi\u0303\u0301cara \u2018<em>t\u00f3jna\u2019<\/em> ga ore chimo gaid\u00e9rigui, chequ\u00e9 bajei nanique. Ore chimo gaid\u00e9rigui (to experience what you dream). Uje ore chaca dacarigode iji <em>t\u00f3jna<\/em> otadi to, ga ore chusipise deo ome. Ore todo to ome gapu par\u00e9raque ujetiga chichagu <em>t\u00f3jna<\/em> to ga ji\u0303raque iyoi chise to iji jnumi.<\/li>\n<li><strong><em>cani\u00f3jnane: <\/em><\/strong>J\u00e9 aja <em>cani\u00f3jnane<\/em> uje ore chichagu ga ore iyoi chise to ga que gapu par\u00e9 chi chagu to.<\/li>\n<li><strong><em>abuedie adie: <\/em><\/strong>Yitod\u00f3gopo <em>abuedie<\/em> ri\u0303. Uje adie aoi gat\u00edjna udire ga adie ajei gat\u00edjna to. Uje chi ore uchai uaj\u00e1diji enga jnani bajai chojninga: \u201cYiyam\u00fango adie to.\u201d Ga ore todo. Ore todo ga ore yamua ga p\u00e9su ore ur\u00f5soringu\u00e9one. Ore uchai ga uajate ore uchai. Udojo u nanique yocayode ore t\u00f3dode cucha iji montedie. Uje yocayode yamua ga isocai j\u00e9 u <em>abuedie<\/em> uquid\u00e9. Uchai uajate ga p\u00e9su ore ur\u00f5soringu\u00e9one.<\/li>\n<li><strong><em>datuadie<\/em><\/strong><strong>, <em>porade: <\/em><\/strong><em>Datuadie<\/em>, <em>porade<\/em> jnese uje yiyam\u00fango.<\/li>\n<li><strong><em>esodie: <\/em><\/strong>Ore todedie pori, mu u\u00f1anie qu\u00e9 d\u00e9ji: ore tode <em>esodie <\/em>udire iji dati ri\u0303. Chi ore tagur\u00e1su ga chi ore chinire aj\u00f1unie gai aja ga ore yamua. Ore uchai uaj\u00e1diji ga ore yamua ga ore todop\u00edsa. Ga que ore tagu aj\u00f1unie.<\/li>\n<li><strong><em>du\u0303janie: <\/em><\/strong>Ore todopo <em>du\u0303janie<\/em> adie ri\u0303 ga isocai j\u00e9 u uje chi ore tagu adie ga ore tagu aj\u00f1unie gai ga ore yamua.<\/li>\n<li><strong><em>mimirenie aj\u00f1unie<\/em><\/strong><strong>: <\/strong>Yocayode todopo udire ri\u0303 <em>mimirenie aj\u00f1unie<\/em>. Uje ore chij\u00e1ro aj\u00f1unie ga ore tagu uhui (\u00e3ri). Udire <em>mimirenie aj\u00f1unie<\/em> enga ore yamua ga p\u00e9su ore ur\u00f5soringu\u00e9one to.<\/li>\n<li><strong><em>cuyadie<\/em><\/strong><strong>: <\/strong>Yocayode ore todo <em>cuyadie<\/em> ri\u0303 nanique. Que yaj\u00edgo uje que pajipid\u00e9 uje chiese yoc\u00e1quirigo ore chi\u0303\u0301cara iji damoi te ga ore toi. Ore todopo ri\u0303 iji \u00faringanie piqueta uje chiese co\u0303\u0301ra gosite gai ga imone u carataque chag\u00faode uje tagu ore.<\/li>\n<li><strong><em>cuya ed\u00f3raque<\/em><\/strong><em>:<\/em> Chequ\u00e9raque uje tagu <em>cuya ed\u00f3raque<\/em>, jeta got\u00f3a tagu ga imoi tu uje abai chuj\u00e9 edodie.<\/li>\n<li><strong><em>er\u00e1moro uchade<\/em><\/strong>: Yocayode ore todo <em>er\u00e1moro uchade<\/em> ri\u0303. Uje chuchi ga ore todo ga ore chiqueta uchai jogadi ga que taj\u00eda gotique ri\u0303. Chiese ore chi\u0303\u0301cara uchai to ga <em>er\u00e1moro <\/em>ujopie doi ore to.<\/li>\n<li><strong><em>arosedie pori<\/em><\/strong><strong>:<\/strong> Ore todopo <em>arosedie pori<\/em> ri\u0303 (trees where deer have rubbed the bark with their antlers) uje <em>er\u00e1moronie<\/em> char\u00f3sosi dar\u00e9bidie aja poridie. Ore chiqueta poria ero ga pioi tagu arosip\u00eddi.<\/li>\n<li><strong><em>ar\u00facodie igasigode<\/em><\/strong><strong>:<\/strong> Ore todo <em>ar\u00facodie igasigode<\/em> (scratch marks) ore ri\u0303 iji montedie. Que ore tajia ar\u00facodie igasitique, yocatedie.<\/li>\n<li><strong><em>yaj\u00f3guedie igasigode<\/em><\/strong><strong>:<\/strong> Ore todopo <em>yaj\u00f3guedie igasigode<\/em> ri\u0303 iji montedie ga que ore tajia yaj\u00f3gueraque igasitique. Ga ore chiqueta udore igasigode ga chiese cuchade inoningayaso\u0303\u0301ri u pioi nanique.<\/li>\n<li><strong><em>pijode<\/em><\/strong><strong>:<\/strong> Ore todopo <em>pijode<\/em> ri\u0303 uje cuchade umutade ga que ore taj\u00eda. Uje cucha ajnam\u00e9cho ga ore todo. Ga chuch\u00edja ga ore todo ga que ore c\u00e1si cuch\u00e1rique udojo nanique ri\u0303. Chiese cuchisode doi ore nanique ga ore todopis ajnam\u00e9one daj\u00e9cho pijo.<\/li>\n<li><strong><em>cuchisode uchade: <\/em><\/strong>Ore todop\u00edsa cuchisode\/ayor\u00e9ode ore uchade.<\/li>\n<li><strong><em>yocade<\/em><\/strong><strong>: <\/strong>Ore todo <em>yocade<\/em> ri\u0303 uje yajo yocade udore iji dati. Ore todo. Enga que ore c\u00e1si ati dis\u00edrique yijn\u00e1ngo yoquijman\u00e9raque iji. Ore todo uje chi yi\u0303\u0301caco <em>yocai<\/em> ga jno yoc\u00fadi.<\/li>\n<li><strong><em>yajogue:<\/em><\/strong> Ore todopo <em>yajogue<\/em> duquid\u00e9 (uquid\u00e9) ga que yijn\u00e1ngo yoquijman\u00e9raque iji (have to wash). Chi yoc\u00e1quiode ore chi\u0303\u0301cara <em>yaj\u00f3guedie<\/em> ga chi doi ore ga <em>yajogue<\/em> cho re iji ayor\u00e9rique ut\u00e9 ga doi yajogue isocade to ga chi ore chibica jnumone. Ore chi\u0303\u0301cara ga ore doi ore ga que ore c\u00e1si ati yijnangoi pijman\u00e9ranguiji. Ga udojo yoquit\u00f3dode cucha yoc\u00e1quiode.<\/li>\n<li><strong><em>ajaram\u00e9one<\/em><\/strong><strong>:<\/strong> Jiei yoc\u00e1quiode t\u00f3dode cucha nanique ga ore todo <em>ajaram\u00e9one<\/em> ri\u0303. <em>Ajaram\u00e9one<\/em> ga chi ayor\u00e9ode chi\u0303\u0301cara ajaram\u00e9one ga ore toi, jeoga jnopo ore \u00fadi ri\u0303. Ga chiese j\u00e9 chichaga raja <em>poj\u00edode<\/em> ome ore to nanique ri\u0303, <em>ajaram\u00e9one<\/em>. Uje ore chi\u0303\u0301cara ga chequ\u00e9s\u00e3re u\u00f1ane; jno u\u00f1ane \u00fadi; yoc\u00e1quiode ore t\u00f3dode cucha.<\/li>\n<li><strong><em>yacorenie<\/em><\/strong><strong>:<\/strong> Ore churu dajm\u00e1inie uje ore tagu <em>yacorenie<\/em> arione uje ore todo \u00edo gu. Ore todo <em>yacorenie<\/em> ga chiese yacorenie udire ore chimo gaitique ayor\u00e9 ga ore todop\u00edsa ga que porid\u00e9 pijman\u00e9ranguiji. Enga ore todopo jochade gu\u00edpie to ri\u0303. Uje chi ore chimo gait\u00edgo ga jno ore \u00fadi to udore ore uje ore chi\u0303\u0301cara. Jiep\u00edsi yoc\u00e1quiode ore todode cucha.<\/li>\n<\/ol>\n<p><strong><em>\u00a0<\/em><\/strong><strong><em>Udojo yocayode todode cucha nanique iji montedie:<\/em><\/strong><\/p>\n<p>Yocayode, yocatedie ore ga ore todo jnese ri\u0303. (Yuruode u udojo uje quer\u00e9nga yiraja yocayode t\u00f3dode cucha to.) Enga yocayode ore chiquetame ore t\u00f3dode cucha nanique. Ga jiei yocayode t\u00f3dode cucha nanique.<\/p>\n<p>Jiep\u00edsi yocayode t\u00f3dode cucha nanique. Ga disi ejode ica ga j\u00e9 yajn\u00e1ngo ore quigade ome ore t\u00f3dode cucha.<\/p>\n<p>Mu dire ejoi dich\u00e1ca tud\u00e9 que yitod\u00f3gopo cuchade ri\u0303. Ga yiraj\u00e1go udore ome coj\u00f1one uje que cucha puy\u00e1tique cus ome Dupade. Ga cuchade choqui guesode ome yoque nanique ga je yitod\u00f3go cuchade nanique. Yitod\u00f3go nanique ga j\u00e9 jno d\u00e1di ome yoque \u00faringane pit\u00f3cho uje yoc\u00e1quiode chi\u0303\u0301cara cuchade ga doi ore.<\/p>\n<p><strong><em>\u00a0<\/em><\/strong><strong><em>Oid\u00e1biad\u00e9 chatata Dejab\u00ed adode:<\/em><\/strong><\/p>\n<p>Dejabi ore tagu yacorenie arione nanique iji Campo Loro. Enga tibibi dajorane enga chingo ore uje io jmainie, enga chojninga: \u201cA ca yuru yijmanie jne. A yimo jne enga a ca yi\u0303\u0301cara ga a ca yacorenie doi yu jne enga ca jno y\u00fadi to jne. A ca cuch\u00e1rique chosi ti iji yu jne.\u201d<\/p>\n<p>Uruode chajuque dojode ayor\u00e9o agutedie. E ore mo jnese. Mu uje e dire enga ore chojninga: \u201cDejab\u00ed, \u00bfj\u00e9 areque ua ya?\u201d<\/p>\n<p>Enga Dejab\u00ed chajnai enga chojninga: \u201cJ\u00e9 areguip\u00edse yu \u00e3r\u00ede.\u201d<\/p>\n<p>Mu unojo quigade enga jmainie dorite.<\/p>\n<p>Enga jorane jnanio ore chojninga: \u201cYacorenie a u j\u00f5.\u201d<\/p>\n<p>Mu Dejabi chojninga: \u201cQue u go. A yoc\u00e1quiode jmainie dorite nanique ga ore p\u00e9su daruode ujetiga doj\u00f3rigo ayor\u00e9 ore todo enga ore churu dajmainie uje ore tagu yacorenie arione.\u201d<\/p>\n<p><strong><em>\u00a0<\/em><\/strong><strong><em>Chi yoc\u00e1quiode ore todopo cabay\u00faode to ri\u0303:<\/em><\/strong><\/p>\n<p>Yoc\u00e1quiode ore todopo <em>cabay\u00faode<\/em> to ri\u0303, dajes\u00faode, paode quigueb\u00e9ode ijode uje chi doi ore ga chi ore t\u00e3re ome. Uricaitade uje ore chi\u0303\u0301cara ore chuchi jnumone p\u00f5-p\u00f5-p\u00f5. Ore todo umutade (quiguebei) ga ore taj\u00eda ti yui ome arodie qui ri\u0303, uchade ore. Enga qu\u00e9 ore t\u00f3dode u\u00f1\u00e9ngo cuse uje ji\u00e9pisi ore t\u00f3dode iji montedie gu.<\/p>\n<p><strong><em>\u00a0<\/em><\/strong><strong><em>Chi yoc\u00e1quiode ore todopo coj\u00f1one gachidode to ri\u0303:<\/em><\/strong><\/p>\n<p>Ore todopo an\u00edrenie ri\u0303 uacachidedie <em>aquir\u00e1jnanie<\/em>. Que ore c\u00e1si ati uch\u00e1tique d\u00e9ji ore gateras\u00farique. Que ore casi ati ore cho deg\u00faji umut\u00e1tic. Chi v\u00e1cadie doi ore to uje yoc\u00e1quiode gachid\u00e9 u to nanique, ga chi ore chi\u0303\u0301cara ga chiese ore chimo gaitique cucha uje ore gachid\u00e9 u to nanique.<\/p>\n<p><strong><em>\u00a0<\/em><\/strong><strong><em>Jnani bajade u\u00f1engo ore umut\u00e1jna jiei:<\/em><\/strong><\/p>\n<p>Que ore casi ati pajiripite umat\u00e1tique iji udore yocunirone udore. Enga yim\u00f3ngo to nanique uje coj\u00f1one a ore chuj\u00e9 \u00f1ane iji yocunirone udojo nanique ga ore umut\u00e1jna jiei. Ga yim\u00f3ngo ore umut\u00e1jnane ga jnacare bajaque chi qu\u00e9 ore chuj\u00e9 iji. Que yiraja ore to jnani bajade u\u00f1engo.<\/p>\n<p><em>Oid\u00e1biad\u00e9 \u2013 Campo Loro, Paraguay \u2013 1988.<\/em><\/p>\n<p><em>Marina de Morarie chur\u00fas\u00e3re Oid\u00e1biad\u00e9 atatagode udojo nanique.<\/em><\/p>\n<div class=\"navigation\"><div class=\"alignleft\"><a href=\"https:\/\/ayore.org\/ayo\/culture\/beliefs\/oidabiade-ore-chise-diri\/\"title=\"Oid\u00e1biad\u00e9 &#8211; Ore chise &#8216;diri&#8217;\"><img loading=\"lazy\" decoding=\"async\" src=\"https:\/\/ayore.org\/wp-content\/uploads\/2018\/10\/left-arrow.png\" width=\"50\" height=\"48\" alt=\"left arrow\"><\/a><\/div><div class=\"alignright\"><a href=\"https:\/\/ayore.org\/ayo\/culture\/beliefs\/oidabiade-ore-pijnane-aja-guede\/\"title=\"Oid\u00e1biad\u00e9 &#8211; Ore pijnane aja gued\u00e9\"><img loading=\"lazy\" decoding=\"async\" src=\"https:\/\/ayore.org\/wp-content\/uploads\/2018\/10\/right-arrow.png\" width=\"50\" height=\"48\" alt=\"right arrow\"><\/a><\/div>\n","protected":false},"excerpt":{"rendered":"<p>\u00a0Yocayode ore t\u00f3dode cucha u udojo iji m\u00f3ntedie nanique: gui\u0303or\u00e1tudie adie: Yocayode ore todo gui\u0303or\u00e1tudie adie uje chi pitoringa gar\u00e1toi; j\u00e9 chi \u2018veneno\u2019 ga que ore tagu \u00e1raque. Que ore tagu uj\u00f1ieque. Ore ch\u00e3rei ga ore tagu uje chajong\u00f3saja (yupise).<\/p>\n","protected":false},"author":2,"featured_media":0,"parent":703,"menu_order":0,"comment_status":"closed","ping_status":"closed","template":"","meta":{"footnotes":""},"class_list":["post-664","page","type-page","status-publish","hentry"],"yoast_head":"<!-- This site is optimized with the Yoast SEO plugin v27.4 - https:\/\/yoast.com\/product\/yoast-seo-wordpress\/ -->\n<title>Ayore\u0301ode Anguretigade Cucha: Yocayode Ore T\u00f3dode Cucha \u2022 Ayore.org<\/title>\n<meta name=\"robots\" content=\"index, follow, max-snippet:-1, max-image-preview:large, max-video-preview:-1\" \/>\n<link rel=\"canonical\" href=\"https:\/\/ayore.org\/ayo\/culture\/beliefs\/oidabiade-yocayode-ore-todode-cucha\/\" \/>\n<meta property=\"og:locale\" content=\"en_US\" \/>\n<meta property=\"og:type\" content=\"article\" \/>\n<meta property=\"og:title\" content=\"Ayore\u0301ode Anguretigade Cucha: Yocayode Ore T\u00f3dode Cucha \u2022 Ayore.org\" \/>\n<meta property=\"og:description\" content=\"\u00a0Yocayode ore t\u00f3dode cucha u udojo iji m\u00f3ntedie nanique: gui\u0303or\u00e1tudie adie: Yocayode ore todo gui\u0303or\u00e1tudie adie uje chi pitoringa gar\u00e1toi; j\u00e9 chi \u2018veneno\u2019 ga que ore tagu \u00e1raque. Que ore tagu uj\u00f1ieque. Ore ch\u00e3rei ga ore tagu uje chajong\u00f3saja (yupise).\" \/>\n<meta property=\"og:url\" content=\"https:\/\/ayore.org\/ayo\/culture\/beliefs\/oidabiade-yocayode-ore-todode-cucha\/\" \/>\n<meta property=\"og:site_name\" content=\"AYOR\u00c9.ORG\" \/>\n<meta property=\"article:modified_time\" content=\"2019-02-23T03:21:03+00:00\" \/>\n<meta name=\"twitter:card\" content=\"summary_large_image\" \/>\n<meta name=\"twitter:label1\" content=\"Est. reading time\" \/>\n\t<meta name=\"twitter:data1\" content=\"7 minutes\" \/>\n<script type=\"application\/ld+json\" class=\"yoast-schema-graph\">{\"@context\":\"https:\\\/\\\/schema.org\",\"@graph\":[{\"@type\":\"WebPage\",\"@id\":\"https:\\\/\\\/ayore.org\\\/ayo\\\/culture\\\/beliefs\\\/oidabiade-yocayode-ore-todode-cucha\\\/\",\"url\":\"https:\\\/\\\/ayore.org\\\/ayo\\\/culture\\\/beliefs\\\/oidabiade-yocayode-ore-todode-cucha\\\/\",\"name\":\"Ayore\u0301ode Anguretigade Cucha: Yocayode Ore T\u00f3dode Cucha \u2022 Ayore.org\",\"isPartOf\":{\"@id\":\"https:\\\/\\\/ayore.org\\\/#website\"},\"datePublished\":\"2018-08-26T23:44:56+00:00\",\"dateModified\":\"2019-02-23T03:21:03+00:00\",\"breadcrumb\":{\"@id\":\"https:\\\/\\\/ayore.org\\\/ayo\\\/culture\\\/beliefs\\\/oidabiade-yocayode-ore-todode-cucha\\\/#breadcrumb\"},\"inLanguage\":\"ayo\",\"potentialAction\":[{\"@type\":\"ReadAction\",\"target\":[\"https:\\\/\\\/ayore.org\\\/ayo\\\/culture\\\/beliefs\\\/oidabiade-yocayode-ore-todode-cucha\\\/\"]}]},{\"@type\":\"BreadcrumbList\",\"@id\":\"https:\\\/\\\/ayore.org\\\/ayo\\\/culture\\\/beliefs\\\/oidabiade-yocayode-ore-todode-cucha\\\/#breadcrumb\",\"itemListElement\":[{\"@type\":\"ListItem\",\"position\":1,\"name\":\"Jogate bajai tu ude\u0301\",\"item\":\"https:\\\/\\\/ayore.org\\\/ayo\\\/\"},{\"@type\":\"ListItem\",\"position\":2,\"name\":\"Ayore\u0301ode adode, angurenone cucha ore\",\"item\":\"https:\\\/\\\/ayore.org\\\/ayo\\\/culture\\\/\"},{\"@type\":\"ListItem\",\"position\":3,\"name\":\"Ayore\u0301ode Anguretigade Cucha\",\"item\":\"https:\\\/\\\/ayore.org\\\/ayo\\\/culture\\\/beliefs\\\/\"},{\"@type\":\"ListItem\",\"position\":4,\"name\":\"Oid\u00e1biad\u00e9 &#8211; Yocayode ore t\u00f3dode cucha\"}]},{\"@type\":\"WebSite\",\"@id\":\"https:\\\/\\\/ayore.org\\\/#website\",\"url\":\"https:\\\/\\\/ayore.org\\\/\",\"name\":\"AYOR\u00c9.ORG\",\"description\":\"Ayore\u0301ode Uruode, Adode, Jnani bajade ati\u0301go ore \",\"potentialAction\":[{\"@type\":\"SearchAction\",\"target\":{\"@type\":\"EntryPoint\",\"urlTemplate\":\"https:\\\/\\\/ayore.org\\\/?s={search_term_string}\"},\"query-input\":{\"@type\":\"PropertyValueSpecification\",\"valueRequired\":true,\"valueName\":\"search_term_string\"}}],\"inLanguage\":\"ayo\"}]}<\/script>\n<!-- \/ Yoast SEO plugin. -->","yoast_head_json":{"title":"Ayore\u0301ode Anguretigade Cucha: Yocayode Ore T\u00f3dode Cucha \u2022 Ayore.org","robots":{"index":"index","follow":"follow","max-snippet":"max-snippet:-1","max-image-preview":"max-image-preview:large","max-video-preview":"max-video-preview:-1"},"canonical":"https:\/\/ayore.org\/ayo\/culture\/beliefs\/oidabiade-yocayode-ore-todode-cucha\/","og_locale":"en_US","og_type":"article","og_title":"Ayore\u0301ode Anguretigade Cucha: Yocayode Ore T\u00f3dode Cucha \u2022 Ayore.org","og_description":"\u00a0Yocayode ore t\u00f3dode cucha u udojo iji m\u00f3ntedie nanique: gui\u0303or\u00e1tudie adie: Yocayode ore todo gui\u0303or\u00e1tudie adie uje chi pitoringa gar\u00e1toi; j\u00e9 chi \u2018veneno\u2019 ga que ore tagu \u00e1raque. Que ore tagu uj\u00f1ieque. Ore ch\u00e3rei ga ore tagu uje chajong\u00f3saja (yupise).","og_url":"https:\/\/ayore.org\/ayo\/culture\/beliefs\/oidabiade-yocayode-ore-todode-cucha\/","og_site_name":"AYOR\u00c9.ORG","article_modified_time":"2019-02-23T03:21:03+00:00","twitter_card":"summary_large_image","twitter_misc":{"Est. reading time":"7 minutes"},"schema":{"@context":"https:\/\/schema.org","@graph":[{"@type":"WebPage","@id":"https:\/\/ayore.org\/ayo\/culture\/beliefs\/oidabiade-yocayode-ore-todode-cucha\/","url":"https:\/\/ayore.org\/ayo\/culture\/beliefs\/oidabiade-yocayode-ore-todode-cucha\/","name":"Ayore\u0301ode Anguretigade Cucha: Yocayode Ore T\u00f3dode Cucha \u2022 Ayore.org","isPartOf":{"@id":"https:\/\/ayore.org\/#website"},"datePublished":"2018-08-26T23:44:56+00:00","dateModified":"2019-02-23T03:21:03+00:00","breadcrumb":{"@id":"https:\/\/ayore.org\/ayo\/culture\/beliefs\/oidabiade-yocayode-ore-todode-cucha\/#breadcrumb"},"inLanguage":"ayo","potentialAction":[{"@type":"ReadAction","target":["https:\/\/ayore.org\/ayo\/culture\/beliefs\/oidabiade-yocayode-ore-todode-cucha\/"]}]},{"@type":"BreadcrumbList","@id":"https:\/\/ayore.org\/ayo\/culture\/beliefs\/oidabiade-yocayode-ore-todode-cucha\/#breadcrumb","itemListElement":[{"@type":"ListItem","position":1,"name":"Jogate bajai tu ude\u0301","item":"https:\/\/ayore.org\/ayo\/"},{"@type":"ListItem","position":2,"name":"Ayore\u0301ode adode, angurenone cucha ore","item":"https:\/\/ayore.org\/ayo\/culture\/"},{"@type":"ListItem","position":3,"name":"Ayore\u0301ode Anguretigade Cucha","item":"https:\/\/ayore.org\/ayo\/culture\/beliefs\/"},{"@type":"ListItem","position":4,"name":"Oid\u00e1biad\u00e9 &#8211; Yocayode ore t\u00f3dode cucha"}]},{"@type":"WebSite","@id":"https:\/\/ayore.org\/#website","url":"https:\/\/ayore.org\/","name":"AYOR\u00c9.ORG","description":"Ayore\u0301ode Uruode, Adode, Jnani bajade ati\u0301go ore ","potentialAction":[{"@type":"SearchAction","target":{"@type":"EntryPoint","urlTemplate":"https:\/\/ayore.org\/?s={search_term_string}"},"query-input":{"@type":"PropertyValueSpecification","valueRequired":true,"valueName":"search_term_string"}}],"inLanguage":"ayo"}]}},"_links":{"self":[{"href":"https:\/\/ayore.org\/ayo\/wp-json\/wp\/v2\/pages\/664","targetHints":{"allow":["GET"]}}],"collection":[{"href":"https:\/\/ayore.org\/ayo\/wp-json\/wp\/v2\/pages"}],"about":[{"href":"https:\/\/ayore.org\/ayo\/wp-json\/wp\/v2\/types\/page"}],"author":[{"embeddable":true,"href":"https:\/\/ayore.org\/ayo\/wp-json\/wp\/v2\/users\/2"}],"replies":[{"embeddable":true,"href":"https:\/\/ayore.org\/ayo\/wp-json\/wp\/v2\/comments?post=664"}],"version-history":[{"count":4,"href":"https:\/\/ayore.org\/ayo\/wp-json\/wp\/v2\/pages\/664\/revisions"}],"predecessor-version":[{"id":3031,"href":"https:\/\/ayore.org\/ayo\/wp-json\/wp\/v2\/pages\/664\/revisions\/3031"}],"up":[{"embeddable":true,"href":"https:\/\/ayore.org\/ayo\/wp-json\/wp\/v2\/pages\/703"}],"wp:attachment":[{"href":"https:\/\/ayore.org\/ayo\/wp-json\/wp\/v2\/media?parent=664"}],"curies":[{"name":"wp","href":"https:\/\/api.w.org\/{rel}","templated":true}]}}