{"id":646,"date":"2018-08-26T23:19:45","date_gmt":"2018-08-26T23:19:45","guid":{"rendered":"https:\/\/ayore.org\/?page_id=646"},"modified":"2019-02-15T00:02:22","modified_gmt":"2019-02-15T00:02:22","slug":"cajoide-ore-chipotingara-potadie","status":"publish","type":"page","link":"https:\/\/ayore.org\/ayo\/culture\/beliefs\/cajoide-ore-chipotingara-potadie\/","title":{"rendered":"Cajoid\u00e9 &#8211; Ore chipoting\u00e1ra potadie"},"content":{"rendered":"<p><strong>Potadie \u2013 Taboidie Ore<\/strong><\/p>\n<p><strong>\u00a0<\/strong><\/p>\n<p>Ore chub\u00fachu uje duras\u00e9 enga ore chipoting\u00e1ra. Ore chuj\u00e9 cucha ur\u00f5sode enga ore chig\u00f3jna gai. Ore chipoting\u00e1ra (potadie) uje ore doi tab\u00f3idie. Cucha ur\u00f5sode chimate date ur\u00f5sode ga ayor\u00e9ode u u\u00f1ane, j\u00e9 aja caratade, aquir\u00e1jnane, coj\u00f1one ore to.<\/p>\n<p>Ore doi taboidie uje ore jnusina iyode. Uje gued\u00e9 e d\u00e9ji jnumi enga ore chipotingare. Ore cho j\u00f3no-j\u00f3no.\u00a0 Chojm\u00e1ra ayorei uje chipotingare.<\/p>\n<p>Ore chuj\u00e9 degode ica mu ore jnusina ga ore doi tab\u00f3idie. Jnacarode, jnanione ore p\u00e9su taboidie jnese. Ga ore jno uje gued\u00e9 j\u00e9 par\u00e1ta. Ga ore chipese cutep\u00e9ode aja dajes\u00faode uje que ore taque to. Jnanip\u00edsode uje ore cuta ga ore ch\u00e1cariji deg\u00fai. Mu uje uyatac ore enga ore doi jnese.<\/p>\n<p>Gare ore cat\u00f3jadie uje ore chijnoque. Ore gajneque u\u00f1ai, j\u00e9 basa ga ore acotei gajneque u\u00f1ai. Ore di cutep\u00e9ode \u00fadi enga ore p\u00e9su taboidie iji deg\u00fai.<\/p>\n<p>Ore tibidi dajorane enga ore chojninga: \u201cBeyoi iyoi te jne a.\u201d<\/p>\n<p>Ga ore turua gueguerade, ore chiporigase dabai ome gueguerade. Ore baque ga ore doi cutep\u00e9ode. Ore chijnime dagat\u00f3ja iji depei. Ore jno \u00fadi ome dacotei. Ore chisi ome \u00f1ane.<\/p>\n<p>Jeoga yoca, ga ore chisi ome \u00f1ane to. Ore c\u00e3ra ore gat\u00f3jadie. Ore te\u0303ra daborade ome dacot\u00e9ode.<\/p>\n<p>Picaneraque gosi ga Cutam\u00farajane u ut\u00e9 gosi acot\u00e9ode. \u00c9tac\u00f5rone que toc jeta ore tagu dabor\u00e1rique uje uerate ore gu. Ga ore chisi ome ore jnese.\u00a0 Que \u00c9tac\u00f5rone tagu poc\u00e1idode uje uerate ore gu. Dutu\u00e9 utiedie ga \u00c9tac\u00f5rone uerate ga que ore tagu dutu\u00e9 utiedie.<\/p>\n<p><strong><em>\u00a0<\/em><\/strong><strong><em>Pocaidode:<\/em><\/strong><\/p>\n<p>Ore ininaqu\u00e9o iji dire chojm\u00e3ra.<\/p>\n<p>Uje ore chisi ome dacot\u00e9ode uje ore acade jiei ga ore p\u00e9su<em> poc\u00e1idode<\/em> ga ore chisi sequeredie gajn\u00e9one cucha ome dacot\u00e9ode. Ore chojningame dacotei: \u201cYip\u00e9su yaj\u00f3ningarique ome yacotei.\u201d Ore acot\u00e9ode ore poso ore ipesudi pocai.<\/p>\n<p>Ore chojninga: \u201cYicopoi dirome ri\u0303, que yajo yoquibotique iji bajai,\u201d ga ore dopoi ri\u0303.\u00a0 Ore tujuap\u00f3ja ri\u0303.<\/p>\n<p>Ga ore ch\u00e9c\u00e3re dagaidi cuchai iyoi, jeoga ayor\u00e9 iyoi ga coj\u00f1oi iyoi ejoi, jeoga caratai tu.<\/p>\n<p>Chequedie ore todo cucha ur\u00f5sode iyode ga que ore tagu. J\u00e9 basa ga jeta ore tagu ga tagu ore aj\u00e9ode.<em>\u00a0<\/em><\/p>\n<p><em>Cajoid\u00e9 \u2013 Campo Loro, Paraguay \u2013 1985.<\/em><\/p>\n<p><em>Marina de Morarie chur\u00fas\u00e3re Cajoid\u00e9 atatagode udojo.<\/em><\/p>\n<div class=\"navigation\"><div class=\"alignleft\"><a href=\"https:\/\/ayore.org\/ayo\/culture\/beliefs\/cajoide-ore-tare-gai\/\"title=\"Cajoid\u00e9 &#8211; Ore t\u00e3re gai\"><img loading=\"lazy\" decoding=\"async\" src=\"https:\/\/ayore.org\/wp-content\/uploads\/2018\/10\/left-arrow.png\" width=\"50\" height=\"48\" alt=\"left arrow\"><\/a><\/div><div class=\"alignright\"><a href=\"https:\/\/ayore.org\/ayo\/culture\/beliefs\/iquide-chugupere-cho-dajnare\/\"title=\"\u00cdquede &#8211; Chug\u00fap\u1ebdre cho daj\u00f1are\"><img loading=\"lazy\" decoding=\"async\" src=\"https:\/\/ayore.org\/wp-content\/uploads\/2018\/10\/right-arrow.png\" width=\"50\" height=\"48\" alt=\"right arrow\"><\/a><\/div>\n","protected":false},"excerpt":{"rendered":"<p>Potadie \u2013 Taboidie Ore \u00a0 Ore chub\u00fachu uje duras\u00e9 enga ore chipoting\u00e1ra. Ore chuj\u00e9 cucha ur\u00f5sode enga ore chig\u00f3jna gai. Ore chipoting\u00e1ra (potadie) uje ore doi tab\u00f3idie. Cucha ur\u00f5sode chimate date ur\u00f5sode ga ayor\u00e9ode u u\u00f1ane, j\u00e9 aja caratade, aquir\u00e1jnane,<\/p>\n","protected":false},"author":2,"featured_media":0,"parent":703,"menu_order":0,"comment_status":"closed","ping_status":"closed","template":"","meta":{"footnotes":""},"class_list":["post-646","page","type-page","status-publish","hentry"],"yoast_head":"<!-- This site is optimized with the Yoast SEO plugin v27.4 - https:\/\/yoast.com\/product\/yoast-seo-wordpress\/ -->\n<title>Cajoid\u00e9 - Ore chipoting\u00e1ra potadie &#8226; AYOR\u00c9.ORG<\/title>\n<meta name=\"robots\" content=\"index, follow, max-snippet:-1, max-image-preview:large, max-video-preview:-1\" \/>\n<link rel=\"canonical\" href=\"https:\/\/ayore.org\/ayo\/culture\/beliefs\/cajoide-ore-chipotingara-potadie\/\" \/>\n<meta property=\"og:locale\" content=\"en_US\" \/>\n<meta property=\"og:type\" content=\"article\" \/>\n<meta property=\"og:title\" content=\"Cajoid\u00e9 - Ore chipoting\u00e1ra potadie &#8226; AYOR\u00c9.ORG\" \/>\n<meta property=\"og:description\" content=\"Potadie \u2013 Taboidie Ore \u00a0 Ore chub\u00fachu uje duras\u00e9 enga ore chipoting\u00e1ra. Ore chuj\u00e9 cucha ur\u00f5sode enga ore chig\u00f3jna gai. Ore chipoting\u00e1ra (potadie) uje ore doi tab\u00f3idie. Cucha ur\u00f5sode chimate date ur\u00f5sode ga ayor\u00e9ode u u\u00f1ane, j\u00e9 aja caratade, aquir\u00e1jnane,\" \/>\n<meta property=\"og:url\" content=\"https:\/\/ayore.org\/ayo\/culture\/beliefs\/cajoide-ore-chipotingara-potadie\/\" \/>\n<meta property=\"og:site_name\" content=\"AYOR\u00c9.ORG\" \/>\n<meta property=\"article:modified_time\" content=\"2019-02-15T00:02:22+00:00\" \/>\n<meta name=\"twitter:card\" content=\"summary_large_image\" \/>\n<meta name=\"twitter:label1\" content=\"Est. reading time\" \/>\n\t<meta name=\"twitter:data1\" content=\"2 minutes\" \/>\n<script type=\"application\/ld+json\" class=\"yoast-schema-graph\">{\"@context\":\"https:\\\/\\\/schema.org\",\"@graph\":[{\"@type\":\"WebPage\",\"@id\":\"https:\\\/\\\/ayore.org\\\/ayo\\\/culture\\\/beliefs\\\/cajoide-ore-chipotingara-potadie\\\/\",\"url\":\"https:\\\/\\\/ayore.org\\\/ayo\\\/culture\\\/beliefs\\\/cajoide-ore-chipotingara-potadie\\\/\",\"name\":\"Cajoid\u00e9 - Ore chipoting\u00e1ra potadie &#8226; AYOR\u00c9.ORG\",\"isPartOf\":{\"@id\":\"https:\\\/\\\/ayore.org\\\/#website\"},\"datePublished\":\"2018-08-26T23:19:45+00:00\",\"dateModified\":\"2019-02-15T00:02:22+00:00\",\"breadcrumb\":{\"@id\":\"https:\\\/\\\/ayore.org\\\/ayo\\\/culture\\\/beliefs\\\/cajoide-ore-chipotingara-potadie\\\/#breadcrumb\"},\"inLanguage\":\"ayo\",\"potentialAction\":[{\"@type\":\"ReadAction\",\"target\":[\"https:\\\/\\\/ayore.org\\\/ayo\\\/culture\\\/beliefs\\\/cajoide-ore-chipotingara-potadie\\\/\"]}]},{\"@type\":\"BreadcrumbList\",\"@id\":\"https:\\\/\\\/ayore.org\\\/ayo\\\/culture\\\/beliefs\\\/cajoide-ore-chipotingara-potadie\\\/#breadcrumb\",\"itemListElement\":[{\"@type\":\"ListItem\",\"position\":1,\"name\":\"Jogate bajai tu ude\u0301\",\"item\":\"https:\\\/\\\/ayore.org\\\/ayo\\\/\"},{\"@type\":\"ListItem\",\"position\":2,\"name\":\"Ayore\u0301ode adode, angurenone cucha ore\",\"item\":\"https:\\\/\\\/ayore.org\\\/ayo\\\/culture\\\/\"},{\"@type\":\"ListItem\",\"position\":3,\"name\":\"Ayore\u0301ode Anguretigade Cucha\",\"item\":\"https:\\\/\\\/ayore.org\\\/ayo\\\/culture\\\/beliefs\\\/\"},{\"@type\":\"ListItem\",\"position\":4,\"name\":\"Cajoid\u00e9 &#8211; Ore chipoting\u00e1ra potadie\"}]},{\"@type\":\"WebSite\",\"@id\":\"https:\\\/\\\/ayore.org\\\/#website\",\"url\":\"https:\\\/\\\/ayore.org\\\/\",\"name\":\"AYOR\u00c9.ORG\",\"description\":\"Ayore\u0301ode Uruode, Adode, Jnani bajade ati\u0301go ore \",\"potentialAction\":[{\"@type\":\"SearchAction\",\"target\":{\"@type\":\"EntryPoint\",\"urlTemplate\":\"https:\\\/\\\/ayore.org\\\/?s={search_term_string}\"},\"query-input\":{\"@type\":\"PropertyValueSpecification\",\"valueRequired\":true,\"valueName\":\"search_term_string\"}}],\"inLanguage\":\"ayo\"}]}<\/script>\n<!-- \/ Yoast SEO plugin. -->","yoast_head_json":{"title":"Cajoid\u00e9 - Ore chipoting\u00e1ra potadie &#8226; AYOR\u00c9.ORG","robots":{"index":"index","follow":"follow","max-snippet":"max-snippet:-1","max-image-preview":"max-image-preview:large","max-video-preview":"max-video-preview:-1"},"canonical":"https:\/\/ayore.org\/ayo\/culture\/beliefs\/cajoide-ore-chipotingara-potadie\/","og_locale":"en_US","og_type":"article","og_title":"Cajoid\u00e9 - Ore chipoting\u00e1ra potadie &#8226; AYOR\u00c9.ORG","og_description":"Potadie \u2013 Taboidie Ore \u00a0 Ore chub\u00fachu uje duras\u00e9 enga ore chipoting\u00e1ra. Ore chuj\u00e9 cucha ur\u00f5sode enga ore chig\u00f3jna gai. Ore chipoting\u00e1ra (potadie) uje ore doi tab\u00f3idie. Cucha ur\u00f5sode chimate date ur\u00f5sode ga ayor\u00e9ode u u\u00f1ane, j\u00e9 aja caratade, aquir\u00e1jnane,","og_url":"https:\/\/ayore.org\/ayo\/culture\/beliefs\/cajoide-ore-chipotingara-potadie\/","og_site_name":"AYOR\u00c9.ORG","article_modified_time":"2019-02-15T00:02:22+00:00","twitter_card":"summary_large_image","twitter_misc":{"Est. reading time":"2 minutes"},"schema":{"@context":"https:\/\/schema.org","@graph":[{"@type":"WebPage","@id":"https:\/\/ayore.org\/ayo\/culture\/beliefs\/cajoide-ore-chipotingara-potadie\/","url":"https:\/\/ayore.org\/ayo\/culture\/beliefs\/cajoide-ore-chipotingara-potadie\/","name":"Cajoid\u00e9 - Ore chipoting\u00e1ra potadie &#8226; AYOR\u00c9.ORG","isPartOf":{"@id":"https:\/\/ayore.org\/#website"},"datePublished":"2018-08-26T23:19:45+00:00","dateModified":"2019-02-15T00:02:22+00:00","breadcrumb":{"@id":"https:\/\/ayore.org\/ayo\/culture\/beliefs\/cajoide-ore-chipotingara-potadie\/#breadcrumb"},"inLanguage":"ayo","potentialAction":[{"@type":"ReadAction","target":["https:\/\/ayore.org\/ayo\/culture\/beliefs\/cajoide-ore-chipotingara-potadie\/"]}]},{"@type":"BreadcrumbList","@id":"https:\/\/ayore.org\/ayo\/culture\/beliefs\/cajoide-ore-chipotingara-potadie\/#breadcrumb","itemListElement":[{"@type":"ListItem","position":1,"name":"Jogate bajai tu ude\u0301","item":"https:\/\/ayore.org\/ayo\/"},{"@type":"ListItem","position":2,"name":"Ayore\u0301ode adode, angurenone cucha ore","item":"https:\/\/ayore.org\/ayo\/culture\/"},{"@type":"ListItem","position":3,"name":"Ayore\u0301ode Anguretigade Cucha","item":"https:\/\/ayore.org\/ayo\/culture\/beliefs\/"},{"@type":"ListItem","position":4,"name":"Cajoid\u00e9 &#8211; Ore chipoting\u00e1ra potadie"}]},{"@type":"WebSite","@id":"https:\/\/ayore.org\/#website","url":"https:\/\/ayore.org\/","name":"AYOR\u00c9.ORG","description":"Ayore\u0301ode Uruode, Adode, Jnani bajade ati\u0301go ore ","potentialAction":[{"@type":"SearchAction","target":{"@type":"EntryPoint","urlTemplate":"https:\/\/ayore.org\/?s={search_term_string}"},"query-input":{"@type":"PropertyValueSpecification","valueRequired":true,"valueName":"search_term_string"}}],"inLanguage":"ayo"}]}},"_links":{"self":[{"href":"https:\/\/ayore.org\/ayo\/wp-json\/wp\/v2\/pages\/646","targetHints":{"allow":["GET"]}}],"collection":[{"href":"https:\/\/ayore.org\/ayo\/wp-json\/wp\/v2\/pages"}],"about":[{"href":"https:\/\/ayore.org\/ayo\/wp-json\/wp\/v2\/types\/page"}],"author":[{"embeddable":true,"href":"https:\/\/ayore.org\/ayo\/wp-json\/wp\/v2\/users\/2"}],"replies":[{"embeddable":true,"href":"https:\/\/ayore.org\/ayo\/wp-json\/wp\/v2\/comments?post=646"}],"version-history":[{"count":4,"href":"https:\/\/ayore.org\/ayo\/wp-json\/wp\/v2\/pages\/646\/revisions"}],"predecessor-version":[{"id":2960,"href":"https:\/\/ayore.org\/ayo\/wp-json\/wp\/v2\/pages\/646\/revisions\/2960"}],"up":[{"embeddable":true,"href":"https:\/\/ayore.org\/ayo\/wp-json\/wp\/v2\/pages\/703"}],"wp:attachment":[{"href":"https:\/\/ayore.org\/ayo\/wp-json\/wp\/v2\/media?parent=646"}],"curies":[{"name":"wp","href":"https:\/\/api.w.org\/{rel}","templated":true}]}}