{"id":637,"date":"2018-08-26T23:01:37","date_gmt":"2018-08-26T23:01:37","guid":{"rendered":"https:\/\/ayore.org\/?page_id=637"},"modified":"2019-02-23T04:49:42","modified_gmt":"2019-02-23T04:49:42","slug":"me-tiraron-al-agua","status":"publish","type":"page","link":"https:\/\/ayore.org\/ayo\/culture\/first-person-narratives\/me-tiraron-al-agua\/","title":{"rendered":"Betidat\u00e9 &#8211; Ore to\u0303\u0301ra yu aja yodi"},"content":{"rendered":"<p><strong>Betidat\u00e9 Chatata dadode<\/strong><\/p>\n<p>Yich\u00e1ji yuruode to. Anire, Marina gajnecho yur\u00farigo jne uje yicha yuruode aja m\u00e1quina to iji de Dupade igu\u00edjnai.<\/p>\n<p>Iyamaque uje ore chaca yedodie iji yodi nanique uje j\u00e9 gapu yu nanique uje anire, ore to\u0303\u0301ra yu aja nanique iji yodi. Ga yiraja uje anire, ore to\u0303\u0301ra yu aja yodi nanique mu que yich\u00e1ji yuruode aja to go jeta yatata yitestimonio.<\/p>\n<p>Mu yiraja uje yangureta Dupade ga yich\u00e1ji yuruode aja to iji de igu\u00edjnai. Iyamaque uje gapu yu nanique uje yangureta Jesus nanique, uje ore chaca yedodie iji to nanique uje gapu yu nanique. Mu e catadape yu.<\/p>\n<p>Mu gusu uje j\u00e9 que yanguretique cucha un\u0303eque cuse go, mu gusu Dupade uje yangureta. Yiraja gu uje yangureta Dupade abi to ga e yich\u00e1ji yuruode to iji de Dupade igu\u00edjnai jeta Marina chudute to.<\/p>\n<p><strong><em>Betidate\u0301 etingaque\u0301ode:<\/em><\/strong><\/p>\n<p>Yiraja\u0301po ri\u0303 uje anire, jecucha yabode togueb\u00e9cho. Yabode jecucha togueb\u00e9cho. A gadioque tot\u00edgo yabode, mu que yiya go Dupade uruode. Que yiya Dupade uruode go uje yiraja gu uje yangureta Dupade nanique uje ore chaca yu iji yodi nanique. Ga yiraja\u0301po ri\u0303 uje yiraja yu iji Dupade.<\/p>\n<p>Jecucha ore nar\u00e1raja maquina mu que yich\u00e1ji yuruode aja to go iji de m\u00e1quina iji igu\u00edjnai iji Dupade igu\u00edjnai. Mu yich\u00e1ji to iji de. Yiraja yu gu ga j\u00e9 yich\u00e1ji to yuruode. Anire, jecucha yojninga: \u201c\u00bfJ\u00e9 gotique gu a uje que yich\u00e1ji yur\u00farigo to?\u201d<\/p>\n<p>Yaropie u uje iyamaque uje ore chich\u00e1ji yedodie aja yodi nanique. Luis to\u0303\u0301raja yu aja yodi, ga anire, yojninga anire, iyamaque ri\u0303 uje yicateca\u0303\u0301ri Dupade nanique iji de igu\u00edjnai. Ore cana yibai, mu que yang\u00e1ri ore go. Que yang\u00e1ri uaque go. Jetiga yangar\u00e1nenie j\u00e9 u uaque uje uacagan\u00e1\u00f1o yibai uje yateca\u0303\u0301ri Dupade. Uacagan\u00e1\u00f1o yibai, mu gusu Dupade uje yang\u00e1ri, que yang\u00e1ri ore go.<\/p>\n<p>Iyamaque ri\u0303 uje jecucha yatoi u\u0303roso ri\u0303 ica ga yatoi u\u0303roso ga, mu que yang\u00e1ri go. Satanas u gu uje pota jetiga yiya Dupade, mu que yiya go. Yojninga anire, yojninga Satanas su uje pota jeta yiya Dupade. Satanas su uje d\u00e9ji yu mu que chaca\u0301ja yajei go. Yojninga anire, a pota gu ujetiga yiya Dupade adode, mu que yipota go jetiga yiya.<\/p>\n<p>Yip\u00e9ro nanique ri\u0303 mu iyam\u00e1cho uje que yipota go ujetiga yiya Dupade. Enga yit\u00e9cu jnumone. Mu que toque go ujetiga cuch\u00e1rique jeta ch\u00e1taja yu. Gusu Dupade uje ch\u00e1taja yu. Mu a Satanas pota gu jetiga yiya Dupade adode, mu que yiya go. Gusu Dupade gu uje anire, uje yang\u00e1ri, uje Dupade u uje yiraj\u00e1po gatuaque ri\u0303.<\/p>\n<p>Uje anire, que yicad\u00edgui go uje ore to\u0303\u0301ra yu aja yodi to nanique. Ga que yiya go. Gusu uje anire, que yug\u00fasiji udojo iji ujade to Dupade igu\u00edjnai, ga yajnai data ga, a gajnui tu. Ise ga Dupade gajnui tu aniri, disi dacabi udojo uje yajn\u00e1ngoji data, ga j\u00e9 ug\u00fasi de igu\u00edjnai to, que yicad\u00edgui go. A gajn\u00faone u disi dacabode Dupade gotic.<\/p>\n<p><strong><em>Betidate\u0301 irasitigade gajnengo\u0301ri u udojo:<\/em><\/strong><\/p>\n<p>Yirasique yu uje ore chuj\u00e9 t\u00e3rara ga cho ujetiga cho disiode uje yoquirasique yocabode yui uje yajn\u00e1ngoji data. Yirasique yui uje ore chuj\u00e9 t\u00e3rara. Yisa\u0301rase cuchade mu yojninga, \u2018E yiya jne.\u2019 Yiya ga yajnai to jne Dupade igu\u00edjnai ud\u00e9. Ch\u00e3je yirasique yui gu. Gajnui u disiode uje yajn\u00e1ngoji dat\u00e1 ga yoquirasique ud\u00e9 Dupade igu\u00edjnai.<\/p>\n<p>J\u00e9 yiya yuruode. E yiya.<\/p>\n<p><em>Pininaquei ir\u00e1gu yu uje ore chojningame yu: \u201cBo, ga yicag\u00f3ji Pangar\u00e1dejnai Dupade igu\u00edjnai.\u201d (Salmo 122:1)<\/em><\/p>\n<p><em>&nbsp;<\/em><\/p>\n<p><em>Betidat\u00e9 \u2013 Tobit\u00e9, Bolivia &#8211; <\/em><em>08\/23\/75.<\/em><\/p>\n<p><em>Marina de Morarie chur\u00fas\u00e3re uruode nanique enga ch\u00e1ta Dupade uruode aja to.<\/em><\/p>\n<div class=\"navigation\"><div class=\"alignleft\"><a href=\"https:\/\/ayore.org\/ayo\/culture\/first-person-narratives\/\"title=\"Ayore\u0301ode Gojn\u0303ane\"><img loading=\"lazy\" decoding=\"async\" src=\"https:\/\/ayore.org\/wp-content\/uploads\/2018\/10\/left-arrow.png\" width=\"50\" height=\"48\" alt=\"left arrow\"><\/a><\/div><div class=\"alignright\"><a href=\"https:\/\/ayore.org\/ayo\/culture\/first-person-narratives\/enuedate-ayore-do-yu\/\"title=\"Enu\u00e9dat\u00e9 &#8211; Uje ayore\u0301 do yu nanique ga yise yodi iji poridie\"><img loading=\"lazy\" decoding=\"async\" src=\"https:\/\/ayore.org\/wp-content\/uploads\/2018\/10\/right-arrow.png\" width=\"50\" height=\"48\" alt=\"right arrow\"><\/a><\/div>\n","protected":false},"excerpt":{"rendered":"<p>Betidat\u00e9 Chatata dadode Yich\u00e1ji yuruode to. Anire, Marina gajnecho yur\u00farigo jne uje yicha yuruode aja m\u00e1quina to iji de Dupade igu\u00edjnai. Iyamaque uje ore chaca yedodie iji yodi nanique uje j\u00e9 gapu yu nanique uje anire, ore to\u0303\u0301ra yu aja<\/p>\n","protected":false},"author":2,"featured_media":0,"parent":705,"menu_order":0,"comment_status":"closed","ping_status":"closed","template":"","meta":{"footnotes":""},"class_list":["post-637","page","type-page","status-publish","hentry"],"yoast_head":"<!-- This site is optimized with the Yoast SEO plugin v27.4 - https:\/\/yoast.com\/product\/yoast-seo-wordpress\/ -->\n<title>Ayore\u0301ode Gojn\u0303ane: Me Tiraron Al Agua \u2022 Ayore.org<\/title>\n<meta name=\"robots\" content=\"index, follow, max-snippet:-1, max-image-preview:large, max-video-preview:-1\" \/>\n<link rel=\"canonical\" href=\"https:\/\/ayore.org\/ayo\/culture\/first-person-narratives\/me-tiraron-al-agua\/\" \/>\n<meta property=\"og:locale\" content=\"en_US\" \/>\n<meta property=\"og:type\" content=\"article\" \/>\n<meta property=\"og:title\" content=\"Ayore\u0301ode Gojn\u0303ane: Me Tiraron Al Agua \u2022 Ayore.org\" \/>\n<meta property=\"og:description\" content=\"Betidat\u00e9 Chatata dadode Yich\u00e1ji yuruode to. Anire, Marina gajnecho yur\u00farigo jne uje yicha yuruode aja m\u00e1quina to iji de Dupade igu\u00edjnai. Iyamaque uje ore chaca yedodie iji yodi nanique uje j\u00e9 gapu yu nanique uje anire, ore to\u0303\u0301ra yu aja\" \/>\n<meta property=\"og:url\" content=\"https:\/\/ayore.org\/ayo\/culture\/first-person-narratives\/me-tiraron-al-agua\/\" \/>\n<meta property=\"og:site_name\" content=\"AYOR\u00c9.ORG\" \/>\n<meta property=\"article:modified_time\" content=\"2019-02-23T04:49:42+00:00\" \/>\n<meta name=\"twitter:card\" content=\"summary_large_image\" \/>\n<meta name=\"twitter:label1\" content=\"Est. reading time\" \/>\n\t<meta name=\"twitter:data1\" content=\"3 minutes\" \/>\n<script type=\"application\/ld+json\" class=\"yoast-schema-graph\">{\"@context\":\"https:\\\/\\\/schema.org\",\"@graph\":[{\"@type\":\"WebPage\",\"@id\":\"https:\\\/\\\/ayore.org\\\/ayo\\\/culture\\\/first-person-narratives\\\/me-tiraron-al-agua\\\/\",\"url\":\"https:\\\/\\\/ayore.org\\\/ayo\\\/culture\\\/first-person-narratives\\\/me-tiraron-al-agua\\\/\",\"name\":\"Ayore\u0301ode Gojn\u0303ane: Me Tiraron Al Agua \u2022 Ayore.org\",\"isPartOf\":{\"@id\":\"https:\\\/\\\/ayore.org\\\/#website\"},\"datePublished\":\"2018-08-26T23:01:37+00:00\",\"dateModified\":\"2019-02-23T04:49:42+00:00\",\"breadcrumb\":{\"@id\":\"https:\\\/\\\/ayore.org\\\/ayo\\\/culture\\\/first-person-narratives\\\/me-tiraron-al-agua\\\/#breadcrumb\"},\"inLanguage\":\"ayo\",\"potentialAction\":[{\"@type\":\"ReadAction\",\"target\":[\"https:\\\/\\\/ayore.org\\\/ayo\\\/culture\\\/first-person-narratives\\\/me-tiraron-al-agua\\\/\"]}]},{\"@type\":\"BreadcrumbList\",\"@id\":\"https:\\\/\\\/ayore.org\\\/ayo\\\/culture\\\/first-person-narratives\\\/me-tiraron-al-agua\\\/#breadcrumb\",\"itemListElement\":[{\"@type\":\"ListItem\",\"position\":1,\"name\":\"Jogate bajai tu ude\u0301\",\"item\":\"https:\\\/\\\/ayore.org\\\/ayo\\\/\"},{\"@type\":\"ListItem\",\"position\":2,\"name\":\"Ayore\u0301ode adode, angurenone cucha ore\",\"item\":\"https:\\\/\\\/ayore.org\\\/ayo\\\/culture\\\/\"},{\"@type\":\"ListItem\",\"position\":3,\"name\":\"Ayore\u0301ode Gojn\u0303ane\",\"item\":\"https:\\\/\\\/ayore.org\\\/ayo\\\/culture\\\/first-person-narratives\\\/\"},{\"@type\":\"ListItem\",\"position\":4,\"name\":\"Betidat\u00e9 &#8211; Ore to\u0303\u0301ra yu aja yodi\"}]},{\"@type\":\"WebSite\",\"@id\":\"https:\\\/\\\/ayore.org\\\/#website\",\"url\":\"https:\\\/\\\/ayore.org\\\/\",\"name\":\"AYOR\u00c9.ORG\",\"description\":\"Ayore\u0301ode Uruode, Adode, Jnani bajade ati\u0301go ore \",\"potentialAction\":[{\"@type\":\"SearchAction\",\"target\":{\"@type\":\"EntryPoint\",\"urlTemplate\":\"https:\\\/\\\/ayore.org\\\/?s={search_term_string}\"},\"query-input\":{\"@type\":\"PropertyValueSpecification\",\"valueRequired\":true,\"valueName\":\"search_term_string\"}}],\"inLanguage\":\"ayo\"}]}<\/script>\n<!-- \/ Yoast SEO plugin. -->","yoast_head_json":{"title":"Ayore\u0301ode Gojn\u0303ane: Me Tiraron Al Agua \u2022 Ayore.org","robots":{"index":"index","follow":"follow","max-snippet":"max-snippet:-1","max-image-preview":"max-image-preview:large","max-video-preview":"max-video-preview:-1"},"canonical":"https:\/\/ayore.org\/ayo\/culture\/first-person-narratives\/me-tiraron-al-agua\/","og_locale":"en_US","og_type":"article","og_title":"Ayore\u0301ode Gojn\u0303ane: Me Tiraron Al Agua \u2022 Ayore.org","og_description":"Betidat\u00e9 Chatata dadode Yich\u00e1ji yuruode to. Anire, Marina gajnecho yur\u00farigo jne uje yicha yuruode aja m\u00e1quina to iji de Dupade igu\u00edjnai. Iyamaque uje ore chaca yedodie iji yodi nanique uje j\u00e9 gapu yu nanique uje anire, ore to\u0303\u0301ra yu aja","og_url":"https:\/\/ayore.org\/ayo\/culture\/first-person-narratives\/me-tiraron-al-agua\/","og_site_name":"AYOR\u00c9.ORG","article_modified_time":"2019-02-23T04:49:42+00:00","twitter_card":"summary_large_image","twitter_misc":{"Est. reading time":"3 minutes"},"schema":{"@context":"https:\/\/schema.org","@graph":[{"@type":"WebPage","@id":"https:\/\/ayore.org\/ayo\/culture\/first-person-narratives\/me-tiraron-al-agua\/","url":"https:\/\/ayore.org\/ayo\/culture\/first-person-narratives\/me-tiraron-al-agua\/","name":"Ayore\u0301ode Gojn\u0303ane: Me Tiraron Al Agua \u2022 Ayore.org","isPartOf":{"@id":"https:\/\/ayore.org\/#website"},"datePublished":"2018-08-26T23:01:37+00:00","dateModified":"2019-02-23T04:49:42+00:00","breadcrumb":{"@id":"https:\/\/ayore.org\/ayo\/culture\/first-person-narratives\/me-tiraron-al-agua\/#breadcrumb"},"inLanguage":"ayo","potentialAction":[{"@type":"ReadAction","target":["https:\/\/ayore.org\/ayo\/culture\/first-person-narratives\/me-tiraron-al-agua\/"]}]},{"@type":"BreadcrumbList","@id":"https:\/\/ayore.org\/ayo\/culture\/first-person-narratives\/me-tiraron-al-agua\/#breadcrumb","itemListElement":[{"@type":"ListItem","position":1,"name":"Jogate bajai tu ude\u0301","item":"https:\/\/ayore.org\/ayo\/"},{"@type":"ListItem","position":2,"name":"Ayore\u0301ode adode, angurenone cucha ore","item":"https:\/\/ayore.org\/ayo\/culture\/"},{"@type":"ListItem","position":3,"name":"Ayore\u0301ode Gojn\u0303ane","item":"https:\/\/ayore.org\/ayo\/culture\/first-person-narratives\/"},{"@type":"ListItem","position":4,"name":"Betidat\u00e9 &#8211; Ore to\u0303\u0301ra yu aja yodi"}]},{"@type":"WebSite","@id":"https:\/\/ayore.org\/#website","url":"https:\/\/ayore.org\/","name":"AYOR\u00c9.ORG","description":"Ayore\u0301ode Uruode, Adode, Jnani bajade ati\u0301go ore ","potentialAction":[{"@type":"SearchAction","target":{"@type":"EntryPoint","urlTemplate":"https:\/\/ayore.org\/?s={search_term_string}"},"query-input":{"@type":"PropertyValueSpecification","valueRequired":true,"valueName":"search_term_string"}}],"inLanguage":"ayo"}]}},"_links":{"self":[{"href":"https:\/\/ayore.org\/ayo\/wp-json\/wp\/v2\/pages\/637","targetHints":{"allow":["GET"]}}],"collection":[{"href":"https:\/\/ayore.org\/ayo\/wp-json\/wp\/v2\/pages"}],"about":[{"href":"https:\/\/ayore.org\/ayo\/wp-json\/wp\/v2\/types\/page"}],"author":[{"embeddable":true,"href":"https:\/\/ayore.org\/ayo\/wp-json\/wp\/v2\/users\/2"}],"replies":[{"embeddable":true,"href":"https:\/\/ayore.org\/ayo\/wp-json\/wp\/v2\/comments?post=637"}],"version-history":[{"count":6,"href":"https:\/\/ayore.org\/ayo\/wp-json\/wp\/v2\/pages\/637\/revisions"}],"predecessor-version":[{"id":3041,"href":"https:\/\/ayore.org\/ayo\/wp-json\/wp\/v2\/pages\/637\/revisions\/3041"}],"up":[{"embeddable":true,"href":"https:\/\/ayore.org\/ayo\/wp-json\/wp\/v2\/pages\/705"}],"wp:attachment":[{"href":"https:\/\/ayore.org\/ayo\/wp-json\/wp\/v2\/media?parent=637"}],"curies":[{"name":"wp","href":"https:\/\/api.w.org\/{rel}","templated":true}]}}