{"id":4033,"date":"2019-05-24T18:16:58","date_gmt":"2019-05-24T18:16:58","guid":{"rendered":"https:\/\/ayore.org\/?page_id=4033"},"modified":"2019-05-24T18:17:00","modified_gmt":"2019-05-24T18:17:00","slug":"ecarai-davide-je-u%cc%83re-dupade-ome-daruode","status":"publish","type":"page","link":"https:\/\/ayore.org\/ayo\/culture\/teachings\/ecarai-davide-je-u%cc%83re-dupade-ome-daruode\/","title":{"rendered":"Ecarai (Davide\u0301) \u2013 Je\u0301 u\u0303re\u0301 Dupade ome daruode"},"content":{"rendered":"\n<p><em>Ujetiga panguretigai ca no\u0301na dajirigode enga cucha biside\u0301cho Dupade Uruode ome ute\u0301 gosi:<\/em><br>Enga ingome yoque to, ujetiga inoning\u00e1co, uje j\u00e9 \u0169r\u00e9 <em>Dupade<\/em> ome daruode. Mu yoque gosi ujetiga ca chib\u00e9ro iji dangoneparitigade ome <em>Dupade<\/em> <em>Uruode<\/em>, enga j\u00e9 u uje cho cucha bisid\u00e9cho iji, ga que cuch\u00e1rique t\u1e4draji gotique ujetiga chajire jeoga chudute, ome yaj\u00e9ode. <\/p>\n\n\n\n<p>Ujeta ca gosi changureta <em>Dupade<\/em> ome re, mu doi <em>Dupade<\/em> <em>Uruode<\/em>, mu que chajire y\u00farique go, enga obir\u00e9jna uje cucha\nbisid\u00e9cho ome. <\/p>\n\n\n\n<p>Ga chise g\u00f3jni diri ujetiga <em>Dupade<\/em> di ga gosi jnusietigade jogadi tu,\ngoto jnusi\u00e9tigade jogadi tu uje ore chise <em>Dupade<\/em>\n<em>Uruode<\/em> bisideque nanique, enga que\npanguretigai n\u00f3na dajirigode <em>Dupade<\/em>\nur\u00fao. <\/p>\n\n\n\n<p><strong><em>Jnacare uguchar\u00e3i quene \u00e1yipie d\u00e9ji Dupade Uruode \u00faringai \u0169r\u00e9 uje chingo raja gaj\u00f1o pioi.<\/em><\/strong><br>J\u00e9 uacad\u00facho, uje jecucha yingome uaque gu, uje chi jnacare uguchar\u00e3i chingo raja jnaropi\u00e9 te ga, j\u00e9 jno ga chojningame yocai jnani bajai Abraham: \u201cAngo yesade ore jeta ca ore chicai gaj\u00f1o pioi to,\u201d chojninga.<\/p>\n\n\n\n<p>Chingo raja Abraham gu, jeta\nyoque gosi a adi tu ujetiga chijn\u00f3ra dar\u00e1sarigo, ga chetaque j\u00f3roque desade\nome gaj\u00f1o pioi yui.<\/p>\n\n\n\n<p>Chojningame Abraham: \u201cQue yisapo\nyicaniratiguei gotique iji. Arenie yuque yu iji,\u201d chojninga. \u201cAchopise\njnupuchade garap\u00eddode iji yu,\u201d chojninga. \u201cAchopise pioi ocar\u00e1idie iji,\u201d\nchojninga.<\/p>\n\n\n\n<p>Mu yocayode jnani bajade u\u00f1ai\nchojninga: \u201cMu <em>Dupade<\/em> <em>Uruode<\/em> d\u00e9ji jnumi,\u201d chojninga, \u201cujetiga besade\nore chudute ga ore changureta <em>Dupade<\/em>.\u201d<\/p>\n\n\n\n<p>Mu quigade ga ut\u00e9 chojninga:\n\u201cJ\u00e9 go ca aroque togode u\u00f1ai, <em>Dupade<\/em>\nangures\u00f3rone u\u00f1eque, a chingo yesade ore iji jnumi enga ca ore chicai jnaropi\u00e9\nto,\u201d chojninga.<\/p>\n\n\n\n<p>Mu Abraham chojninga: \u201cA yiroque\ntogode u\u00f1\u00e9ngaja enga gosi di bojningane \u00fadi ome ore, mu dicor\u00e9,\u201d chojninga. \u201cTaque-taque\nuje dicor\u00e9. Dicor\u00e9 que chiraja cuchade. Ca besade ore changureta <em>Dupade<\/em> ome ore oj\u00f1\u00e1ringo,\u201d chojninga.<\/p>\n\n\n\n<p>Ga yoque gosi ta adi tu jetiga\ngosi chingo raja an\u00edri, gaj\u00f1o pioi. <\/p>\n\n\n\n<p><strong><em>J\u00e9 \u0169r\u00e9 Dupade ome ojningane uje chi id\u00f3gosi ut\u00e9 uje e iroco y\u00faode.<\/em><\/strong><br>Mu j\u00e9 uacam\u00f3\u00f1o uje chi <em>Dupade<\/em> <em>Uruode<\/em> chojninga: \u201cA yir\u00edring\u00e1rique y\u00faode ga pocaningane, unojo bas\u00e1ja u\u00f1ane quigade. A yir\u00edring\u00e1rique y\u00faode jne enga chaguh\u00e9ode d\u00e9ji er\u00e1mi.\u201d<\/p>\n\n\n\n<p>Mu c\u00e1ma yico chaguh\u00e9ode gotique,\n<em>Dupade<\/em> ojningai. Mu j\u00e9 d\u00e9ji punire\nqued\u00e9jnane.<\/p>\n\n\n\n<p>J\u00e9 cachi u\u00f1\u00e9ngo ore tagu dabosode iji udore uje\nchaguh\u00e9ode chejna ore. J\u00e9 basa ga pocaningane ga ug\u00facoji jnese iji dirode\njnese. <\/p>\n\n\n\n<p>J\u00e9 basa ga gu\u00e9dodie ga gu\u00e9dodie\njecucha bas\u00edji gatajnoquei, mu cama basipise go.<\/p>\n\n\n\n<p>Ga Jesus chojninga: \u201cY\u00e3rapiedie unojo yui c\u00e1ma y\u0129ri\ngotique. Y\u00e3rapiedie a cuse jne uje yir\u00edringai id\u00f3gosi gu. Gued\u00e9 ch\u00e9c\u00e3re\nd\u00e1ringai gued\u00e9 te ga, que qu\u00e9 gued\u00e9 chisapo d\u00e1ringai gued\u00e9 gotique jne r\u0129,\u201d\nchojninga. <\/p>\n\n\n\n<p>\u201cGued\u00e9 ta toi, ga topi\u00e9 er\u00e1mi.\nJ\u00e9 basa ga guedoside ojodie que chus\u00e1gapo jnumi gotique jne r\u0129,\u201d chojninga.\n\u201cGa unojo u uje yir\u00edringai id\u00f3gosi,\u201d chojninga Jesus. \u201cJeta y\u0129ri iji jnumi ome\nyangures\u00f3rone ga yiji ore \u00fadi.\u201d<\/p>\n\n\n\n<p>Ga unojo u jetiga an\u00f3ningacho\nuje chi <em>Dupade<\/em> <em>Ujnacari<\/em> diapo jne r\u0129.&nbsp; Enga\nque aj\u00e9ninga daruode, <em>Dupade<\/em>. Mu que\ndi gu uje qu\u00e9 chirote ayor\u00e9ode uyoque u\u00f1\u00e9ngo jetiga yanguret\u00e1go. <em>(2 Pedro 3:7-10)<\/em><\/p>\n\n\n\n<p><strong><em>Jesus diringai a gajnui u yote qued\u00e9jna cuch\u00e1bi uje israelgosode ore chaquesu nanique.<\/em><\/strong><br>Uje israel gosode ore d\u00e9ji yote qued\u00e9jnai u\u00e9chai u\u00f1ai nanique enga <em>Dupade<\/em> chojningame ore: \u201cCa\u0301 boyo ji te \u00e1. Yaro yotequedejnai uje ajedat\u00e9 mu yar\u00f3ji,\u201d chojninga. <em>Dupade<\/em> charo yotequed\u00e9jnai ga yotequed\u00e9jnai chetingare re, chetingare re iji unojo u\u00e9chade. <em>(Exodo 14:21 aja 22)<\/em><\/p>\n\n\n\n<p>Ga yote qued\u00e9jnai chetingare re,\nchetingare re iji unojo u\u00e9chade. Mu uje Fara\u00f3n, sold\u00e1dode ore chise yote\nqued\u00e9jnai ut\u00e9 mu ore chajuque yote qued\u00e9jnai ut\u00e9 cajn\u00f3ningai to, mu ore\nchuningame eti yodi chaco ore g\u00e1yode. Uje yodi chetingare re, chetingare re, mu\ne <em>Dupade<\/em> juega doi ome enga jnop\u00f3ja\ndajogadi cas\u00e9 r\u0129. <em>(Exodo 14:26 aja 28)<\/em><\/p>\n\n\n\n<p>Ore u\u00f1ane iji dirode udojo gajner\u0129 ore chotigase Jesus diringai, enga j\u00e9 adi u ome Fara\u00f3n ore. Ore jos eti ca yotequed\u00e9jnai dop\u00f3ji dajogadi, mu ore chuningame eti, yore ore gai enga chuj\u00e9 ore. Enga j\u00e9 cho jetiga Jesus di. Cho jetiga ca di jne, cho jetiga <em>Dupade<\/em> <em>Uruode<\/em> ca tocade jne ome dajnacari diringai, cho jetiga ca \u0169r\u00e9 <em>Dupade<\/em> ome ojningane cucha. Mu qu\u00e9 chirote jeta ayor\u00e9rigo u\u00f1\u00e9ngo changureta. Mu a chise diri jne ujetiga Jesus di jne. Enga otigayas\u00f3rone a ore bijna, j\u00e9 basa cho jetiga angures\u00f3rone ore chise ti\u00e9 uechai u\u00f1ai uje ore angureni Jesus jno ore \u00fadi.<\/p>\n\n\n\n<p>Unojo u uje Dupade que aj\u00e9ninga\ndar\u00farique.<\/p>\n\n\n\n<p><strong><em>Isra\u00e9lgosode ore jos eti ore jnoji Eg\u00edpto enga j\u0129raque ore chise ore uniri ich\u00e1rique jne.<\/em><\/strong><br>Mu chaguh\u00e9ode chejna ore iji dajei. Jecute ore chojninga: \u201cBoyo, yicoi, yajn\u00e9sacoja Eg\u00edpto uje yajo yoquibot\u00edgo iji ta gu. Mu Moises qu\u00e9 jno ore \u00fadi aja punire ich\u00e1rique, mu que ore ch\u00edse m\u00edraque. J\u00e9 basa ore chise er\u00e3petar\u00e9ode ga \u00edjnoque cucha pibotique iji ut\u00e9. Ga ore tagu arur\u00e9gode, gatajnoquei jogon\u00f3rone. Ore chipese cuchade uje t\u1e4draja gatajnoquei. Enga que yotique un\u00e9ratique cuse ome ore.\u201d<\/p>\n\n\n\n<p>Ore chojningame Moises: \u201cE\nyicajn\u00f3coji. \u00bfGa j\u00e9 y\u00f3jigo p\u00edrique jne a?&#8221; <\/p>\n\n\n\n<p>Ga j\u00e9 u uje Moises chut\u1e4dri <em>Dupade<\/em> jeta ch\u00e1taja ore. Enga <em>Dupade<\/em> chingo pite qued\u00e9jnai aja Moises\nga Moises chisa ga t\u1e4draja yote pepui ut\u00e9 ajei ga j\u00e9 u uje n\u00f3\u00f1a ga yote\nunere. <em>(Exodo 15:22\naja 25 ore)<\/em><\/p>\n\n\n\n<p>Iji taningai nanique uje <em>Dupade<\/em> chiroque Moises ujetiga chijnime isra\u00e9lgosode iji Fara\u00f3n\njmainie enga Moises todo. Mu <em>Dupade <\/em>nona\naja qued\u00e9jnane.<em> (Exodo 3:11 aja 12)<\/em><\/p>\n\n\n\n<p>Enga unojo u uje yiraj\u00e1go uje\nchi ca <em>Dupade<\/em> cho darupat\u00e1ringa ome\nu\u00f1eque. Uje chojningame Moises nanique uje ch\u00e1taja ore jne, enga do gojni enga\nch\u00e1taja Moises urasade ore ome cucha pibosode jeta ore tagu, j\u00e9 aja yodi jeta\nore ch\u00f3ji.<\/p>\n\n\n\n<p>J\u00e9 cho uje <em>Dupade<\/em> chingome yoque to uje a ujnacari di ome dangures\u00f3rone uyoque\njne. Enga <em>Dupade<\/em> que cho\ndarupat\u00e1ringa ome yoque. Jecute <em>Dupade<\/em>\nujnacari a di jne ujetiga ti\u00e9mpo u ome day\u00e9.<\/p>\n\n\n\n<p>Uje <em>Dupade<\/em> que aj\u00e9ninga dar\u00farique gu.<\/p>\n\n\n\n<p><strong><em>Abraham catec\u00e3\u0301ri Dupade ome daguiosode uje ore d\u00e9ji guidaidatei uje chi Dupade chejna jne.<\/em><\/strong><br>Abraham catec\u00e3\u0301ri <em>Dupade<\/em> enga chojninga: \u201c\u00bfJeta jnani par\u00e1gode d\u00e9ji ore id\u00e1yode udore enga j\u00e9 ejn\u00e1rase jne a? Ujetiga 50 u enga be ga ames\u1ebdre ore jne enga ca ejna ore id\u00e1nique.\u201d Enga Abraham chigotap\u00edsaja daruode ome <em>Dupade<\/em> ga chojninga: \u201cUjetiga 40 u, jeoga 30 u ore, jeoga 20 u, jeoga 10 u, mu ca ejna ore id\u00e1yode.\u201d&nbsp; <\/p>\n\n\n\n<p>Chi <em>Dupade<\/em> chojningame jnani bajai Abraham nanique uje a j\u00e9 uacad\u00facho\nan\u00edri, to: \u201cA yise par\u00e1gode uje chejna yijmanane ore, enga a ca yejna ore\nid\u00e1yode jne.\u201d Mu <em>Dupade<\/em> que chise uje\n10 u par\u00e1gode iji guidaidat\u00e9ode udore jnese. Mu <em>Dupade<\/em> chejn\u00e1rase ore jnese iji ore id\u00e1yode ujetiga j\u00e9 ca Abraham\ncatec\u00e3\u0301ri ome ore. &nbsp;<em>Dupade<\/em> que chise par\u00e1gode uje udore chejna yijmanane, mu chise\ngag\u00e1jni enga chiqueta gag\u00e1jnione ore uje chejna guid\u00e1yode udore.<\/p>\n\n\n\n<p>Gusu Abraham iguiose gag\u00e1jnione\nnanique uje paraque ore gu. A paraque ore gu uje udore ore dai u\u00f1ai Abraham\ncho ore quique ome <em>Dupade<\/em> adode. Mu\nuje ore d\u00e9ji idaidatei guesi enga <em>Dupade<\/em>\nchiroque pioi aja jnumi enga chejn\u00e1pise guidai g\u00e1rode udore enga udore\njogos\u00f3rone toi jnese. <\/p>\n\n\n\n<p>Ga unojo u uje <em>Dupade<\/em> que aj\u00e9ninga dar\u00farique go. <\/p>\n\n\n\n<p>Yocangar\u00e1dejnai <em>Dupade<\/em> chojningame re: &#8220;A ying\u00f3rasa\nAbraham yipesutique cucha ome uje a yip\u00e9su iji ore idaidat\u00e9ode udore jne. Uje\nque cucha bisideque Abraham ut\u00e9 gu,\u201d chojninga, \u201cjecute a yingo y\u00e1yipiedie aja\njne uje gajneque yuruode gu.\u201d<\/p>\n\n\n\n<p>Adi j\u00e9 u ome yoque to, uje <em>Dupade<\/em> que cho cucha bisideque iji\ndangures\u00f3rone uyoque, uje yocajneque uruode to gu, enga yijn\u00f3rango <em>Dupade<\/em> <em>Uruode<\/em>, enga que yoco cucha bisid\u00e9guiji.<\/p>\n\n\n\n<p>Ga unojo u uje <em>Dupade<\/em> que aj\u00e9ninga dar\u00farique go.<\/p>\n\n\n\n<p><strong><em>Dupade chingome yoque uje a t\u1e4dra Satanas, urasade ore aja gaj\u00f1o pioi jne.<\/em><\/strong><br>Chi <em>Dupade<\/em> ujnacari diapo jne r\u0129 iji jnumi un\u00e9, enga j\u00e9 u jne ujetiga <em>Dupade<\/em> t\u1e4dra Satanase, urasade ore aja gaj\u00f1o pioi, ga que ore chimopo pijoningai ome re r\u0129. Ga j\u00e9 unojo u uje <em>Dupade<\/em> chingome yoc ga ingongo ome yoque to. Ingongome purasade ore. J\u00e9 basa yingongo ore jne, enga chajuque gosi agut\u00e9raque ujeta qu\u00e9 chudute udore jeta ca changureta <em>Dupade<\/em> to. Que yanguret\u00e1go <em>Dupade<\/em>, mu uduco unojo ga yoque gosi chaj\u00e9ngome <em>Dupade<\/em>. <\/p>\n\n\n\n<p>Uje a gosi chojninga: \u201c\u00bfGotique\na yipesutigo uje chi paran\u00e1ja yu aja gaj\u00f1o pioi jne?\u201d <\/p>\n\n\n\n<p>Mu uje que ip\u00e9co <em>Dupade<\/em>\n<em>Uruode<\/em>, <em>Dupade<\/em> ojningane atatagode, enga u uje Satanase ur\u00e1sa yoc enga\nut\u00e9 qui j\u00e9 u yoqui to. <\/p>\n\n\n\n<p>\u201cGusu <em>Dupade<\/em> <em>Uruode<\/em> ome yoc uje chingo yoquipesut\u00edgo ome yoc,\u201d ore chojninga. \u201cJeta chingome yu ga a yip\u00e9su to uje que yipota <em>Dupade<\/em> ujuyaquei.\u201d<\/p>\n\n\n\n<p>Mu que gusu go ujetiga gosi pota\nga chojninga, \u201cQue yipota <em>Dupade<\/em>\nujuyaquei, ga a yangureta to.\u201d Amiri u ujetiga changureta <em>Dupade ujnacari<\/em> enga cho daquetang\u00f3ri iji ut\u00e9. <\/p>\n\n\n\n<p>J\u00e9 basa ga gosi pota jeta chiraja dat\u00edgo ome <em>Dupade<\/em> <em>Uruode<\/em>, ga a gosi chimes\u1ebdre dat\u00edgo ome <em>Dupade<\/em> adode ga gosi chingome yu iji der\u00e9jnai ud\u00e9 enga a yo ut\u00e9\ngosi quique jne. <\/p>\n\n\n\n<p>Gusu yacajnaqu\u00e9ode ome yoc.<\/p>\n\n\n\n<p><strong><em>Mu yicatec\u00e3\u0301ri Dupade jne:<\/em><\/strong><br>\u201cYoque <em>Dupade<\/em> Dios, icatec\u00e3\u0301ri ua iji der\u00e9jnai ud\u00e9 uje yacaranguipis ome ua, <em>Dupade<\/em>, uje jec \u0169repise baruode. Jec \u0169repise ua ome bojningane cucha. Icatec\u00e3\u0301ri ua iji gajner\u0129 uje yacaranguipis ome ua uje bangures\u00f3rone que ore chacho ujetiga ore tang\u00e1ri baruode, yoque <em>Dupade<\/em>. <\/p>\n\n\n\n<p>Yoque <em>Dupade<\/em>, ap\u00e9su yoque gajner\u0129 ga yoco jnani bajai David te ga,\njetiga \u00e3ro yoquisijnaringu\u00e9one. \u00c3ro bet\u00e9tigade iji yocuruode. \u00c3ro Satanase\np\u00edode iji yocuruode enga ichapise yoque gajner\u0129, yoque <em>Dupade<\/em>. Jeta barasique yoque aja yocajes\u00faode er\u00e1mio gajner\u0129, yoque\n<em>Dupade<\/em>.<\/p>\n\n\n\n<p><em>Dupade<\/em>, \u00e1taja y\u00f3guiji\nyoquidai gajner\u0129, enga yijmacopise baruode aja yoc\u00e1yipiedie enga yiraj\u00e1go\nudore quigode. <\/p>\n\n\n\n<p>Yoque <em>Dupade<\/em>, icatec\u00e3\u0301ri ua ujetiga jec \u0169r\u00e9 ga yanguret\u00e1go ua ga \u00e3ro\nyoquisijnaringu\u00e9one uje yotig\u00e1co baruode, yoque <em>Dupade<\/em>. <\/p>\n\n\n\n<p>Icatec\u00e3\u0301ri ua ujeta as\u00edome\nyoque bos\u00f5raquei tome yoque, ga os\u00f3re y\u00f3guiji jnumi. <\/p>\n\n\n\n<p>Yos\u00f5co u\u00f1ane iji jnumi, yoque <em>Dupade<\/em>, ome baruode.<\/p>\n\n\n\n<p>Yicatec\u00e3\u0301ri ua ome cuchade\njnese gajner\u0129 uje yiraj\u00e1go uje bajnacari tu uje t\u1ebdra re ome dayoi iji jnumi\nnanique ome yoc ujetiga churu yoquisijnaringu\u00e9one. Churu yocuru pat\u00e1ringane iji\nyocaj\u00e9ode.<\/p>\n\n\n\n<p><em>Dupade<\/em> icatec\u00e3\u0301ri ua\nujetiga \u00e1taja yoque gajner\u0129. A ayor\u00e9ode uy\u00f3guiji er\u00e1mi jnese ga yocu\u00f1\u00e9ngo\nchejna raja baruode, yoque <em>Dupade<\/em>. \u00c1taja\nbangures\u00f3rone ore iji ne, ga yejn\u00e1ngo y\u00f3guiji baruode to, yoque <em>Dupade<\/em>. Icatec\u00e3\u0301ri ua ome cuchade jnese\nujetiga \u00e1taja y\u00f3guiji er\u00e1mi jnese gajner\u0129 ome baruode batigade. <\/p>\n\n\n\n<p>\u00c1taja yu gajner\u0129. Ejnaretaque\nyu enga \u00e3ro yoquejnar\u00e9ngone iji yoc\u00fadode, yoque <em>Dupade<\/em>, ga asi ome pij\u00f3ningai tome yoque, as\u00edome betotiguei tome\nyoc, yoque <em>Dupade<\/em>. As\u00edome pijoningai\nome yocurasade, yoque <em>Dupade<\/em>, enga\nij\u00f5re yoque ujetiga baj\u00e9o.<\/p>\n\n\n\n<p>\u00c1taja yoque jnese gajner\u0129 ome baruode ga yoquirasique yoque gajner\u0129 ujetiga yicoi guesi enga yoc\u00e1yipiedie d\u00e9ji baruode gajner\u0129 uje j\u00e9 ud\u00faco. Yicatec\u00e3\u0301ri ua ome Jesucr\u00edsto i, Am\u1ebd.<\/p>\n\n\n\n<p><em>Ecarai \u2013 Tobit\u00e9, Bolivia \u2013 1960<\/em><br><em>Marina de Morarie chur\u00fas\u00e3re Ecarai atatagode udojo nanique<\/em><\/p>\n\n\n<div class=\"navigation\"><div class=\"alignleft\"><a href=\"https:\/\/ayore.org\/ayo\/culture\/teachings\/\"title=\"Ayore\u0301ode Acajnaque\u0301ode\"><img loading=\"lazy\" decoding=\"async\" src=\"https:\/\/ayore.org\/wp-content\/uploads\/2018\/10\/left-arrow.png\" width=\"50\" height=\"48\" alt=\"left arrow\"><\/a><\/div><div class=\"alignright\"><a href=\"https:\/\/ayore.org\/ayo\/culture\/teachings\/jomone-que-yimongo-cojn%cc%83otique-aorique\/\"title=\"Jomone \u2013 Que yimo\u0301ngo cojn\u0303otique ao\u0301rique\"><img loading=\"lazy\" decoding=\"async\" src=\"https:\/\/ayore.org\/wp-content\/uploads\/2018\/10\/right-arrow.png\" width=\"50\" height=\"48\" alt=\"right arrow\"><\/a><\/div>\n","protected":false},"excerpt":{"rendered":"<p>Ujetiga panguretigai ca no\u0301na dajirigode enga cucha biside\u0301cho Dupade Uruode ome ute\u0301 gosi:Enga ingome yoque to, ujetiga inoning\u00e1co, uje j\u00e9 \u0169r\u00e9 Dupade ome daruode. Mu yoque gosi ujetiga ca chib\u00e9ro iji dangoneparitigade ome Dupade Uruode, enga j\u00e9 u uje cho<\/p>\n","protected":false},"author":5,"featured_media":0,"parent":719,"menu_order":0,"comment_status":"closed","ping_status":"closed","template":"","meta":{"footnotes":""},"class_list":["post-4033","page","type-page","status-publish","hentry"],"yoast_head":"<!-- This site is optimized with the Yoast SEO plugin v27.4 - https:\/\/yoast.com\/product\/yoast-seo-wordpress\/ -->\n<title>Ecarai (Davide\u0301) \u2013 Je\u0301 u\u0303re\u0301 Dupade ome daruode &#8226; AYOR\u00c9.ORG<\/title>\n<meta name=\"robots\" content=\"index, follow, max-snippet:-1, max-image-preview:large, max-video-preview:-1\" \/>\n<link rel=\"canonical\" href=\"https:\/\/ayore.org\/ayo\/culture\/teachings\/ecarai-davide-je-u\u0303re-dupade-ome-daruode\/\" \/>\n<meta property=\"og:locale\" content=\"en_US\" \/>\n<meta property=\"og:type\" content=\"article\" \/>\n<meta property=\"og:title\" content=\"Ecarai (Davide\u0301) \u2013 Je\u0301 u\u0303re\u0301 Dupade ome daruode &#8226; AYOR\u00c9.ORG\" \/>\n<meta property=\"og:description\" content=\"Ujetiga panguretigai ca no\u0301na dajirigode enga cucha biside\u0301cho Dupade Uruode ome ute\u0301 gosi:Enga ingome yoque to, ujetiga inoning\u00e1co, uje j\u00e9 \u0169r\u00e9 Dupade ome daruode. Mu yoque gosi ujetiga ca chib\u00e9ro iji dangoneparitigade ome Dupade Uruode, enga j\u00e9 u uje cho\" \/>\n<meta property=\"og:url\" content=\"https:\/\/ayore.org\/ayo\/culture\/teachings\/ecarai-davide-je-u\u0303re-dupade-ome-daruode\/\" \/>\n<meta property=\"og:site_name\" content=\"AYOR\u00c9.ORG\" \/>\n<meta property=\"article:modified_time\" content=\"2019-05-24T18:17:00+00:00\" \/>\n<meta name=\"twitter:card\" content=\"summary_large_image\" \/>\n<meta name=\"twitter:label1\" content=\"Est. reading time\" \/>\n\t<meta name=\"twitter:data1\" content=\"10 minutes\" \/>\n<script type=\"application\/ld+json\" class=\"yoast-schema-graph\">{\"@context\":\"https:\\\/\\\/schema.org\",\"@graph\":[{\"@type\":\"WebPage\",\"@id\":\"https:\\\/\\\/ayore.org\\\/ayo\\\/culture\\\/teachings\\\/ecarai-davide-je-u%cc%83re-dupade-ome-daruode\\\/\",\"url\":\"https:\\\/\\\/ayore.org\\\/ayo\\\/culture\\\/teachings\\\/ecarai-davide-je-u%cc%83re-dupade-ome-daruode\\\/\",\"name\":\"Ecarai (Davide\u0301) \u2013 Je\u0301 u\u0303re\u0301 Dupade ome daruode &#8226; AYOR\u00c9.ORG\",\"isPartOf\":{\"@id\":\"https:\\\/\\\/ayore.org\\\/#website\"},\"datePublished\":\"2019-05-24T18:16:58+00:00\",\"dateModified\":\"2019-05-24T18:17:00+00:00\",\"breadcrumb\":{\"@id\":\"https:\\\/\\\/ayore.org\\\/ayo\\\/culture\\\/teachings\\\/ecarai-davide-je-u%cc%83re-dupade-ome-daruode\\\/#breadcrumb\"},\"inLanguage\":\"ayo\",\"potentialAction\":[{\"@type\":\"ReadAction\",\"target\":[\"https:\\\/\\\/ayore.org\\\/ayo\\\/culture\\\/teachings\\\/ecarai-davide-je-u%cc%83re-dupade-ome-daruode\\\/\"]}]},{\"@type\":\"BreadcrumbList\",\"@id\":\"https:\\\/\\\/ayore.org\\\/ayo\\\/culture\\\/teachings\\\/ecarai-davide-je-u%cc%83re-dupade-ome-daruode\\\/#breadcrumb\",\"itemListElement\":[{\"@type\":\"ListItem\",\"position\":1,\"name\":\"Jogate bajai tu ude\u0301\",\"item\":\"https:\\\/\\\/ayore.org\\\/ayo\\\/\"},{\"@type\":\"ListItem\",\"position\":2,\"name\":\"Ayore\u0301ode adode, angurenone cucha ore\",\"item\":\"https:\\\/\\\/ayore.org\\\/ayo\\\/culture\\\/\"},{\"@type\":\"ListItem\",\"position\":3,\"name\":\"Ayore\u0301ode Acajnaque\u0301ode\",\"item\":\"https:\\\/\\\/ayore.org\\\/ayo\\\/culture\\\/teachings\\\/\"},{\"@type\":\"ListItem\",\"position\":4,\"name\":\"Ecarai (Davide\u0301) \u2013 Je\u0301 u\u0303re\u0301 Dupade ome daruode\"}]},{\"@type\":\"WebSite\",\"@id\":\"https:\\\/\\\/ayore.org\\\/#website\",\"url\":\"https:\\\/\\\/ayore.org\\\/\",\"name\":\"AYOR\u00c9.ORG\",\"description\":\"Ayore\u0301ode Uruode, Adode, Jnani bajade ati\u0301go ore \",\"potentialAction\":[{\"@type\":\"SearchAction\",\"target\":{\"@type\":\"EntryPoint\",\"urlTemplate\":\"https:\\\/\\\/ayore.org\\\/?s={search_term_string}\"},\"query-input\":{\"@type\":\"PropertyValueSpecification\",\"valueRequired\":true,\"valueName\":\"search_term_string\"}}],\"inLanguage\":\"ayo\"}]}<\/script>\n<!-- \/ Yoast SEO plugin. -->","yoast_head_json":{"title":"Ecarai (Davide\u0301) \u2013 Je\u0301 u\u0303re\u0301 Dupade ome daruode &#8226; AYOR\u00c9.ORG","robots":{"index":"index","follow":"follow","max-snippet":"max-snippet:-1","max-image-preview":"max-image-preview:large","max-video-preview":"max-video-preview:-1"},"canonical":"https:\/\/ayore.org\/ayo\/culture\/teachings\/ecarai-davide-je-u\u0303re-dupade-ome-daruode\/","og_locale":"en_US","og_type":"article","og_title":"Ecarai (Davide\u0301) \u2013 Je\u0301 u\u0303re\u0301 Dupade ome daruode &#8226; AYOR\u00c9.ORG","og_description":"Ujetiga panguretigai ca no\u0301na dajirigode enga cucha biside\u0301cho Dupade Uruode ome ute\u0301 gosi:Enga ingome yoque to, ujetiga inoning\u00e1co, uje j\u00e9 \u0169r\u00e9 Dupade ome daruode. Mu yoque gosi ujetiga ca chib\u00e9ro iji dangoneparitigade ome Dupade Uruode, enga j\u00e9 u uje cho","og_url":"https:\/\/ayore.org\/ayo\/culture\/teachings\/ecarai-davide-je-u\u0303re-dupade-ome-daruode\/","og_site_name":"AYOR\u00c9.ORG","article_modified_time":"2019-05-24T18:17:00+00:00","twitter_card":"summary_large_image","twitter_misc":{"Est. reading time":"10 minutes"},"schema":{"@context":"https:\/\/schema.org","@graph":[{"@type":"WebPage","@id":"https:\/\/ayore.org\/ayo\/culture\/teachings\/ecarai-davide-je-u%cc%83re-dupade-ome-daruode\/","url":"https:\/\/ayore.org\/ayo\/culture\/teachings\/ecarai-davide-je-u%cc%83re-dupade-ome-daruode\/","name":"Ecarai (Davide\u0301) \u2013 Je\u0301 u\u0303re\u0301 Dupade ome daruode &#8226; AYOR\u00c9.ORG","isPartOf":{"@id":"https:\/\/ayore.org\/#website"},"datePublished":"2019-05-24T18:16:58+00:00","dateModified":"2019-05-24T18:17:00+00:00","breadcrumb":{"@id":"https:\/\/ayore.org\/ayo\/culture\/teachings\/ecarai-davide-je-u%cc%83re-dupade-ome-daruode\/#breadcrumb"},"inLanguage":"ayo","potentialAction":[{"@type":"ReadAction","target":["https:\/\/ayore.org\/ayo\/culture\/teachings\/ecarai-davide-je-u%cc%83re-dupade-ome-daruode\/"]}]},{"@type":"BreadcrumbList","@id":"https:\/\/ayore.org\/ayo\/culture\/teachings\/ecarai-davide-je-u%cc%83re-dupade-ome-daruode\/#breadcrumb","itemListElement":[{"@type":"ListItem","position":1,"name":"Jogate bajai tu ude\u0301","item":"https:\/\/ayore.org\/ayo\/"},{"@type":"ListItem","position":2,"name":"Ayore\u0301ode adode, angurenone cucha ore","item":"https:\/\/ayore.org\/ayo\/culture\/"},{"@type":"ListItem","position":3,"name":"Ayore\u0301ode Acajnaque\u0301ode","item":"https:\/\/ayore.org\/ayo\/culture\/teachings\/"},{"@type":"ListItem","position":4,"name":"Ecarai (Davide\u0301) \u2013 Je\u0301 u\u0303re\u0301 Dupade ome daruode"}]},{"@type":"WebSite","@id":"https:\/\/ayore.org\/#website","url":"https:\/\/ayore.org\/","name":"AYOR\u00c9.ORG","description":"Ayore\u0301ode Uruode, Adode, Jnani bajade ati\u0301go ore ","potentialAction":[{"@type":"SearchAction","target":{"@type":"EntryPoint","urlTemplate":"https:\/\/ayore.org\/?s={search_term_string}"},"query-input":{"@type":"PropertyValueSpecification","valueRequired":true,"valueName":"search_term_string"}}],"inLanguage":"ayo"}]}},"_links":{"self":[{"href":"https:\/\/ayore.org\/ayo\/wp-json\/wp\/v2\/pages\/4033","targetHints":{"allow":["GET"]}}],"collection":[{"href":"https:\/\/ayore.org\/ayo\/wp-json\/wp\/v2\/pages"}],"about":[{"href":"https:\/\/ayore.org\/ayo\/wp-json\/wp\/v2\/types\/page"}],"author":[{"embeddable":true,"href":"https:\/\/ayore.org\/ayo\/wp-json\/wp\/v2\/users\/5"}],"replies":[{"embeddable":true,"href":"https:\/\/ayore.org\/ayo\/wp-json\/wp\/v2\/comments?post=4033"}],"version-history":[{"count":2,"href":"https:\/\/ayore.org\/ayo\/wp-json\/wp\/v2\/pages\/4033\/revisions"}],"predecessor-version":[{"id":4035,"href":"https:\/\/ayore.org\/ayo\/wp-json\/wp\/v2\/pages\/4033\/revisions\/4035"}],"up":[{"embeddable":true,"href":"https:\/\/ayore.org\/ayo\/wp-json\/wp\/v2\/pages\/719"}],"wp:attachment":[{"href":"https:\/\/ayore.org\/ayo\/wp-json\/wp\/v2\/media?parent=4033"}],"curies":[{"name":"wp","href":"https:\/\/api.w.org\/{rel}","templated":true}]}}