{"id":4020,"date":"2019-05-24T15:21:29","date_gmt":"2019-05-24T15:21:29","guid":{"rendered":"https:\/\/ayore.org\/?page_id=4020"},"modified":"2019-05-24T15:21:31","modified_gmt":"2019-05-24T15:21:31","slug":"ecarai-davide-arijinano-uaquejode","status":"publish","type":"page","link":"https:\/\/ayore.org\/ayo\/culture\/teachings\/ecarai-davide-arijinano-uaquejode\/","title":{"rendered":"Ecarai (Davide\u0301) \u2013 Arij\u00edna\u00f1o uaquejode"},"content":{"rendered":"\n<p><strong><em>Yacajnaqu\u00e9ode u jetiga apota aj\u00edna Dupade anguretas\u00f3rone uyoque to jne:<\/em><\/strong><br>Yacajnaqu\u00e9ode u jetiga apota aj\u00edna Dupade anguretas\u00f3rone uyoque to jne jetiga Jesus diapo jne r\u0129 uje qu\u00e9 pirotiguei tun\u00e9. Que yimo Jesus diringai mu Dupade Uruode chojninga: \u201cArij\u00edna\u00f1o uaquejode.\u201d <\/p>\n\n\n\n<p>Jesus chojninga:\n\u201cQue iraja yir\u00edring\u00e1rique dire, mu a yiyague uacam\u00e1nique,\u201d chojninga.<\/p>\n\n\n\n<p>Mu ir\u00f3gode ore\nchojningame Jesuse: \u201c\u00bfJa ca b\u00e3rapi\u00e9rigui cuse jne jeta \u00e3ri a?\u201d<\/p>\n\n\n\n<p>Mu chojninga:\n\u201cY\u00e3rapiedie cuse. Y\u00e3rapiedie u jetiga gu\u00e9dodie basiji gat\u00e9,\u201d chojninga.\n\u201cY\u00e3rapiedie u jeta ore chuj\u00e9 \u00f1ane,\u201d chojninga. \u201cY\u00e3rapiedie u chaguh\u00e9ode,\u201d\nchojninga. \u201cY\u00e3rapiedie u arenie,\u201d chojninga.<\/p>\n\n\n\n<p>Enga e tocade\nuje jud\u00edode e ore cham\u00e1tapo \u00f1ane aja daniri ut\u00e9 r\u0129. <\/p>\n\n\n\n<p>Gu\u00e9dodie\nbasuguei iji gat\u00e9, jec u Jesus g\u00e3rapiedie to. Enga Jesus chojninga: \u201cY\u00e3rapiedie\nu jeta y\u0129riapo r\u0129,\u201d chojninga, \u201cmu c\u00e1ma y\u0129ri gotique,\u201d chojninga. Chi Jesuse\ndiringai e id\u00f3gosip\u00edsi. An\u00edrenie u gued\u00e9 edo, chi a ca upo dedo gotique r\u0129.\nGuedoside que edo upo dedo gotique r\u0129. Chi a ch\u00e9c\u00e3re re. Enga Jesus diringai\nchi id\u00f3gosip\u00edsi iji udojo. Mu uacam\u00f3\u00f1o uje gued\u00e9 e toi iji ujade mu c\u00e1ma top\u00edsi\nto. Mu unojo Jesus g\u00e3rapiedie ujetiga apota angureta ga an\u00f3niga Jesus g\u00e3rapiedie\nudire. <em>(Lucas 21:34, 35, 36 ore.)<\/em><\/p>\n\n\n\n<p>Jesus chatata\ndar\u00edring\u00e1rique gatuaque nanique, jecute que potigayaqu\u00e9rique d\u00e9ji ome \u00faringai \u0169r\u00e9.\nA di jne, jecute yicoi enga yujuco yoquio iji der\u00e9jnane jnese ujetiga dimane\nyoque jetiga di. Enga yicoi enga yicatec\u00e3coi Dupade ujetiga ca yagut\u00fago yogome\nDupade utocaidi Jesus ujetiga ug\u00facoi iquei.<\/p>\n\n\n\n<p>Gusu\nyacajnaqu\u00e9ode ome yoque. Mu yingome uac uje usona yocurasade jecucha catec\u00e3\u0301ri\nDupade ome uac, jeta Dupade chijn\u00f3ra y\u00f3guiji er\u00e1mi \u00fadode jnese ga yij\u00ednango \u00f1ane\nto aja gatajnoquei. Gusu yacajnaqu\u00e9ode.<\/p>\n\n\n\n<p><strong><em>Ecarai icatec\u00e3raitigade u ome Dupade:<\/em><\/strong><br>Yoque Dupade, yicatec\u00e3\u0301ri ua gajner\u0129 uje yacaranguipise ome ua. Mu, yoque Dupade, yicatec\u00e3\u0301ri ua gu jetiga ango yocurasade udojo u\u00f1\u00e9ngo ujetiga ore changureta ua enga orei \u00f3riji gatajnoquei to jne. Yoque Dupade, yacaranguipise ome ua gajner\u0129 uje baruode d\u00e9ji er\u00e1mi \u00fadode jnese iji de der\u00e9jnai jnese, ujetiga banguretas\u00f3rone ore chacate dar\u00e1sarigo ayor\u00e9 iji er\u00e1mi. Yoque Dupade, \u00e3ro pajei dotanigane, pajei j\u0169ruachuringane ore iji er\u00e1mone jnese ome bajopi\u00e9. Yoque Dupade yicatec\u00e3\u0301ri ua gajner\u0129 ome yocurasade ore uje ore catec\u00e3\u0301ri ua, mu que yimo jeta ore changureta bajnacari, Yoque Dupade. Que yimo jeta ore chiraja pujnu\u00e9ngais\u1e4dri uhua, Yoque Dupade. Mu \u00e1taja udore gajner\u0129 ujetiga ore changureta ua enga ca ore cho seb\u00e9gome d\u00e1ring\u00e1rique Dupade anguretas\u00f3rone gajner\u0129, Dupade.<\/p>\n\n\n\n<p>Yoque Dupade,\nyacaranguipise ome ua ome cucha pibosode uje b\u00e3r\u00edji ud\u00e9 iji yoque ga yajo\nb\u00e3rij\u00edone cucha, Dupade. Cham\u00e1\u00f1aje bajn\u00f3ra yoque enga yoquibot\u00edgo ga bas\u00edome\nyoque, Dupade. As\u00edome betotiguei, pijoningai to ome yoque ga \u00edjnoque\nyoquejnar\u00e9ngone gajner\u0129 iji yoc\u00fadode jnese gajner\u0129, yoque Dupade. Jeta ij\u00f5re\nyoque jnese ga yoco \u00f1ane iji jnumi gajner\u0129 ome yoc\u00faring\u00e1ringo ayor\u00e9 ij\u00f5re,\nyoque Dupade, iji de yoquidai. Yiraj\u00e1go uje yoquijor\u00e3 \u00f1ane uje yanguret\u00e1go\nDupade jnese, yoque Dupade, mu \u00e1taja yurasade gajner\u0129 ujetiga u\u00f1\u00e9ngo chopo\nyoque to gajner\u0129 ujetiga ore changureta Bajnacari Jesucr\u00edsto to. U gu uje toi\nome ore, uyoque jnese.<\/p>\n\n\n\n<p>Jecute yicatec\u00e3\u0301ri\nua gajner\u0129 ome cuchade udojo jnese uje yiraja uje bajnu\u00e9 cuchade jnese, jecute\nbaqueta Bajnacari Jesus tiji itoringai nanique uje dejade e gadi\u00f3guiji ode yui.\n\u00c1taja yoque gajner\u0129, \u00e3ro ejnaretade, ejnaretedie ore ejnar\u00e9ngone iji or\u00fadode,\ngajner\u0129. \u00c3ropise gajner\u0129, Dupade, ujetiga yocanguretigai j\u00e9 ca jnoji ua.\nYicatec\u00e3\u0301ri ua, gajner\u0129, ome Bajnacari Jesus i. Am\u1ebd.<\/p>\n\n\n\n<p><em>Ecarai \u2013 &nbsp;Campamento Ayor\u00e9, Bolivia \u2013 1971<\/em><br><em>Faith Wyma chur\u00fas\u00e3re Ecarai atatagode udojo nanique<\/em><\/p>\n\n\n<div class=\"navigation\"><div class=\"alignleft\"><a href=\"https:\/\/ayore.org\/ayo\/culture\/teachings\/ecarai-davide-cucha-amirone-jeta-pacadique-yogome\/\"title=\"Ecarai (Davide\u0301) \u2013 Cucha amirone jeta pacadique yogome\"><img loading=\"lazy\" decoding=\"async\" src=\"https:\/\/ayore.org\/wp-content\/uploads\/2018\/10\/left-arrow.png\" width=\"50\" height=\"48\" alt=\"left arrow\"><\/a><\/div><div class=\"alignright\"><a href=\"https:\/\/ayore.org\/ayo\/culture\/teachings\/ecarai-davide-yitojmarango-iji-yocanguretigai-2\/\"title=\"Ecarai (Davide\u0301) \u2013 Yitojm\u00e1rango iji yocanguretigai\"><img loading=\"lazy\" decoding=\"async\" src=\"https:\/\/ayore.org\/wp-content\/uploads\/2018\/10\/right-arrow.png\" width=\"50\" height=\"48\" alt=\"right arrow\"><\/a><\/div>\n","protected":false},"excerpt":{"rendered":"<p>Yacajnaqu\u00e9ode u jetiga apota aj\u00edna Dupade anguretas\u00f3rone uyoque to jne:Yacajnaqu\u00e9ode u jetiga apota aj\u00edna Dupade anguretas\u00f3rone uyoque to jne jetiga Jesus diapo jne r\u0129 uje qu\u00e9 pirotiguei tun\u00e9. Que yimo Jesus diringai mu Dupade Uruode chojninga: \u201cArij\u00edna\u00f1o uaquejode.\u201d Jesus chojninga:<\/p>\n","protected":false},"author":5,"featured_media":0,"parent":719,"menu_order":0,"comment_status":"closed","ping_status":"closed","template":"","meta":{"footnotes":""},"class_list":["post-4020","page","type-page","status-publish","hentry"],"yoast_head":"<!-- This site is optimized with the Yoast SEO plugin v27.4 - https:\/\/yoast.com\/product\/yoast-seo-wordpress\/ -->\n<title>Ecarai (Davide\u0301) \u2013 Arij\u00edna\u00f1o uaquejode &#8226; AYOR\u00c9.ORG<\/title>\n<meta name=\"robots\" content=\"index, follow, max-snippet:-1, max-image-preview:large, max-video-preview:-1\" \/>\n<link rel=\"canonical\" href=\"https:\/\/ayore.org\/ayo\/culture\/teachings\/ecarai-davide-arijinano-uaquejode\/\" \/>\n<meta property=\"og:locale\" content=\"en_US\" \/>\n<meta property=\"og:type\" content=\"article\" \/>\n<meta property=\"og:title\" content=\"Ecarai (Davide\u0301) \u2013 Arij\u00edna\u00f1o uaquejode &#8226; AYOR\u00c9.ORG\" \/>\n<meta property=\"og:description\" content=\"Yacajnaqu\u00e9ode u jetiga apota aj\u00edna Dupade anguretas\u00f3rone uyoque to jne:Yacajnaqu\u00e9ode u jetiga apota aj\u00edna Dupade anguretas\u00f3rone uyoque to jne jetiga Jesus diapo jne r\u0129 uje qu\u00e9 pirotiguei tun\u00e9. Que yimo Jesus diringai mu Dupade Uruode chojninga: \u201cArij\u00edna\u00f1o uaquejode.\u201d Jesus chojninga:\" \/>\n<meta property=\"og:url\" content=\"https:\/\/ayore.org\/ayo\/culture\/teachings\/ecarai-davide-arijinano-uaquejode\/\" \/>\n<meta property=\"og:site_name\" content=\"AYOR\u00c9.ORG\" \/>\n<meta property=\"article:modified_time\" content=\"2019-05-24T15:21:31+00:00\" \/>\n<meta name=\"twitter:card\" content=\"summary_large_image\" \/>\n<meta name=\"twitter:label1\" content=\"Est. reading time\" \/>\n\t<meta name=\"twitter:data1\" content=\"3 minutes\" \/>\n<script type=\"application\/ld+json\" class=\"yoast-schema-graph\">{\"@context\":\"https:\\\/\\\/schema.org\",\"@graph\":[{\"@type\":\"WebPage\",\"@id\":\"https:\\\/\\\/ayore.org\\\/ayo\\\/culture\\\/teachings\\\/ecarai-davide-arijinano-uaquejode\\\/\",\"url\":\"https:\\\/\\\/ayore.org\\\/ayo\\\/culture\\\/teachings\\\/ecarai-davide-arijinano-uaquejode\\\/\",\"name\":\"Ecarai (Davide\u0301) \u2013 Arij\u00edna\u00f1o uaquejode &#8226; AYOR\u00c9.ORG\",\"isPartOf\":{\"@id\":\"https:\\\/\\\/ayore.org\\\/#website\"},\"datePublished\":\"2019-05-24T15:21:29+00:00\",\"dateModified\":\"2019-05-24T15:21:31+00:00\",\"breadcrumb\":{\"@id\":\"https:\\\/\\\/ayore.org\\\/ayo\\\/culture\\\/teachings\\\/ecarai-davide-arijinano-uaquejode\\\/#breadcrumb\"},\"inLanguage\":\"ayo\",\"potentialAction\":[{\"@type\":\"ReadAction\",\"target\":[\"https:\\\/\\\/ayore.org\\\/ayo\\\/culture\\\/teachings\\\/ecarai-davide-arijinano-uaquejode\\\/\"]}]},{\"@type\":\"BreadcrumbList\",\"@id\":\"https:\\\/\\\/ayore.org\\\/ayo\\\/culture\\\/teachings\\\/ecarai-davide-arijinano-uaquejode\\\/#breadcrumb\",\"itemListElement\":[{\"@type\":\"ListItem\",\"position\":1,\"name\":\"Jogate bajai tu ude\u0301\",\"item\":\"https:\\\/\\\/ayore.org\\\/ayo\\\/\"},{\"@type\":\"ListItem\",\"position\":2,\"name\":\"Ayore\u0301ode adode, angurenone cucha ore\",\"item\":\"https:\\\/\\\/ayore.org\\\/ayo\\\/culture\\\/\"},{\"@type\":\"ListItem\",\"position\":3,\"name\":\"Ayore\u0301ode Acajnaque\u0301ode\",\"item\":\"https:\\\/\\\/ayore.org\\\/ayo\\\/culture\\\/teachings\\\/\"},{\"@type\":\"ListItem\",\"position\":4,\"name\":\"Ecarai (Davide\u0301) \u2013 Arij\u00edna\u00f1o uaquejode\"}]},{\"@type\":\"WebSite\",\"@id\":\"https:\\\/\\\/ayore.org\\\/#website\",\"url\":\"https:\\\/\\\/ayore.org\\\/\",\"name\":\"AYOR\u00c9.ORG\",\"description\":\"Ayore\u0301ode Uruode, Adode, Jnani bajade ati\u0301go ore \",\"potentialAction\":[{\"@type\":\"SearchAction\",\"target\":{\"@type\":\"EntryPoint\",\"urlTemplate\":\"https:\\\/\\\/ayore.org\\\/?s={search_term_string}\"},\"query-input\":{\"@type\":\"PropertyValueSpecification\",\"valueRequired\":true,\"valueName\":\"search_term_string\"}}],\"inLanguage\":\"ayo\"}]}<\/script>\n<!-- \/ Yoast SEO plugin. -->","yoast_head_json":{"title":"Ecarai (Davide\u0301) \u2013 Arij\u00edna\u00f1o uaquejode &#8226; AYOR\u00c9.ORG","robots":{"index":"index","follow":"follow","max-snippet":"max-snippet:-1","max-image-preview":"max-image-preview:large","max-video-preview":"max-video-preview:-1"},"canonical":"https:\/\/ayore.org\/ayo\/culture\/teachings\/ecarai-davide-arijinano-uaquejode\/","og_locale":"en_US","og_type":"article","og_title":"Ecarai (Davide\u0301) \u2013 Arij\u00edna\u00f1o uaquejode &#8226; AYOR\u00c9.ORG","og_description":"Yacajnaqu\u00e9ode u jetiga apota aj\u00edna Dupade anguretas\u00f3rone uyoque to jne:Yacajnaqu\u00e9ode u jetiga apota aj\u00edna Dupade anguretas\u00f3rone uyoque to jne jetiga Jesus diapo jne r\u0129 uje qu\u00e9 pirotiguei tun\u00e9. Que yimo Jesus diringai mu Dupade Uruode chojninga: \u201cArij\u00edna\u00f1o uaquejode.\u201d Jesus chojninga:","og_url":"https:\/\/ayore.org\/ayo\/culture\/teachings\/ecarai-davide-arijinano-uaquejode\/","og_site_name":"AYOR\u00c9.ORG","article_modified_time":"2019-05-24T15:21:31+00:00","twitter_card":"summary_large_image","twitter_misc":{"Est. reading time":"3 minutes"},"schema":{"@context":"https:\/\/schema.org","@graph":[{"@type":"WebPage","@id":"https:\/\/ayore.org\/ayo\/culture\/teachings\/ecarai-davide-arijinano-uaquejode\/","url":"https:\/\/ayore.org\/ayo\/culture\/teachings\/ecarai-davide-arijinano-uaquejode\/","name":"Ecarai (Davide\u0301) \u2013 Arij\u00edna\u00f1o uaquejode &#8226; AYOR\u00c9.ORG","isPartOf":{"@id":"https:\/\/ayore.org\/#website"},"datePublished":"2019-05-24T15:21:29+00:00","dateModified":"2019-05-24T15:21:31+00:00","breadcrumb":{"@id":"https:\/\/ayore.org\/ayo\/culture\/teachings\/ecarai-davide-arijinano-uaquejode\/#breadcrumb"},"inLanguage":"ayo","potentialAction":[{"@type":"ReadAction","target":["https:\/\/ayore.org\/ayo\/culture\/teachings\/ecarai-davide-arijinano-uaquejode\/"]}]},{"@type":"BreadcrumbList","@id":"https:\/\/ayore.org\/ayo\/culture\/teachings\/ecarai-davide-arijinano-uaquejode\/#breadcrumb","itemListElement":[{"@type":"ListItem","position":1,"name":"Jogate bajai tu ude\u0301","item":"https:\/\/ayore.org\/ayo\/"},{"@type":"ListItem","position":2,"name":"Ayore\u0301ode adode, angurenone cucha ore","item":"https:\/\/ayore.org\/ayo\/culture\/"},{"@type":"ListItem","position":3,"name":"Ayore\u0301ode Acajnaque\u0301ode","item":"https:\/\/ayore.org\/ayo\/culture\/teachings\/"},{"@type":"ListItem","position":4,"name":"Ecarai (Davide\u0301) \u2013 Arij\u00edna\u00f1o uaquejode"}]},{"@type":"WebSite","@id":"https:\/\/ayore.org\/#website","url":"https:\/\/ayore.org\/","name":"AYOR\u00c9.ORG","description":"Ayore\u0301ode Uruode, Adode, Jnani bajade ati\u0301go ore ","potentialAction":[{"@type":"SearchAction","target":{"@type":"EntryPoint","urlTemplate":"https:\/\/ayore.org\/?s={search_term_string}"},"query-input":{"@type":"PropertyValueSpecification","valueRequired":true,"valueName":"search_term_string"}}],"inLanguage":"ayo"}]}},"_links":{"self":[{"href":"https:\/\/ayore.org\/ayo\/wp-json\/wp\/v2\/pages\/4020","targetHints":{"allow":["GET"]}}],"collection":[{"href":"https:\/\/ayore.org\/ayo\/wp-json\/wp\/v2\/pages"}],"about":[{"href":"https:\/\/ayore.org\/ayo\/wp-json\/wp\/v2\/types\/page"}],"author":[{"embeddable":true,"href":"https:\/\/ayore.org\/ayo\/wp-json\/wp\/v2\/users\/5"}],"replies":[{"embeddable":true,"href":"https:\/\/ayore.org\/ayo\/wp-json\/wp\/v2\/comments?post=4020"}],"version-history":[{"count":2,"href":"https:\/\/ayore.org\/ayo\/wp-json\/wp\/v2\/pages\/4020\/revisions"}],"predecessor-version":[{"id":4022,"href":"https:\/\/ayore.org\/ayo\/wp-json\/wp\/v2\/pages\/4020\/revisions\/4022"}],"up":[{"embeddable":true,"href":"https:\/\/ayore.org\/ayo\/wp-json\/wp\/v2\/pages\/719"}],"wp:attachment":[{"href":"https:\/\/ayore.org\/ayo\/wp-json\/wp\/v2\/media?parent=4020"}],"curies":[{"name":"wp","href":"https:\/\/api.w.org\/{rel}","templated":true}]}}