{"id":3995,"date":"2019-05-24T01:09:56","date_gmt":"2019-05-24T01:09:56","guid":{"rendered":"https:\/\/ayore.org\/?page_id=3995"},"modified":"2019-05-24T01:09:58","modified_gmt":"2019-05-24T01:09:58","slug":"ecarai-davide-dupade-ujnomei-a-chise-erami-jnese","status":"publish","type":"page","link":"https:\/\/ayore.org\/ayo\/culture\/teachings\/ecarai-davide-dupade-ujnomei-a-chise-erami-jnese\/","title":{"rendered":"Ecarai (Davide\u0301) \u2013 Dupade ujnomei a chise er\u00e1mi jnese"},"content":{"rendered":"\n<p><strong><em>Jesuse ojninga casodicaite, g\u00e3rapie u\u00f1anie e tocade:<\/em><\/strong><br>Jesus chi chojninga: \u201cA Dupade ujnomei chise er\u00e1mi jnese jne ome coj\u00f1one ore, uy\u00f3guiji er\u00e1mi&nbsp; jnese, ga ujetiga ore chudute Yiapade ujnomei uje pota cho dar\u00e1sarigo iji er\u00e1mi uniris\u00f3rone jnese, ga j\u00e9 u jeta yir\u00edringai ta y\u00faode a j\u00e9 u jne.\u201d <em>(Mateo 24:14)<\/em><\/p>\n\n\n\n<p>J\u00e9 uacad\u00facho uje chi qu\u00e9 ocoi\nmenen\u00e9ngone, coj\u00f1one ore iji er\u00e1mi uje que ore chudute Dupade Uruode, mu e\nyug\u00facoi ore gat\u00f3coro. Jecute Jesuse ojninga casodicaite, g\u00e3rapie u\u00f1anie e\ntocade.<\/p>\n\n\n\n<p>Jesuse chi g\u00e3rapi\u00e9 to uje\ngu\u00e9dodie b\u00e1siji gatajnoquei. Jesuse g\u00e3rapiedie u uje jnumi t\u00e3rara. Jesuse\ng\u00e3rapie cuchade udojo jnese. Cham\u00e1\u00f1aje j\u00e9 ur\u00fao nanique. Uje chingo dacadigode\nore uje qu\u00e9 d\u00e9ji jnumi nanique, ga acadigode ore catec\u00e3\u0301ri Jesus iji\nqued\u00e9jnarique enga ore chojninga: \u201cYocacadis\u1e4dri \u00e1 \u00bfj\u00e9 cho rique a ujetiga\ncuchade udore tocade a? \u00bfJ\u00e9 p\u00e3rapi\u00e9ringui jne iji b\u00e3r\u00edringai, er\u00e1mone eruei ore\nyui?\u201d<\/p>\n\n\n\n<p>Mu Jesuse chojningame ore: \u201cUje\na ji\u00e9pisi coj\u00f1ot\u00edgo jne ujetiga ore ch\u00f3si tome uaque: \u2018\u00a1Cachi uacangar\u00e1dejnai\nCr\u00edsto u yu \u00e1!\u201d Udore a ore ch\u00e3ra coj\u00f1oque u\u00e1sejnane jne. Mu ujetiga u\u00f1eque\npotar\u00e1sa jeta ch\u00e3ra uaque enga chojningame uaque: \u2018\u00a1Cristo d\u00e9ji ne!\u2019 Jeonga\nu\u00f1\u00e9ngo chojninga: \u2018\u00a1Cr\u00edsto d\u00e9ji ta!\u2019 Mu j\u00e9 ca ang\u00e1choi udore gosode to go. Uje\nDupade utocaidi uyu yir\u00edring\u00e1rique gajnui a u ajnor\u00e1tique jne. Uje t\u1e4draji\ngat\u00e9 enga chic\u00e1ji qued\u00e9jnane.&nbsp; Parecujate\ndos\u00f3guedie udire quigade enga gued\u00e9 a toi jne. Guedoside a ca chajniapo jnumi\nte jne r\u0129. Gu\u00e9dodie a basapo jne r\u0129 iji gat\u00e9. Enga gat\u00e9 a chijocase re jnese\njne. Mu que pirajaque yir\u00edringarique dire, gued\u00e9 gat\u00f3cororaque ore.<\/p>\n\n\n\n<p><strong><em>Chi Jesus diringai yui a chopise dirode yui jne uje guei dequejnang\u00f3ri di ome No\u00e9 ore:<\/em><\/strong><br>Dirode iji Dupade utocaidi uyu yir\u00edringai yui a chopise dirode yui jne uje guei dequejnang\u00f3ri chejna No\u00e9 ur\u00e1sade nanique. Ore \u00e1yipiedie gaidode up\u00fasu daquetang\u00f3ningo cucha ome raque nanique. U\u00f1ane ore \u00e1yipiedie gaidode u dabosode. J\u00e9 u\u00f1ane \u00e1yipiedie gaidode u daj\u00f3dode yote pi\u00f3cho. J\u00e9 basa u\u00f1ane ore \u00e1yipiedie gaidode u dajmatodie gapui, dajmas\u00f3rone jnacare ore ujetiga j\u00e9 ore chisa \u00f1ane. Mu chise diri uje No\u00e9 e ore chac\u00e1ja dabi cuco cuchape ajei. Mu ore chuninga mu guei dequejnang\u00f3ri yore ore u\u00f1ane gai enga chejna ore jnese. Adi a j\u00e9 u jne ujetiga Dupade utocaidi uyu y\u0129ri\u00e1po r\u0129 iji uaque. Beyoi enga ajuso uaquero enga dimane u\u00e1gome yir\u00edringai yui.\u201d<\/p>\n\n\n\n<p><em>Ecarai \u2013 Tobit\u00e9, Bolivia \u2013 1960<\/em><br><em>Marina de Morarie chur\u00fas\u00e3re Ecarai uruode nanique<\/em><\/p>\n\n\n<div class=\"navigation\"><div class=\"alignleft\"><a href=\"https:\/\/ayore.org\/ayo\/culture\/teachings\/ecarai-davide-je-ca-yetajo-dupade-ujnomei-jnungorone-ore\/\"title=\"Ecarai (Davide\u0301) \u2013 Je\u0301 ca yet\u00e1jo Dupade ujnomei jnung\u00f3rone ore\"><img loading=\"lazy\" decoding=\"async\" src=\"https:\/\/ayore.org\/wp-content\/uploads\/2018\/10\/left-arrow.png\" width=\"50\" height=\"48\" alt=\"left arrow\"><\/a><\/div><div class=\"alignright\"><a href=\"https:\/\/ayore.org\/ayo\/culture\/teachings\/ecarai-davide-ayore-diode-ojn%cc%83ane\/\"title=\"Ecarai (Davide\u0301) \u2013 Ayore\u0301 diode ojn\u0303ane\"><img loading=\"lazy\" decoding=\"async\" src=\"https:\/\/ayore.org\/wp-content\/uploads\/2018\/10\/right-arrow.png\" width=\"50\" height=\"48\" alt=\"right arrow\"><\/a><\/div>\n","protected":false},"excerpt":{"rendered":"<p>Jesuse ojninga casodicaite, g\u00e3rapie u\u00f1anie e tocade:Jesus chi chojninga: \u201cA Dupade ujnomei chise er\u00e1mi jnese jne ome coj\u00f1one ore, uy\u00f3guiji er\u00e1mi&nbsp; jnese, ga ujetiga ore chudute Yiapade ujnomei uje pota cho dar\u00e1sarigo iji er\u00e1mi uniris\u00f3rone jnese, ga j\u00e9 u jeta<\/p>\n","protected":false},"author":5,"featured_media":0,"parent":719,"menu_order":0,"comment_status":"closed","ping_status":"closed","template":"","meta":{"footnotes":""},"class_list":["post-3995","page","type-page","status-publish","hentry"],"yoast_head":"<!-- This site is optimized with the Yoast SEO plugin v27.4 - https:\/\/yoast.com\/product\/yoast-seo-wordpress\/ -->\n<title>Ecarai (Davide\u0301) \u2013 Dupade ujnomei a chise er\u00e1mi jnese &#8226; AYOR\u00c9.ORG<\/title>\n<meta name=\"robots\" content=\"index, follow, max-snippet:-1, max-image-preview:large, max-video-preview:-1\" \/>\n<link rel=\"canonical\" href=\"https:\/\/ayore.org\/ayo\/culture\/teachings\/ecarai-davide-dupade-ujnomei-a-chise-erami-jnese\/\" \/>\n<meta property=\"og:locale\" content=\"en_US\" \/>\n<meta property=\"og:type\" content=\"article\" \/>\n<meta property=\"og:title\" content=\"Ecarai (Davide\u0301) \u2013 Dupade ujnomei a chise er\u00e1mi jnese &#8226; AYOR\u00c9.ORG\" \/>\n<meta property=\"og:description\" content=\"Jesuse ojninga casodicaite, g\u00e3rapie u\u00f1anie e tocade:Jesus chi chojninga: \u201cA Dupade ujnomei chise er\u00e1mi jnese jne ome coj\u00f1one ore, uy\u00f3guiji er\u00e1mi&nbsp; jnese, ga ujetiga ore chudute Yiapade ujnomei uje pota cho dar\u00e1sarigo iji er\u00e1mi uniris\u00f3rone jnese, ga j\u00e9 u jeta\" \/>\n<meta property=\"og:url\" content=\"https:\/\/ayore.org\/ayo\/culture\/teachings\/ecarai-davide-dupade-ujnomei-a-chise-erami-jnese\/\" \/>\n<meta property=\"og:site_name\" content=\"AYOR\u00c9.ORG\" \/>\n<meta property=\"article:modified_time\" content=\"2019-05-24T01:09:58+00:00\" \/>\n<meta name=\"twitter:card\" content=\"summary_large_image\" \/>\n<meta name=\"twitter:label1\" content=\"Est. reading time\" \/>\n\t<meta name=\"twitter:data1\" content=\"2 minutes\" \/>\n<script type=\"application\/ld+json\" class=\"yoast-schema-graph\">{\"@context\":\"https:\\\/\\\/schema.org\",\"@graph\":[{\"@type\":\"WebPage\",\"@id\":\"https:\\\/\\\/ayore.org\\\/ayo\\\/culture\\\/teachings\\\/ecarai-davide-dupade-ujnomei-a-chise-erami-jnese\\\/\",\"url\":\"https:\\\/\\\/ayore.org\\\/ayo\\\/culture\\\/teachings\\\/ecarai-davide-dupade-ujnomei-a-chise-erami-jnese\\\/\",\"name\":\"Ecarai (Davide\u0301) \u2013 Dupade ujnomei a chise er\u00e1mi jnese &#8226; AYOR\u00c9.ORG\",\"isPartOf\":{\"@id\":\"https:\\\/\\\/ayore.org\\\/#website\"},\"datePublished\":\"2019-05-24T01:09:56+00:00\",\"dateModified\":\"2019-05-24T01:09:58+00:00\",\"breadcrumb\":{\"@id\":\"https:\\\/\\\/ayore.org\\\/ayo\\\/culture\\\/teachings\\\/ecarai-davide-dupade-ujnomei-a-chise-erami-jnese\\\/#breadcrumb\"},\"inLanguage\":\"ayo\",\"potentialAction\":[{\"@type\":\"ReadAction\",\"target\":[\"https:\\\/\\\/ayore.org\\\/ayo\\\/culture\\\/teachings\\\/ecarai-davide-dupade-ujnomei-a-chise-erami-jnese\\\/\"]}]},{\"@type\":\"BreadcrumbList\",\"@id\":\"https:\\\/\\\/ayore.org\\\/ayo\\\/culture\\\/teachings\\\/ecarai-davide-dupade-ujnomei-a-chise-erami-jnese\\\/#breadcrumb\",\"itemListElement\":[{\"@type\":\"ListItem\",\"position\":1,\"name\":\"Jogate bajai tu ude\u0301\",\"item\":\"https:\\\/\\\/ayore.org\\\/ayo\\\/\"},{\"@type\":\"ListItem\",\"position\":2,\"name\":\"Ayore\u0301ode adode, angurenone cucha ore\",\"item\":\"https:\\\/\\\/ayore.org\\\/ayo\\\/culture\\\/\"},{\"@type\":\"ListItem\",\"position\":3,\"name\":\"Ayore\u0301ode Acajnaque\u0301ode\",\"item\":\"https:\\\/\\\/ayore.org\\\/ayo\\\/culture\\\/teachings\\\/\"},{\"@type\":\"ListItem\",\"position\":4,\"name\":\"Ecarai (Davide\u0301) \u2013 Dupade ujnomei a chise er\u00e1mi jnese\"}]},{\"@type\":\"WebSite\",\"@id\":\"https:\\\/\\\/ayore.org\\\/#website\",\"url\":\"https:\\\/\\\/ayore.org\\\/\",\"name\":\"AYOR\u00c9.ORG\",\"description\":\"Ayore\u0301ode Uruode, Adode, Jnani bajade ati\u0301go ore \",\"potentialAction\":[{\"@type\":\"SearchAction\",\"target\":{\"@type\":\"EntryPoint\",\"urlTemplate\":\"https:\\\/\\\/ayore.org\\\/?s={search_term_string}\"},\"query-input\":{\"@type\":\"PropertyValueSpecification\",\"valueRequired\":true,\"valueName\":\"search_term_string\"}}],\"inLanguage\":\"ayo\"}]}<\/script>\n<!-- \/ Yoast SEO plugin. -->","yoast_head_json":{"title":"Ecarai (Davide\u0301) \u2013 Dupade ujnomei a chise er\u00e1mi jnese &#8226; AYOR\u00c9.ORG","robots":{"index":"index","follow":"follow","max-snippet":"max-snippet:-1","max-image-preview":"max-image-preview:large","max-video-preview":"max-video-preview:-1"},"canonical":"https:\/\/ayore.org\/ayo\/culture\/teachings\/ecarai-davide-dupade-ujnomei-a-chise-erami-jnese\/","og_locale":"en_US","og_type":"article","og_title":"Ecarai (Davide\u0301) \u2013 Dupade ujnomei a chise er\u00e1mi jnese &#8226; AYOR\u00c9.ORG","og_description":"Jesuse ojninga casodicaite, g\u00e3rapie u\u00f1anie e tocade:Jesus chi chojninga: \u201cA Dupade ujnomei chise er\u00e1mi jnese jne ome coj\u00f1one ore, uy\u00f3guiji er\u00e1mi&nbsp; jnese, ga ujetiga ore chudute Yiapade ujnomei uje pota cho dar\u00e1sarigo iji er\u00e1mi uniris\u00f3rone jnese, ga j\u00e9 u jeta","og_url":"https:\/\/ayore.org\/ayo\/culture\/teachings\/ecarai-davide-dupade-ujnomei-a-chise-erami-jnese\/","og_site_name":"AYOR\u00c9.ORG","article_modified_time":"2019-05-24T01:09:58+00:00","twitter_card":"summary_large_image","twitter_misc":{"Est. reading time":"2 minutes"},"schema":{"@context":"https:\/\/schema.org","@graph":[{"@type":"WebPage","@id":"https:\/\/ayore.org\/ayo\/culture\/teachings\/ecarai-davide-dupade-ujnomei-a-chise-erami-jnese\/","url":"https:\/\/ayore.org\/ayo\/culture\/teachings\/ecarai-davide-dupade-ujnomei-a-chise-erami-jnese\/","name":"Ecarai (Davide\u0301) \u2013 Dupade ujnomei a chise er\u00e1mi jnese &#8226; AYOR\u00c9.ORG","isPartOf":{"@id":"https:\/\/ayore.org\/#website"},"datePublished":"2019-05-24T01:09:56+00:00","dateModified":"2019-05-24T01:09:58+00:00","breadcrumb":{"@id":"https:\/\/ayore.org\/ayo\/culture\/teachings\/ecarai-davide-dupade-ujnomei-a-chise-erami-jnese\/#breadcrumb"},"inLanguage":"ayo","potentialAction":[{"@type":"ReadAction","target":["https:\/\/ayore.org\/ayo\/culture\/teachings\/ecarai-davide-dupade-ujnomei-a-chise-erami-jnese\/"]}]},{"@type":"BreadcrumbList","@id":"https:\/\/ayore.org\/ayo\/culture\/teachings\/ecarai-davide-dupade-ujnomei-a-chise-erami-jnese\/#breadcrumb","itemListElement":[{"@type":"ListItem","position":1,"name":"Jogate bajai tu ude\u0301","item":"https:\/\/ayore.org\/ayo\/"},{"@type":"ListItem","position":2,"name":"Ayore\u0301ode adode, angurenone cucha ore","item":"https:\/\/ayore.org\/ayo\/culture\/"},{"@type":"ListItem","position":3,"name":"Ayore\u0301ode Acajnaque\u0301ode","item":"https:\/\/ayore.org\/ayo\/culture\/teachings\/"},{"@type":"ListItem","position":4,"name":"Ecarai (Davide\u0301) \u2013 Dupade ujnomei a chise er\u00e1mi jnese"}]},{"@type":"WebSite","@id":"https:\/\/ayore.org\/#website","url":"https:\/\/ayore.org\/","name":"AYOR\u00c9.ORG","description":"Ayore\u0301ode Uruode, Adode, Jnani bajade ati\u0301go ore ","potentialAction":[{"@type":"SearchAction","target":{"@type":"EntryPoint","urlTemplate":"https:\/\/ayore.org\/?s={search_term_string}"},"query-input":{"@type":"PropertyValueSpecification","valueRequired":true,"valueName":"search_term_string"}}],"inLanguage":"ayo"}]}},"_links":{"self":[{"href":"https:\/\/ayore.org\/ayo\/wp-json\/wp\/v2\/pages\/3995","targetHints":{"allow":["GET"]}}],"collection":[{"href":"https:\/\/ayore.org\/ayo\/wp-json\/wp\/v2\/pages"}],"about":[{"href":"https:\/\/ayore.org\/ayo\/wp-json\/wp\/v2\/types\/page"}],"author":[{"embeddable":true,"href":"https:\/\/ayore.org\/ayo\/wp-json\/wp\/v2\/users\/5"}],"replies":[{"embeddable":true,"href":"https:\/\/ayore.org\/ayo\/wp-json\/wp\/v2\/comments?post=3995"}],"version-history":[{"count":2,"href":"https:\/\/ayore.org\/ayo\/wp-json\/wp\/v2\/pages\/3995\/revisions"}],"predecessor-version":[{"id":3997,"href":"https:\/\/ayore.org\/ayo\/wp-json\/wp\/v2\/pages\/3995\/revisions\/3997"}],"up":[{"embeddable":true,"href":"https:\/\/ayore.org\/ayo\/wp-json\/wp\/v2\/pages\/719"}],"wp:attachment":[{"href":"https:\/\/ayore.org\/ayo\/wp-json\/wp\/v2\/media?parent=3995"}],"curies":[{"name":"wp","href":"https:\/\/api.w.org\/{rel}","templated":true}]}}