{"id":3976,"date":"2019-05-23T21:02:10","date_gmt":"2019-05-23T21:02:10","guid":{"rendered":"https:\/\/ayore.org\/?page_id=3976"},"modified":"2019-05-23T21:02:11","modified_gmt":"2019-05-23T21:02:11","slug":"ecarai-davide-dupade-uruode-batigade","status":"publish","type":"page","link":"https:\/\/ayore.org\/ayo\/culture\/teachings\/ecarai-davide-dupade-uruode-batigade\/","title":{"rendered":"Ecarai (Davide\u0301) \u2013 Dupade Uruode batigade"},"content":{"rendered":"\n<p><strong><em>Ecarai uruode u udojo:<\/em><\/strong><br>Dupade Uruode iji darujna aone u udojo uje no\u00f1ome iji yocari nanique, ga yajnerangome ga yingongome \u00f1ane iji Dupade Uruode batigade. Mu ujetiga icoi Dupade Uruode mu qu\u00e9 yim\u00f3ngo iji gat\u00e9 bajaque jeta yicatec\u00e3coi Dupade jeta Dupade ch\u00e1taja yoque, ga chudute yoquicatec\u00e3raitigade jetiga ca cucha gajnar\u00e9tique d\u00e9ji yoc. Jeta cucha gajnar\u00e9tique d\u00e9ji ga ango Dupade, enga chimes\u1ebdre yocat\u00edgo ga ch\u0129ro. Am\u00f3\u00f1oji gat\u00e9 ga yingo yogaja Dupade.<\/p>\n\n\n\n<p><strong><em>Ecarai e catec\u00e3\u0301ri Dupade:<\/em><\/strong><br>Yoque Dupade Dios, yicatec\u00e3\u0301ri ua gajner\u0129 uje yacaranguipis ome ua, mu que yimo yocurasade jeta ore chingongara raja ua. Jeta ore chingo yogaja ua to iji dejai, mu gusu ua uje baraja cuchade. \u00c1taja yoque gajner\u0129 jeta yiraj\u00e1go baruode quit\u00edgo gajner\u0129. Yiraj\u00e1go ua uje b\u1ebdrate cucha omone ome bangures\u00f3rone. J\u00e9 basa ga bapuse er\u00e1mi taja ome gu\u00e9ode, sequer\u00e9 adode, yoque Dupade. <\/p>\n\n\n\n<p>Mu\nyicatec\u00e3\u0301ri ua gajner\u0129 jeta \u00e1tap\u00edsaja bangures\u00f3rone gajner\u0129 iji ne baruode\nbatigai uje bay\u00e9 su, an\u00edri Jesute, bay\u00e9 chimate dasagode cucha nanique iji ud\u00e9\nder\u00e9jnai ga chedu degu piyarid\u00edji nanique ome yoque, Dupade. Jecute yatec\u00e3coi\nua to gajner\u0129 jeta \u00e1tab\u00e1ja baruode aja yoque to gajner\u0129 jeta yed\u00fago iji\nder\u00e9jnai. Mu, yoque Dupade, yiraj\u00e1go uje cucha pisagode su\u00e9 yoquib\u00e1yode r\u0129. Ga\nyicoi yoquisagode cucha mu jetiga ames\u1ebdre yocat\u00edgo ga yicoi yoquisat\u00edgo\nmaringa, ca cuch\u00e1rique chosi ti iji yoc, yoque Dupade. Yicatec\u00e3\u0301ri ua ome\nbangures\u00f3rone ore iji ne Tobit\u00e9 jeta ap\u00e9su ore enga ore qu\u00e9r\u00e3. Ore chajnerame\nyoquininaquei iji ua to, yoque Dupade. <\/p>\n\n\n\n<p>J\u00e9 u\nyocurasade mision\u00e9rone r\u0129 jetiga \u00e1taja ore gajner\u0129 jnenga ore chajnerame\nyoquirajatigai ga yiraj\u00e1go baruode gat\u00e9 iji ore pijnat\u00edgo, yoque Dupade.\nYiraj\u00e1go uje ore chiraja baruode, mu que ore chiraja yocur\u00farique mu gusu ua uje\nbaraja cuchade jnese, yoque Dupade.<\/p>\n\n\n\n<p>Yicatec\u00e3\u0301ri ua\nome yocur\u00e1sa di ejode, R\u00f3sad\u00e9, Sor\u00edan\u00e9 ore. Udojo u uje ore changureta ua.\nYiraja uje yiqu\u00e9rango iji guidai to mu baruode batigai tu jeta yocu\u00f1eque jno\nmaringa, jetiga ca gosi cha baruode iji er\u00e1mi. Adi u R\u00f3sad\u00e9 ore jeta ore\nchajnerame baruode iji yocacajnaqu\u00e9ode iji dajes\u00farigo er\u00e1mio. <\/p>\n\n\n\n<p>Dupade,\nyicatec\u00e3\u0301ri ua ome cuchade jnese ome bajnacari Jesute i, am\u1ebd.<\/p>\n\n\n\n<p><strong><em>Ecarai acajnaqu\u00e9ode u udojo: <\/em><\/strong><em>(Juan 16:22)<\/em><br>Jesute acajnaqu\u00e9ode u yajirigode ome yoque iji San Juan urusarane uje Jesus qu\u00e9 d\u00e9ji jnumi nanique ga chatata day\u00e9 adode. Chatata dasagode ome dangures\u00f3rone uje qu\u00e9 d\u00e9ji jnumi. Chatata an\u00edrone coj\u00f1one ijmongaqu\u00e9ode ome. Jesute, cham\u00e1\u00f1aje ujopier\u00e3que, mu chudute pijmongaqu\u00e9ode unojo to. Jecute chojningame dacajnaqu\u00e9ode udojo ome dangures\u00f3rone. Chojninga:&nbsp; \u201cYi jnenga, yijiapo ome gat\u00e9 jne r\u0129, enga p\u00e1yuguheb\u00e1tiga jne ome uaque. J\u00e9 basa ga pininaqu\u00e9 yicoringai tome uaque,\u201d Jesus chojningame dangures\u00f3rone uje d\u00e9ji jnumi nanique.<\/p>\n\n\n\n<p>&nbsp;Mu angures\u00f3rone que ore chiraja. Jesus jorane\nque ore chiraja uruode quigode go. Ga chi ore cho dabuja ome \u00f1ane. Jesus\nacadigode ore chojninga: \u201c\u00bfChimo j\u00f3roque daruode quitique?&nbsp; Uje chi an\u00edri, chi pininaquei jne mu\npujnusi\u00e9tiga r\u0129.\u201d Ga que ore chiraja Jesus acajnaqu\u00e9ode quitique.<\/p>\n\n\n\n<p>Mu chi Jesuse\nchudute. Chi chiraja ore \u00e1yipiedie quigode uje chi chise ore \u00e1yipiedie aj\u00e9ode. Chi\nchojninga: \u201cQue araj\u00e1yo yacajnaqu\u00e9ode quitique go. Jecute uacapot\u00e1yo jeta\nango\u00f1o \u00f1ane yacajnaqu\u00e9ode,\u201d Jesute chojningame dacadigode.<\/p>\n\n\n\n<p>Ga u iji de\nder\u00e9jnai tud\u00e9 ujetiga ca yiraj\u00e1go yocacajnaqu\u00e9rigo jeta ca gosi chiraja\nyocacajnaqu\u00e9ode quigode, ga Jesus chac\u00e3ra cuchade aja dacajnaqu\u00e9ode. <em>(San Juan 16:17)<\/em><\/p>\n\n\n\n<p>Mu Jesus chojninga,\nan\u00edri, uje cho dacajnaqu\u00e9ode quique ome dacadigode ore: \u201cUacam\u00f3\u00f1o uje,\u201d\nchojninga iji dacajnaqu\u00e9ode, \u201cA chequ\u00e9raque atique tag\u00faji gajner\u0129 enga chiraja\nur\u00f5soringu\u00e9one, mu ica base ga a ur\u00f5soringu\u00e9one ucode a chicad\u00edgui, a chicai\ndajes\u00farique,\u201d Jesus chojninga. <\/p>\n\n\n\n<p>Chojninga:\n\u201cAdi jec u, chi coj\u00f1one ore chuj\u00e9 yu jne, enga er\u00e1mi uniris\u00f3rone uje que ore\nchangureta yu enga a ore irasique re jne uje ore chimate yu aja jnumi. J\u00e9 basa\nga yangures\u00f3rone chi ore jnusi j\u00f3rongui yu, chi ore cho j\u00f3roque d\u00e1yugu re mu\nquigade chi ore chimopo yu dirome r\u0129. Chi yiquecapo dirome r\u0129,\u201d chi Jesus\nchojningame dacajnaqu\u00e9ode uje chi cho quique.<\/p>\n\n\n\n<p><strong><em>Pininaquei jogadi tu jne jeta Jesus di ga jno dangures\u00f3rone \u00fadi:<\/em><\/strong><br>Enga Jesus diringai chi adi jec u jne. Jesus toi nanique uje coj\u00f1one chuj\u00e9 ga coj\u00f1one ore irasique re uje que j\u00e9 ore chimopo Jes\u00faterique to gotique r\u0129. Mu angures\u00f3rone ga que j\u00e9 ore chimopo Jesus \u00faringai ayor\u00e9 ga ore jnusi. Ore jnusi. J\u00e9 ore cho d\u00e1yugu re, ga ore po ejode. Que yimo jeta Jesus anguretas\u00f3rone u jnese. Mu chi chequ\u00e9 got\u00f3rigui ore poji Jesus ejode. <\/p>\n\n\n\n<p>Ga adi jec u,\nchi Jesus di jne enga pujnusi\u00e9tiga.&nbsp; Mu\npininaquei tome yocu\u00f1ane. Adi tu uje ayor\u00e9ode, yocu\u00f1ane a jnome Jesus quigade\nto jne. Ga ore irasique r\u00e1gaja Jesus an\u00edri, idai yui. Enga udore ore uje que\nore changureta Jesus, ore iguiosode a ore jnome Jesus idaidat\u00e9 yui to jne. Ore\njnusi j\u00f3rogui daguiosode. Ore jnusi j\u00f3rogui an\u00edrone, dajade, jeoga ore daja ore\nga ore neroi. Ga Jesus diringai gajnui jec u d\u00e1ringai casicaite ayor\u00e9 chuque\nuje ore chuj\u00e9 iji jnumi nanique ga er\u00e1mi uniris\u00f3rone ore irasique re nanique\nuje ore chim\u00e1naja jnumi. J\u00e9 basa Jesus chimate dangures\u00f3rone ore aja\n\u00faringarique ij\u00f5re jne, enga u uje ore jnome gat\u00e9 ga a ore iguiosode jnusi\nj\u00f3rogui ore. <\/p>\n\n\n\n<p>Que toc jeta\nJesus j\u00e9 chijna ore to uje que d\u00e9ji darujna aone to jeta chojninga: \u201cChi Jesus\nchejna yogaja dabai iji yoquid\u00e1nique.\u201d Que d\u00e9ji go.<\/p>\n\n\n\n<p>Mu d\u00e9ji\njetiga ayor\u00e9rigo iji ore id\u00e1nique chejna raja Dupade Uruode, Dupade \u00faring\u00e1rique\npangurete ga ore u uje ore chejna raja Dupade idai \u00faring\u00e1rique piquique. <\/p>\n\n\n\n<p><strong>Jesus jno dacajnaqu\u00e9ode \u00fadi ome ore uje cho ore quique:<\/strong><br>Ga Jesus acajnaqu\u00e9ode u unojo ome an\u00edrone dangures\u00f3rone uje cho ore quique. Chojninga: \u201cQue araj\u00e1yo yacajnaqu\u00e9ode unojo mu a j\u00e9 diga arajayo jne.\u201d Mu jec \u0169r\u00e9 enga chise diri uje ore chiraja, ga ore chejna guesi enga ore chojninga: \u201cJesus \u00e1, que qu\u00e9 yiraj\u00e1gopo bacajnaqu\u00e9ode gotique r\u0129.\u201d <\/p>\n\n\n\n<p>Enga\nchojninga uje chejna dacajnaqu\u00e9ode udojo guesi uje coj\u00f1one chi ore chuj\u00e9 dirome\nga: \u201cA ajnuso j\u00f3roque yu dirome. Que toc jeta que am\u00f3\u00f1opo yu gotique r\u0129,\u201d mu\nchojninga, \u201cA uacam\u00f3\u00f1o yu jne,\u201d chojninga.<\/p>\n\n\n\n<p><strong>Jesus uruode tocade nanique ome \u00faringai chuque:<\/strong><br>Mu j\u00e9 \u0169r\u00e9 Jesus, uje chi coj\u00f1one chuj\u00e9 ga ore chij\u00f3chame, ga que ore chimopo gotique r\u0129. Mu chi Jesus ecapo r\u0129 enga e chiquetapo raja dacadigode u\u00f1ane r\u0129 iji guigu\u00edjna aj\u00e9nique udojo u\u00f1eque. Ga jogadi tu uje ore irasigapo re r\u0129. <\/p>\n\n\n\n<p>Ga Jesus\nacajnaqu\u00e9ode u udojo ome yoque uje que uyoque gotique, Jesus chi acadigode u\nnanique, mu j\u00e9 udojo qui ut\u00e9 Dupade Uruode jeta yingongo \u00f1ane. Jesus chiqueta\nraja origu\u00edjna ajei u\u00f1ai te ga, ore irasig\u00e1po re r\u0129 uje ore chimo Jesus. Ore\nchingo \u00f1ane, ore chingo Dupade angures\u00f3rone uje Dupade ujnacari casica e d\u00e9poi\nore ujade r\u0129. Que yimo jeta guedos\u00edrigo a gare, uje d\u00e9ji ore gari uje chi\nJesus ecapo nanique r\u0129. Ise ga ca potigayaqu\u00e9rique d\u00e9poi r\u0129 ome an\u00edrone jnani\nbajade, Jesus angures\u00f3rone. Que yiraja jetiga 40 dirode uje chi Jesus d\u00e9ji ore\ngari, dacadi casodica ore gari, iji ore igu\u00edjnane, ore aquiningane ga chi\nchiqueta raja ore.<\/p>\n\n\n\n<p><strong>Jesus chiqueta raja danguresore jnani g\u00e1rode udore uje e ecapo r\u0129:<\/strong><br>Iji taningai Jesus ga chi ca ore chiraja go. Taningap\u00edsi u uje chi Jesus chiqueta raja jnanione ore uje qu\u00e9 ore catec\u00e3ri \u00f1ane ome Jesus ga chi ore chojninga: \u201c\u00bfJesus ucacasica ya? \u00bfChamo j\u00f3roque gotique uje ore chuj\u00e9 ica? Ipesute uyoque ica m\u00fa\u00f1i.\u201d <\/p>\n\n\n\n<p>Mu Jesus chi\ne chiqueta raja ore ga chi chojninga, \u201cJ\u00e9 uacoj\u00f1ane \u00bfgot\u00edgo a?\u201d chi chojninga\nJesus.<\/p>\n\n\n\n<p>Mu ore\nchojninga: \u201cA j\u00e9 ca adute to uje ore chuj\u00e9 yoquedugu\u00e9jna case Jesus, ga que j\u00e9\nim\u00f3ngopo go, ga a ca yim\u00f3ngopo to jne r\u0129.\u201d <\/p>\n\n\n\n<p>Ga Jesus\nchojninga: \u201c\u00a1Yiraja! J\u00e9 go uje a ore angurete gotique dir\u00edca mu ome\ndejnar\u00e9ngone, mu j\u00e9 ore chuj\u00e9.\u201d Chi Jesus uruode a udojo mu que ore chiraja\nJesuse go uje catec\u00e3\u0301ri ore.<\/p>\n\n\n\n<p><strong><em>Que Dupade jno or\u00fadi to uje que ore i d\u00e9ji darujna aone go: <\/em><\/strong><em>(Apocalipsis 21:27)<\/em><br>Yoque gosi uje a yip\u00f3tago yicoi Dupade Uruode ga yang\u00e1coi Dupade Uruode ga yiraj\u00e1go quigode. Mu que yanguret\u00e1go Dupade Abi ga que toc jeta yiraj\u00e1go jeta yij\u00ednango Dupade aja gat\u00e9. Que yiraj\u00e1go yoc\u00faring\u00e1rique Dupade an\u00edri, jeoga yoquiquitique jeta Dupade di jne enga jno yoc\u00fadi, ga que yiraj\u00e1go. <\/p>\n\n\n\n<p>Yojningame:\n\u201cDupade \u00e1, yijo aja baruode. Yang\u00e1ri baruode ga yiraja quigode uje chi ar\u0129apo\nr\u0129. Yirate baradedie to ga yiraja baradedie uje yij\u00f1ecac\u00f3ja. Yiji baruode ga\nyir\u00e3r\u00e1ja gai ga yiraja.\u201d Ga a gosi chojninga jne: \u201cMu que yiraja gotique uje\nque bo y\u00fadi to,\u201d a gosi chojningaras ome Dupade.<\/p>\n\n\n\n<p>Mu a Jesuse,\nDupade, chajnai ga chojninga, \u201cMu bei que d\u00e9ji darujna aone to go. Que yiji\nor\u00fadi to uje que ore i d\u00e9ji darujna aone go. Yiraja uje ore ij\u00f3ja yuruode ga\nore tang\u00e1ri. Ore chirate yiradedie ga ore chiraja quigode. Ore chiraja uje ore\ncatec\u00e3\u0301ri yu, mu que ore changureta yu. Que yur\u00fas\u00e3re ore i iji gat\u00e9 ga que\nyiji ore \u00fadi gotique,\u201d chojninga. <em>(Efesios\n2:8 aja 9)<\/em><\/p>\n\n\n\n<p><em>Ecarai \u2013 Tobit\u00e9, Bolivia<strong> \u2013<\/strong> 1970<\/em><br><em>Marina de Morarie chur\u00fas\u00e3re Ecarai acajnaqu\u00e9ode udojo<\/em><\/p>\n\n\n<div class=\"navigation\"><div class=\"alignleft\"><a href=\"https:\/\/ayore.org\/ayo\/culture\/teachings\/ecarai-davide-chacara-dacajnaqueode-aja-chuguperone\/\"title=\"Ecarai (Davide\u0301) \u2013 Chac\u00e3ra dacajnaqu\u00e9ode aja chug\u00faperone\"><img loading=\"lazy\" decoding=\"async\" src=\"https:\/\/ayore.org\/wp-content\/uploads\/2018\/10\/left-arrow.png\" width=\"50\" height=\"48\" alt=\"left arrow\"><\/a><\/div><div class=\"alignright\"><a href=\"https:\/\/ayore.org\/ayo\/culture\/teachings\/ecarai-davide-aje-bajmanai-tiji-yoquibai\/\"title=\"Ecarai (Davide\u0301) \u2013 Aj\u00e9 bajmanai tiji yoquibai\"><img loading=\"lazy\" decoding=\"async\" src=\"https:\/\/ayore.org\/wp-content\/uploads\/2018\/10\/right-arrow.png\" width=\"50\" height=\"48\" alt=\"right arrow\"><\/a><\/div>\n","protected":false},"excerpt":{"rendered":"<p>Ecarai uruode u udojo:Dupade Uruode iji darujna aone u udojo uje no\u00f1ome iji yocari nanique, ga yajnerangome ga yingongome \u00f1ane iji Dupade Uruode batigade. Mu ujetiga icoi Dupade Uruode mu qu\u00e9 yim\u00f3ngo iji gat\u00e9 bajaque jeta yicatec\u00e3coi Dupade jeta Dupade<\/p>\n","protected":false},"author":5,"featured_media":0,"parent":719,"menu_order":0,"comment_status":"closed","ping_status":"closed","template":"","meta":{"footnotes":""},"class_list":["post-3976","page","type-page","status-publish","hentry"],"yoast_head":"<!-- This site is optimized with the Yoast SEO plugin v27.4 - https:\/\/yoast.com\/product\/yoast-seo-wordpress\/ -->\n<title>Ecarai (Davide\u0301) \u2013 Dupade Uruode batigade &#8226; AYOR\u00c9.ORG<\/title>\n<meta name=\"robots\" content=\"index, follow, max-snippet:-1, max-image-preview:large, max-video-preview:-1\" \/>\n<link rel=\"canonical\" href=\"https:\/\/ayore.org\/ayo\/culture\/teachings\/ecarai-davide-dupade-uruode-batigade\/\" \/>\n<meta property=\"og:locale\" content=\"en_US\" \/>\n<meta property=\"og:type\" content=\"article\" \/>\n<meta property=\"og:title\" content=\"Ecarai (Davide\u0301) \u2013 Dupade Uruode batigade &#8226; AYOR\u00c9.ORG\" \/>\n<meta property=\"og:description\" content=\"Ecarai uruode u udojo:Dupade Uruode iji darujna aone u udojo uje no\u00f1ome iji yocari nanique, ga yajnerangome ga yingongome \u00f1ane iji Dupade Uruode batigade. Mu ujetiga icoi Dupade Uruode mu qu\u00e9 yim\u00f3ngo iji gat\u00e9 bajaque jeta yicatec\u00e3coi Dupade jeta Dupade\" \/>\n<meta property=\"og:url\" content=\"https:\/\/ayore.org\/ayo\/culture\/teachings\/ecarai-davide-dupade-uruode-batigade\/\" \/>\n<meta property=\"og:site_name\" content=\"AYOR\u00c9.ORG\" \/>\n<meta property=\"article:modified_time\" content=\"2019-05-23T21:02:11+00:00\" \/>\n<meta name=\"twitter:card\" content=\"summary_large_image\" \/>\n<meta name=\"twitter:label1\" content=\"Est. reading time\" \/>\n\t<meta name=\"twitter:data1\" content=\"8 minutes\" \/>\n<script type=\"application\/ld+json\" class=\"yoast-schema-graph\">{\"@context\":\"https:\\\/\\\/schema.org\",\"@graph\":[{\"@type\":\"WebPage\",\"@id\":\"https:\\\/\\\/ayore.org\\\/ayo\\\/culture\\\/teachings\\\/ecarai-davide-dupade-uruode-batigade\\\/\",\"url\":\"https:\\\/\\\/ayore.org\\\/ayo\\\/culture\\\/teachings\\\/ecarai-davide-dupade-uruode-batigade\\\/\",\"name\":\"Ecarai (Davide\u0301) \u2013 Dupade Uruode batigade &#8226; AYOR\u00c9.ORG\",\"isPartOf\":{\"@id\":\"https:\\\/\\\/ayore.org\\\/#website\"},\"datePublished\":\"2019-05-23T21:02:10+00:00\",\"dateModified\":\"2019-05-23T21:02:11+00:00\",\"breadcrumb\":{\"@id\":\"https:\\\/\\\/ayore.org\\\/ayo\\\/culture\\\/teachings\\\/ecarai-davide-dupade-uruode-batigade\\\/#breadcrumb\"},\"inLanguage\":\"ayo\",\"potentialAction\":[{\"@type\":\"ReadAction\",\"target\":[\"https:\\\/\\\/ayore.org\\\/ayo\\\/culture\\\/teachings\\\/ecarai-davide-dupade-uruode-batigade\\\/\"]}]},{\"@type\":\"BreadcrumbList\",\"@id\":\"https:\\\/\\\/ayore.org\\\/ayo\\\/culture\\\/teachings\\\/ecarai-davide-dupade-uruode-batigade\\\/#breadcrumb\",\"itemListElement\":[{\"@type\":\"ListItem\",\"position\":1,\"name\":\"Jogate bajai tu ude\u0301\",\"item\":\"https:\\\/\\\/ayore.org\\\/ayo\\\/\"},{\"@type\":\"ListItem\",\"position\":2,\"name\":\"Ayore\u0301ode adode, angurenone cucha ore\",\"item\":\"https:\\\/\\\/ayore.org\\\/ayo\\\/culture\\\/\"},{\"@type\":\"ListItem\",\"position\":3,\"name\":\"Ayore\u0301ode Acajnaque\u0301ode\",\"item\":\"https:\\\/\\\/ayore.org\\\/ayo\\\/culture\\\/teachings\\\/\"},{\"@type\":\"ListItem\",\"position\":4,\"name\":\"Ecarai (Davide\u0301) \u2013 Dupade Uruode batigade\"}]},{\"@type\":\"WebSite\",\"@id\":\"https:\\\/\\\/ayore.org\\\/#website\",\"url\":\"https:\\\/\\\/ayore.org\\\/\",\"name\":\"AYOR\u00c9.ORG\",\"description\":\"Ayore\u0301ode Uruode, Adode, Jnani bajade ati\u0301go ore \",\"potentialAction\":[{\"@type\":\"SearchAction\",\"target\":{\"@type\":\"EntryPoint\",\"urlTemplate\":\"https:\\\/\\\/ayore.org\\\/?s={search_term_string}\"},\"query-input\":{\"@type\":\"PropertyValueSpecification\",\"valueRequired\":true,\"valueName\":\"search_term_string\"}}],\"inLanguage\":\"ayo\"}]}<\/script>\n<!-- \/ Yoast SEO plugin. -->","yoast_head_json":{"title":"Ecarai (Davide\u0301) \u2013 Dupade Uruode batigade &#8226; AYOR\u00c9.ORG","robots":{"index":"index","follow":"follow","max-snippet":"max-snippet:-1","max-image-preview":"max-image-preview:large","max-video-preview":"max-video-preview:-1"},"canonical":"https:\/\/ayore.org\/ayo\/culture\/teachings\/ecarai-davide-dupade-uruode-batigade\/","og_locale":"en_US","og_type":"article","og_title":"Ecarai (Davide\u0301) \u2013 Dupade Uruode batigade &#8226; AYOR\u00c9.ORG","og_description":"Ecarai uruode u udojo:Dupade Uruode iji darujna aone u udojo uje no\u00f1ome iji yocari nanique, ga yajnerangome ga yingongome \u00f1ane iji Dupade Uruode batigade. Mu ujetiga icoi Dupade Uruode mu qu\u00e9 yim\u00f3ngo iji gat\u00e9 bajaque jeta yicatec\u00e3coi Dupade jeta Dupade","og_url":"https:\/\/ayore.org\/ayo\/culture\/teachings\/ecarai-davide-dupade-uruode-batigade\/","og_site_name":"AYOR\u00c9.ORG","article_modified_time":"2019-05-23T21:02:11+00:00","twitter_card":"summary_large_image","twitter_misc":{"Est. reading time":"8 minutes"},"schema":{"@context":"https:\/\/schema.org","@graph":[{"@type":"WebPage","@id":"https:\/\/ayore.org\/ayo\/culture\/teachings\/ecarai-davide-dupade-uruode-batigade\/","url":"https:\/\/ayore.org\/ayo\/culture\/teachings\/ecarai-davide-dupade-uruode-batigade\/","name":"Ecarai (Davide\u0301) \u2013 Dupade Uruode batigade &#8226; AYOR\u00c9.ORG","isPartOf":{"@id":"https:\/\/ayore.org\/#website"},"datePublished":"2019-05-23T21:02:10+00:00","dateModified":"2019-05-23T21:02:11+00:00","breadcrumb":{"@id":"https:\/\/ayore.org\/ayo\/culture\/teachings\/ecarai-davide-dupade-uruode-batigade\/#breadcrumb"},"inLanguage":"ayo","potentialAction":[{"@type":"ReadAction","target":["https:\/\/ayore.org\/ayo\/culture\/teachings\/ecarai-davide-dupade-uruode-batigade\/"]}]},{"@type":"BreadcrumbList","@id":"https:\/\/ayore.org\/ayo\/culture\/teachings\/ecarai-davide-dupade-uruode-batigade\/#breadcrumb","itemListElement":[{"@type":"ListItem","position":1,"name":"Jogate bajai tu ude\u0301","item":"https:\/\/ayore.org\/ayo\/"},{"@type":"ListItem","position":2,"name":"Ayore\u0301ode adode, angurenone cucha ore","item":"https:\/\/ayore.org\/ayo\/culture\/"},{"@type":"ListItem","position":3,"name":"Ayore\u0301ode Acajnaque\u0301ode","item":"https:\/\/ayore.org\/ayo\/culture\/teachings\/"},{"@type":"ListItem","position":4,"name":"Ecarai (Davide\u0301) \u2013 Dupade Uruode batigade"}]},{"@type":"WebSite","@id":"https:\/\/ayore.org\/#website","url":"https:\/\/ayore.org\/","name":"AYOR\u00c9.ORG","description":"Ayore\u0301ode Uruode, Adode, Jnani bajade ati\u0301go ore ","potentialAction":[{"@type":"SearchAction","target":{"@type":"EntryPoint","urlTemplate":"https:\/\/ayore.org\/?s={search_term_string}"},"query-input":{"@type":"PropertyValueSpecification","valueRequired":true,"valueName":"search_term_string"}}],"inLanguage":"ayo"}]}},"_links":{"self":[{"href":"https:\/\/ayore.org\/ayo\/wp-json\/wp\/v2\/pages\/3976","targetHints":{"allow":["GET"]}}],"collection":[{"href":"https:\/\/ayore.org\/ayo\/wp-json\/wp\/v2\/pages"}],"about":[{"href":"https:\/\/ayore.org\/ayo\/wp-json\/wp\/v2\/types\/page"}],"author":[{"embeddable":true,"href":"https:\/\/ayore.org\/ayo\/wp-json\/wp\/v2\/users\/5"}],"replies":[{"embeddable":true,"href":"https:\/\/ayore.org\/ayo\/wp-json\/wp\/v2\/comments?post=3976"}],"version-history":[{"count":2,"href":"https:\/\/ayore.org\/ayo\/wp-json\/wp\/v2\/pages\/3976\/revisions"}],"predecessor-version":[{"id":3978,"href":"https:\/\/ayore.org\/ayo\/wp-json\/wp\/v2\/pages\/3976\/revisions\/3978"}],"up":[{"embeddable":true,"href":"https:\/\/ayore.org\/ayo\/wp-json\/wp\/v2\/pages\/719"}],"wp:attachment":[{"href":"https:\/\/ayore.org\/ayo\/wp-json\/wp\/v2\/media?parent=3976"}],"curies":[{"name":"wp","href":"https:\/\/api.w.org\/{rel}","templated":true}]}}