{"id":3951,"date":"2019-05-22T21:34:09","date_gmt":"2019-05-22T21:34:09","guid":{"rendered":"https:\/\/ayore.org\/?page_id=3951"},"modified":"2019-05-22T21:34:10","modified_gmt":"2019-05-22T21:34:10","slug":"ecarai-davide-dupade-chajire-dapesudi-erape-ga-ueradejna","status":"publish","type":"page","link":"https:\/\/ayore.org\/ayo\/culture\/teachings\/ecarai-davide-dupade-chajire-dapesudi-erape-ga-ueradejna\/","title":{"rendered":"Ecarai (Davide\u0301) \u2013 Dupade chajire dapesudi er\u00e3pe ga uerad\u00e9jna"},"content":{"rendered":"\n<p><strong><em>Ecarai chacate yogome er\u00e1mi taningai:<\/em><\/strong><br>Ga chi Dupade chajire dapesudi er\u00e3pe nanique ga uerad\u00e9jna.  Adi jec u uaque gosi. A gosi\nchirase dejnai ga chimate ga uerad\u00e9jna ome. <\/p>\n\n\n\n<p>Mu Dupade chojninga: \u201cC\u00e1ma\nyacatique cucha d\u00e9ji,\u201d chojninga. Chaca cuchade. A chaca picad\u00e9ode. Chaca\nesodie, chaca cucha pibosode iji er\u00e1mi ud\u00e9 \u00fadode. Ga chajire dejnai, mu acade\ncucha a e sue enga adie cusapo r\u0129. Mu chojninga: \u201cYimate yacade cucha adie mu\nc\u00e1ma gun\u00f3nique cucha sue to,\u201d chojninga.<\/p>\n\n\n\n<p><strong><em>Bajaque cuchisode uje Dupade p\u00e9su:<\/em><\/strong><br>Mu uacaraj\u00e1yo uje Dupade p\u00e9su dejnai gu ayor\u00e9ode uyoque, coj\u00f1one uy\u00f3guiji er\u00e1mi. A chojninga: \u201cA yip\u00e9su cuchisode.\u201d Mu cuchisode unojo cuchisode ga que chiraja dar\u00e1rique. Que chiraja cuch\u00e1rique.<\/p>\n\n\n\n<p><strong><em>Ejo ayor\u00e9 gajn\u00e1mi uje Dupade p\u00e9su nanique:<\/em><\/strong><br>Mu Dupade chi pesapo daj\u00e9ode r\u0129. Chi chipoc\u00e1su jnumi enga p\u00e9su ayor\u00e9 gajn\u00e1mi tiji uje a e uacad\u00facho j\u00f5, a ore chingo uac, don Juan ore. Chi chim\u00e1nir\u00e1se ga chimanipise aja dadode ga chimate edodie jogadode, chimate angoniguinone jogadode, chimate jmainie jogadode r\u0129. Ga chi chojninga: \u201cOmi tu ujetiga uecaringu\u00e9rique d\u00e9ji ajei.\u201d Chi doi ga chub\u00fachu pijnani. Ga e no\u00f1a ga e ayor\u00e9. Mu uacaraj\u00e1yo uje Dupade p\u00e9su ayor\u00e9 tun\u00e9 gu nanique ujetiga ayor\u00e9 tun\u00e9 doi uru quigode, jetiga tang\u00e1ri.<\/p>\n\n\n\n<p><strong><em>Gajn\u00e1reque ome Dupade uje gusu ayor\u00e9rique enga doi ga p\u00e9su acot\u00e9 ome:<\/em><\/strong><br>Chi chimate. Ga chi chojninga: \u201cGa gajn\u00e1reque jne, uje gusu ayor\u00e9rique j\u00f5 uje que chimo dagutiyam\u00e1tique,\u201d chojninga. Que chiraja jnani bajai acot\u00e9 iji cuchisode. Mu chi diga Dupade chijna moi tome yocai, jnani bajai, Ad\u00e3, ga chi mo ga moi chuj\u00e9. Dupade chijnime orotabidi pei ga p\u00e9su ayor\u00e9 tiji ga chequ\u00e9. Ga chi chojningame yocai jnani bajai: \u201cImate bacot\u00e9.\u201d Que chojningame gotique bacot\u00e9, mu chojninga, \u201cYimate baj\u00f5ra, ujetiga n\u00f3na ua enga \u00e1tayo cucha pisagode aja \u00f1ane,\u201d chi chojninga. Jec \u0169r\u00e9 uje chequed\u00ede d\u00e9ji gu ujetiga ore ch\u00e1ta cuchade aja daman\u00edngo.<\/p>\n\n\n\n<p><strong><em>Pangoninguite paritigade chise er\u00e1mi nanique:<\/em><\/strong><br>Mu uacaraj\u00e1yo to uje pangoninguite paritigade chise er\u00e1mi, enga ore que ore tang\u00e1ri Dupade uruode dirome. <\/p>\n\n\n\n<p>Chi chimate ore ga chojninga:\n\u201cYejnai tun\u00e9,\u201d chojninga, \u201cYejnai tun\u00e9. Acho uacajegait\u00edgo iji,\u201d chojninga.\n\u201cYacadie esodie d\u00e9ji d\u00e9,\u201d chojninga, \u201cYacadie ijnaque qued\u00e9jnanie adie,\u201d chojninga,\n\u201cPicad\u00e9ode adie, acho,\u201d chojninga. \u201cMu j\u00e9 ca acho cucha a u\u00f1a to,\u201d chojninga,\n\u201cuje yar\u00e1ngome uaque.\u201d<\/p>\n\n\n\n<p>Mu que yiraj\u00e1go \u00edrique to mu a Dupade\ng\u00e3ranenie u an\u00edrenie, cucha adie uje ayor\u00e9ode yajo to nanique ujetiga\nayor\u00e9rique tagu ga toi. Chojninga: \u201cAcho jne. Mu ca acho cucha a chojmara uje\nd\u00e9ji ut\u00e9 yejnai tud\u00e9 gat\u00f3coro iji ta,\u201d chojninga.<\/p>\n\n\n\n<p><strong><em>Dupade g\u00e3rengu\u00e9 chojm\u00e1ra nanique jeta ca ore tagu:<\/em><\/strong><br>Mu uacam\u00f3\u00f1o uje yocat\u00e9, chequ\u00e9 baj\u00e9 tagu Dupade garengu\u00e9 a enga jec u uje pangoninguite paritigade e chac\u00e1ja yoc. Pitoringai e chac\u00e1ja yoc. <\/p>\n\n\n\n<p>J\u00e9 uacad\u00facho don Carlos\nacajnaqu\u00e9ode to uje chojninga: \u201cPitoringai ipotinguer\u00e3que ga pota ayor\u00e9ode\nuyoque ome daquigade.\u201d<\/p>\n\n\n\n<p>Chi ore tagu Dupade gueranenie\ncucha ai. Ore irasei. Ore irasique re. Mu chi Satanase chaca ugai ga a p\u00e9su re\nga jnacare uerad\u00e9jnai. Uacam\u00f3\u00f1o uje yingome uaque dir\u00edca. Enga gap\u00faa tuat\u00e9 que\ntodo uje cham\u00e1\u00f1aje ayor\u00e9 jnacare uerad\u00e9jna gu.<\/p>\n\n\n\n<p><strong><em>Satanase cheting\u00e3re Eba:<\/em><\/strong><br>E chojninga: \u201cEb\u00e1, Dupade gueranenie d\u00e9ji bei ujetiga acho.\u201d<\/p>\n\n\n\n<p>Mu chojninga: \u201cDupade g\u00e3rengu\u00e9 chojm\u00e1ra ujeta ca yajo to. Dupade ch\u00e3raque gu.\u201d<\/p>\n\n\n\n<p>Mu chojninga: \u201cEb\u00e1, ise ga\nt\u00e1gape Dupade,\u201d chojninga. \u201cJecute Dupade que pota ujetiga araj\u00e1yo cuchade\njnese,\u201d chojninga. \u201cDupade char\u00e1ngome uaque. Charat\u00e1yime uaque gu ujetiga\narajayo to cuchade,\u201d chojninga.<\/p>\n\n\n\n<p>Enga chi chojningame yocat\u00e9,\nchequ\u00e9 baj\u00e9: \u201c\u00bfJ\u00e9 go, que agu a?\u201d<\/p>\n\n\n\n<p>Mu chojninga: \u201cQue yagu go. Dupade\nch\u00e3raque ga que yagu.\u201d<\/p>\n\n\n\n<p>Mu que jno unojo \u00fadi gotique.\nObir\u00e9jna uje ipotingar\u00e3que un\u00e9 enga jno cuchade \u00fadi. <\/p>\n\n\n\n<p>Chi Satanas chingo: \u201c\u00bfJ\u00e9\nbatod\u00f3ningai udore iji der\u00e9jnai? \u00bfJ\u00e9 unere ome re adie?\u201d chojninga. \u201cJ\u00e9\nuacam\u00f3\u00f1o an\u00edrone cuchade adie s\u1ebdrer\u00e3ja jnumone ga ipotinguer\u00e3cho.\u201d<\/p>\n\n\n\n<p>Chi adie id\u00f3gosi jnumone\n(colgando para abajo) ga ipotinguer\u1ebd ome uat\u00e9, yocat\u00e9 Eba. <\/p>\n\n\n\n<p>Chi chojninga: \u201cD\u00e9 udire j\u00f5.\nEnga jec yagu j\u00e3,\u201d chojninga. Mu chi chojninga: \u201cMu chi yajo dir\u00edca, chi\nyitogoi dirome, Dupade chojninga.\u201d<\/p>\n\n\n\n<p><strong><em>Satanase cho \u00e3rapataquechoqui iji Dupade:<\/em><\/strong><br>Mu Satanase chojninga: \u201cTaque Dupade. Uacam\u00f3\u00f1o uje charat\u00e1yime uaque gu ujetiga araj\u00e1yo cuchade to,\u201d chojninga.<\/p>\n\n\n\n<p>Mu j\u00e9 \u0169repise Dupade uje, j\u00e9\n\u0169repise Satanas uje, a ca yajo cuchade adie unaji ga que yim\u00f3ngo pajei\ng\u00e1tig\u00e1rique go. A j\u00e9 yoquirasique \u00f1ane. Que pajei dot\u00e1ning\u00e1nique d\u00e9ji yoc. Que\nyaj\u00e9ngome yoc\u00faring\u00e1rique choqu\u00edbi. Mu yajo unojo ga j\u00e9 Satanas p\u00edode d\u00e9ji to ga\nj\u00e9 u uje yiraj\u00e1go cucha sijn\u00e1ngone.<\/p>\n\n\n\n<p>Ga chi chojninga: \u201cQu\u00e9 yag\u00e1bu gajner\u00ed.\u201d\nChisa a. Ch\u00e9ting\u00e3re mu uner\u00e9jna. Mu chi chojningame dabai, yocai jnani bajai,\n\u201cBoji ti. Agu to \u00e1,\u201d chojninga, \u201cEnga jec \u0169r\u00e9 uner\u00e9jna. A Dupade ch\u00e3ra yoque,\u201d\nchojninga, \u201cUje ch\u00e3raque dir\u00edca,\u201d chojninga.<\/p>\n\n\n\n<p><strong><em>Uje ore tagu Dupade g\u00e3rengu\u00e9 a, enga quene ore chiraja uje choqu\u00edbi ore:<\/em><\/strong><br>Ore tagu. Mu chi ore chojninga, \u201cJ\u00e9 go uje choqu\u00edbi yoc,\u201d ore chojninga.<\/p>\n\n\n\n<p>Mu abai chi chajire re to enga chojninga: \u201cJec \u0169r\u00e9, choqu\u00edbi yoc,\u201d chi ore chojninga. <\/p>\n\n\n\n<p>Ore pot\u00e9 tudaque cucha a u uje ore chiraja uje\nchoqu\u00edbi ore; ore chiraja pajeg\u00e1tigade.<\/p>\n\n\n\n<p>Ga chi chojningame dacot\u00e9: \u201cYico a. Yip\u00e9sabu yocoit\u00edgo.\u201d<\/p>\n\n\n\n<p>A ore p\u00e9su doidode ud\u00e9 ome cucha\nacarane, acar\u00e3que ejn\u00fameone udore. Ujnoro qued\u00e9jnanie uje uacam\u00f3\u00f1o ujnoro\nqued\u00e9jnanie ojodie uje ejn\u00famecho. Ga ore chug\u00e1ja \u00f1ane enga ore p\u00e9su doidode\niji. <\/p>\n\n\n\n<p>Mu chi gued\u00e9 jno enga ore\nchudute Dupade pijnane. Chi chojninga: \u201c\u00a1Ad\u00e3\u0301, qu\u00e9 yib\u00e1gui uaque \u00e9!\u201d\nchojninga.<\/p>\n\n\n\n<p>Mu\nchojningame dacot\u00e9: \u201cBoji ti. Yico.\nDupade e di,\u201d chojninga.<\/p>\n\n\n\n<p>Chi ore doi poridie u\u00e9chade enga\ne ore chacose re. Enga chi a ore chojninga: \u201cA ca Dupade chimo yoque gajner\u0129.\nCham\u00e1\u00f1aje acoco yoque gu.\u201d<\/p>\n\n\n\n<p>Uacam\u00f3\u00f1o uje a yacose yu una\nu\u00e9chai enga uaque gosi que chimo yu. Mu Dupade \u00a1cho jetiga ca chimo uaque go! Adi\nj\u00e9 u uyoque uje a gosi p\u00f3gu date gajnar\u00e9tigo mu Dupade u uje chimo cuchade,\ncucha pipogui\u00e9dode. <\/p>\n\n\n\n<p><strong><em>Dupade chajna ore aja ore acoyap\u00eddi:<\/em><\/strong><br>Chi j\u00e9 ore chajo r\u00e1ja dacoyap\u00eddode enga, mu diga Dupade chajnap\u00fasu ore aja.<\/p>\n\n\n\n<p>Chi chojninga: \u201c\u00bfDupade ta uque e?\u201d chi chojninga. \u201cJ\u00e9 go uje a Dupade u que,\u201d chojninga, \u201cJ\u00e9 go, j\u00e9 Dupade a u,\u201d chojninga. <\/p>\n\n\n\n<p>\u201cYug\u00facoi ne,\u201d chojninga, mu\ncachi ore ur\u00fao. Cachi ore ur\u00fao uje chi gaidi tu ujetiga ca Dupade chiraja ore\nan\u00edrone, ore ipesudode cucha gajnar\u00e9cho. Ga chiese ore t\u1e4dra re ome Dupade.<\/p>\n\n\n\n<p>Jecute ore chojninga: \u201cJ\u00e9 go, a Dupade\nu,\u201d ore chojninga. <\/p>\n\n\n\n<p>Chojninga, \u201cUg\u00facoi ne,\u201d\nchojninga.<\/p>\n\n\n\n<p>Enga yiraj\u00e1go uje a baj\u00e9ngome\ncuchade gu uje pisijnaringuei chisa ua enga e baj\u00e9ngome cuchade. <\/p>\n\n\n\n<p>Chi ore chojninga: \u201cUg\u00facoi ne,\u201d\nchojninga. Chi chojninga: \u201cUg\u00facoi ne mu yac\u00f3co yoque que uje choqu\u00edbi yoque\ngu.\u201d<\/p>\n\n\n\n<p>Mu chojninga: \u201cIse ga e acho\nyarengu\u00e9 cucha a. Jecute uacap\u00f3cho uaque,\u201d chojninga.<\/p>\n\n\n\n<p>Mu chojningame Dupade: \u201cDupade,\ne yagu. Beran\u00e9 chequ\u00e9 chisiome yu ga yagu to,\u201d chojninga, \u201cUje chojninga, Ad\u00e3,\nagu to.\u201d<\/p>\n\n\n\n<p>Mu j\u00e9 \u0169repise ujetiga bacot\u00e9 ca\nchangureta Dupade enga a j\u00e9 ca \u00e1ta ua aja ipesut\u00edgo cucha gajnar\u00e9cho ujeta\nangureta Dupade. Bacot\u00e9 ujetiga ca changureta Dupade enga j\u00e9 ca arate uat\u00e9 aja\nipesut\u00edgo cucha gajnar\u00e9cho. <\/p>\n\n\n\n<p>Jecute un\u00e9 jnani bajai un\u00e9 a ca\ntang\u00e1ri dacot\u00e9 uat\u00e9 enga a ca Dupade chis\u00edrasome pitoringai tome to gotique.<\/p>\n\n\n\n<p>J\u00e9 basa ga ujetiga bacot\u00e9\nchangureta Dupade enga j\u00e9 ca ajocase \u00faringai Dupade irajato gai. Enga ujetiga Dupade\nanguretato ua, enga ca \u00e1ta ua aja babai ipesudode cucha gajnar\u00e9cho,\nangoninguite paritigade. <\/p>\n\n\n\n<p>Jecute chi ore chojningame,\nunojo ore: \u201cYajo cucha adie, b\u00e3rangu\u00e9. Jecute yip\u00f3jo y\u00f3gome ua,\u201d ore chojninga.<\/p>\n\n\n\n<p><strong><em>Dupade chij\u00f3c\u00e3re ore iji dajut\u00edcabia:<\/em><\/strong><br>Mu chi chojninga: \u201cYiraja. Uacacho,\u201d chojninga, \u201cBoyo enga acayoi t\u00f5ni\u00f1eque tiji yejnai. Ca acayopo aja ne jne r\u0129,\u201d chojninga.<\/p>\n\n\n\n<p>Ore jno ga ore cho d\u00e1yugu r\u00e1gaja\ndajes\u00faode. Ore educacho aja dajes\u00faode uje Dupade cha ore.<\/p>\n\n\n\n<p>Mu Dupade que cha ore go, mu qu\u00e9\npesapo daj\u00e9ode ome ore to jne enga qu\u00e9 chijnapo ore aja daniri r\u0129. Chi\nchojninga: \u201cJ\u00e9 ca boyo jne maringa,\u201d chojninga, \u201cmu a ca achopo uacabotique\nbisideque jne r\u0129,\u201d chojninga. <\/p>\n\n\n\n<p>Uacam\u00f3\u00f1o uje Dupade chisi ome\ncucha adie ome ore ujetiga ore tagu ga c\u00e1ma ore chisa dej\u00f3rigo ujetiga ore cho\npar\u00e1guiji usodi ujetiga ore taque enga ore moi damoch\u00e1dode. <\/p>\n\n\n\n<p><strong><em>Dupade cho dar\u00faja ome ore enga chisi ome pitoringai ome ore, j\u00e9 aja pisaque et\u00f3gode ore:<\/em><\/strong><br>Mu chi chojninga, cho dar\u00faja ome yocai jnani bajai. Jec u uje yitogoi ga e u Dupade uruode. <\/p>\n\n\n\n<p>Chi chojninga: \u201cA qu\u00e9 aque jne mu a ejna baguesi ome cucha pisagode bajaque,\u201d chojninga.<\/p>\n\n\n\n<p>Enga jec \u0169repise Dupade uje\nayor\u00e9 casodicaite, que ore taque bisideque go. Ise ga uacu\u00f1eque chiraja to uje\nayor\u00e9 casodicaite uyoque que yajo bisideque go. J\u00e9 \u0169r\u00e9 yu uje que ayor\u00e9rique\nd\u00e9ji si\u00f1eque ujetiga taque bisideque. Ayor\u00e9 casodicaite ore taque jne mu qu\u00e9\nore b\u00e1guiji er\u00e1mi. Ga unojo u uje Dupade cho daru ome yoque. Que chisiapo ome\nyoque cucha pibosode r\u0129 jeta cucha pibosode diapo iji yocajei bisideque\ngotique r\u0129.<\/p>\n\n\n\n<p>Uje cucha pibosode u yocade ore.\nYacorenie chiraja uje yuj\u00e9go enga ore chayome yoque ga que ore diguiji yocajei\ngo. J\u00e9 basa ga a que yip\u00e9co cucha gajnar\u00e9tique tiji ome Dupade nanique, enga\nyacorenie, yocade diguiji yocajei enga yajo. Enga ayor\u00e9 casodicaite gosi\nb\u00e1guiji er\u00e1mi. Que chimo cut\u00e9nique m\u00edraque ga chaguh\u00e9ode ujuya ga cho j\u00f5. Cho\ncaru ome er\u00e1mi isagode.<\/p>\n\n\n\n<p>J\u00e9 basa ga coj\u00f1one unojo u to.\nCoj\u00f1one, ayor\u00e9ode que taque bisideque go. Ore chejna daguesi ome daros\u00f3nique coj\u00f1oque\niroqu\u00e9rigo, jneque tagu to mu (m\u00e1s tarde comer\u00e1n). <\/p>\n\n\n\n<p>Ga unojo u uje Dupade cho daru\nome jnani bai ga uruode unojo uje chojninga: \u201cA gajnetui yore babai,\u201d\nchojninga, \u201cquigade eti baque to,\u201d chojninga.<\/p>\n\n\n\n<p><strong><em>Dupade cho daru aja chequ\u00e9 baj\u00e9 Eva:<\/em><\/strong><br>Enga cho daru aja anire, yoc\u00e3rapi\u00e9 chequ\u00e9 baj\u00e9.<\/p>\n\n\n\n<p>\u201cIraja,\u201d chojninga, \u201cuje\nb\u00e1yipie, bajei gaidode a babai u,\u201d chojninga, \u201cBapotigu\u00e9ode gajneng\u00f3ri tu\nbabai,\u201d chojningame. \u201cMu a uacat\u00edgo cuse jne,\u201d chojninga. <\/p>\n\n\n\n<p>E cho dar\u00fa ome yocat\u00e9 chequ\u00e9\nbaj\u00e9 to. \u201cA uacatique jne, mu qu\u00e9 baraja \u0169rosoringu\u00e9one,\u201d chojninga, \u201cBaraja\n\u0169rosoringu\u00e9one enga que toc ujeta batique toc\u00e1diji ua bisideque,\u201d chojninga. <\/p>\n\n\n\n<p>Ga unojo uje yiraj\u00e1go uje Dupade\nguer\u00e3tique cucha gajnar\u00e9ngone ome yocayode jnani bajade uje cho daru aja ore.<\/p>\n\n\n\n<p><strong><em>Dupade cho daru aja er\u00e1mi:<\/em><\/strong><br>Quigade ga cho daru aja er\u00e1mi. Chojningame er\u00e1mi: \u201cA bojnat\u00edgo cuse jne,\u201d chojninga. Dupade guejnai chi gusu an\u00edrone nanique, acade cucha, cucha a. Que cucha ojnatique d\u00e9ji to. Mu cat\u00e1guedie d\u00e9ji ayor\u00e9ode yoquejnane. Mu Dupade cho daru aja jnumi ga chojninga: \u201cA bojnat\u00edgo cuse jne,\u201d chojninga. \u201cA ojnac\u00faco,\u201d chojninga. <\/p>\n\n\n\n<p>Ga quigade uacam\u00f3\u00f1o uje que\nayor\u00e9rique guejnatique d\u00e9ji si\u00f1eque jeta ca cat\u00e1gueraque d\u00e9ji. A ca d\u00e9ji\nsi\u00f1eque jetiga ca ojnac\u00facoraque d\u00e9ji. Ojnac\u00facodie d\u00e9ji er\u00e1mi jnese uje Dupade\ncho daru aja er\u00e1mi. <\/p>\n\n\n\n<p>Enga unojo u uje yiraj\u00e1go uje\nyocayode jnani bajade ore angoninguite paritigade u uje Dupade chetaque yoque. <\/p>\n\n\n\n<p><strong><em>Dupade cho dar\u00faja ore, mu qu\u00e9 chijn\u00f3ra ore:<\/em><\/strong><br>Mu quigade unojo enga Dupade chi chucu\u00e9 daj\u00e9ode iji gatajnoquei. Chojninga: \u201cYipesudi casodicaite uje yo yuru aja ore, yijnorapise ore ome yu,\u201d chojninga. \u201cYijnorapise ore ome yiquigade ujetiga ore n\u00f3na yu,\u201d chojninga. <\/p>\n\n\n\n<p>Chojninga: \u201cYi jne enga, a yiroque\nyujnacari Jesute aja jnumi te jne enga chingo ore jne uje qu\u00e9 yijnorapise ore,\u201d\nchojninga. <\/p>\n\n\n\n<p>Enga jec \u0169r\u00e9 uje Jesute chi di\niji jnumi nanique mu yoquisijnaringu\u00e9one chingu\u00edrapo iji jnumi te r\u0129 . Enga\nyoquisijnaringu\u00e9one u uje jnani bajade ore chajo aja curesei. Enga unojo u uje Dupade,\nyoquetetigade qu\u00e9 chajo raja ome Dupade. Enga yoquisijnaringu\u00e9one, disi ejode\nuyoque, j\u00e9 aja Jesuse irabade ore, ore chajo aja curesei. Mu unojo quigade enga\nJesus ecapo iji d\u00e1ringai toque r\u0129 enga e uacaraj\u00e1yo to uje que Dupade cha yoque\ngotique ome dajnoratiguei. <em>(1 Pedro 3:18)<\/em><\/p>\n\n\n\n<p><em>Ecarai \u2013 Rinc\u00f3n de Tigre, Bolivia \u2013 1970<\/em><br><em>Marina de Morarie chur\u00fas\u00e3re Ecarai acajnaqu\u00e9ode nanique<\/em><\/p>\n\n\n<div class=\"navigation\"><div class=\"alignleft\"><a href=\"https:\/\/ayore.org\/ayo\/culture\/teachings\/ecarai-davide-david-chacare-iji-jerusalen\/\"title=\"Ecarai (Davide\u0301) \u2013 David cha\u0301care iji Jerusalen\"><img loading=\"lazy\" decoding=\"async\" src=\"https:\/\/ayore.org\/wp-content\/uploads\/2018\/10\/left-arrow.png\" width=\"50\" height=\"48\" alt=\"left arrow\"><\/a><\/div><div class=\"alignright\"><a href=\"https:\/\/ayore.org\/ayo\/culture\/teachings\/ecarai-davide-dupade-chiroque-un%cc%83engaja-yoque-jeta-chata-raja-yoque\/\"title=\"Ecarai (Davide\u0301) \u2013 Dupade chiroque un\u0303e\u0301ngaja yoque jeta cha\u0301ta raja yoque\"><img loading=\"lazy\" decoding=\"async\" src=\"https:\/\/ayore.org\/wp-content\/uploads\/2018\/10\/right-arrow.png\" width=\"50\" height=\"48\" alt=\"right arrow\"><\/a><\/div>\n","protected":false},"excerpt":{"rendered":"<p>Ecarai chacate yogome er\u00e1mi taningai:Ga chi Dupade chajire dapesudi er\u00e3pe nanique ga uerad\u00e9jna. Adi jec u uaque gosi. A gosi chirase dejnai ga chimate ga uerad\u00e9jna ome. Mu Dupade chojninga: \u201cC\u00e1ma yacatique cucha d\u00e9ji,\u201d chojninga. Chaca cuchade. A chaca picad\u00e9ode.<\/p>\n","protected":false},"author":5,"featured_media":0,"parent":719,"menu_order":0,"comment_status":"closed","ping_status":"closed","template":"","meta":{"footnotes":""},"class_list":["post-3951","page","type-page","status-publish","hentry"],"yoast_head":"<!-- This site is optimized with the Yoast SEO plugin v27.4 - https:\/\/yoast.com\/product\/yoast-seo-wordpress\/ -->\n<title>Ecarai (Davide\u0301) \u2013 Dupade chajire dapesudi er\u00e3pe ga uerad\u00e9jna &#8226; AYOR\u00c9.ORG<\/title>\n<meta name=\"robots\" content=\"index, follow, max-snippet:-1, max-image-preview:large, max-video-preview:-1\" \/>\n<link rel=\"canonical\" href=\"https:\/\/ayore.org\/ayo\/culture\/teachings\/ecarai-davide-dupade-chajire-dapesudi-erape-ga-ueradejna\/\" \/>\n<meta property=\"og:locale\" content=\"en_US\" \/>\n<meta property=\"og:type\" content=\"article\" \/>\n<meta property=\"og:title\" content=\"Ecarai (Davide\u0301) \u2013 Dupade chajire dapesudi er\u00e3pe ga uerad\u00e9jna &#8226; AYOR\u00c9.ORG\" \/>\n<meta property=\"og:description\" content=\"Ecarai chacate yogome er\u00e1mi taningai:Ga chi Dupade chajire dapesudi er\u00e3pe nanique ga uerad\u00e9jna. Adi jec u uaque gosi. A gosi chirase dejnai ga chimate ga uerad\u00e9jna ome. Mu Dupade chojninga: \u201cC\u00e1ma yacatique cucha d\u00e9ji,\u201d chojninga. Chaca cuchade. A chaca picad\u00e9ode.\" \/>\n<meta property=\"og:url\" content=\"https:\/\/ayore.org\/ayo\/culture\/teachings\/ecarai-davide-dupade-chajire-dapesudi-erape-ga-ueradejna\/\" \/>\n<meta property=\"og:site_name\" content=\"AYOR\u00c9.ORG\" \/>\n<meta property=\"article:modified_time\" content=\"2019-05-22T21:34:10+00:00\" \/>\n<meta name=\"twitter:card\" content=\"summary_large_image\" \/>\n<meta name=\"twitter:label1\" content=\"Est. reading time\" \/>\n\t<meta name=\"twitter:data1\" content=\"11 minutes\" \/>\n<script type=\"application\/ld+json\" class=\"yoast-schema-graph\">{\"@context\":\"https:\\\/\\\/schema.org\",\"@graph\":[{\"@type\":\"WebPage\",\"@id\":\"https:\\\/\\\/ayore.org\\\/ayo\\\/culture\\\/teachings\\\/ecarai-davide-dupade-chajire-dapesudi-erape-ga-ueradejna\\\/\",\"url\":\"https:\\\/\\\/ayore.org\\\/ayo\\\/culture\\\/teachings\\\/ecarai-davide-dupade-chajire-dapesudi-erape-ga-ueradejna\\\/\",\"name\":\"Ecarai (Davide\u0301) \u2013 Dupade chajire dapesudi er\u00e3pe ga uerad\u00e9jna &#8226; AYOR\u00c9.ORG\",\"isPartOf\":{\"@id\":\"https:\\\/\\\/ayore.org\\\/#website\"},\"datePublished\":\"2019-05-22T21:34:09+00:00\",\"dateModified\":\"2019-05-22T21:34:10+00:00\",\"breadcrumb\":{\"@id\":\"https:\\\/\\\/ayore.org\\\/ayo\\\/culture\\\/teachings\\\/ecarai-davide-dupade-chajire-dapesudi-erape-ga-ueradejna\\\/#breadcrumb\"},\"inLanguage\":\"ayo\",\"potentialAction\":[{\"@type\":\"ReadAction\",\"target\":[\"https:\\\/\\\/ayore.org\\\/ayo\\\/culture\\\/teachings\\\/ecarai-davide-dupade-chajire-dapesudi-erape-ga-ueradejna\\\/\"]}]},{\"@type\":\"BreadcrumbList\",\"@id\":\"https:\\\/\\\/ayore.org\\\/ayo\\\/culture\\\/teachings\\\/ecarai-davide-dupade-chajire-dapesudi-erape-ga-ueradejna\\\/#breadcrumb\",\"itemListElement\":[{\"@type\":\"ListItem\",\"position\":1,\"name\":\"Jogate bajai tu ude\u0301\",\"item\":\"https:\\\/\\\/ayore.org\\\/ayo\\\/\"},{\"@type\":\"ListItem\",\"position\":2,\"name\":\"Ayore\u0301ode adode, angurenone cucha ore\",\"item\":\"https:\\\/\\\/ayore.org\\\/ayo\\\/culture\\\/\"},{\"@type\":\"ListItem\",\"position\":3,\"name\":\"Ayore\u0301ode Acajnaque\u0301ode\",\"item\":\"https:\\\/\\\/ayore.org\\\/ayo\\\/culture\\\/teachings\\\/\"},{\"@type\":\"ListItem\",\"position\":4,\"name\":\"Ecarai (Davide\u0301) \u2013 Dupade chajire dapesudi er\u00e3pe ga uerad\u00e9jna\"}]},{\"@type\":\"WebSite\",\"@id\":\"https:\\\/\\\/ayore.org\\\/#website\",\"url\":\"https:\\\/\\\/ayore.org\\\/\",\"name\":\"AYOR\u00c9.ORG\",\"description\":\"Ayore\u0301ode Uruode, Adode, Jnani bajade ati\u0301go ore \",\"potentialAction\":[{\"@type\":\"SearchAction\",\"target\":{\"@type\":\"EntryPoint\",\"urlTemplate\":\"https:\\\/\\\/ayore.org\\\/?s={search_term_string}\"},\"query-input\":{\"@type\":\"PropertyValueSpecification\",\"valueRequired\":true,\"valueName\":\"search_term_string\"}}],\"inLanguage\":\"ayo\"}]}<\/script>\n<!-- \/ Yoast SEO plugin. -->","yoast_head_json":{"title":"Ecarai (Davide\u0301) \u2013 Dupade chajire dapesudi er\u00e3pe ga uerad\u00e9jna &#8226; AYOR\u00c9.ORG","robots":{"index":"index","follow":"follow","max-snippet":"max-snippet:-1","max-image-preview":"max-image-preview:large","max-video-preview":"max-video-preview:-1"},"canonical":"https:\/\/ayore.org\/ayo\/culture\/teachings\/ecarai-davide-dupade-chajire-dapesudi-erape-ga-ueradejna\/","og_locale":"en_US","og_type":"article","og_title":"Ecarai (Davide\u0301) \u2013 Dupade chajire dapesudi er\u00e3pe ga uerad\u00e9jna &#8226; AYOR\u00c9.ORG","og_description":"Ecarai chacate yogome er\u00e1mi taningai:Ga chi Dupade chajire dapesudi er\u00e3pe nanique ga uerad\u00e9jna. Adi jec u uaque gosi. A gosi chirase dejnai ga chimate ga uerad\u00e9jna ome. Mu Dupade chojninga: \u201cC\u00e1ma yacatique cucha d\u00e9ji,\u201d chojninga. Chaca cuchade. A chaca picad\u00e9ode.","og_url":"https:\/\/ayore.org\/ayo\/culture\/teachings\/ecarai-davide-dupade-chajire-dapesudi-erape-ga-ueradejna\/","og_site_name":"AYOR\u00c9.ORG","article_modified_time":"2019-05-22T21:34:10+00:00","twitter_card":"summary_large_image","twitter_misc":{"Est. reading time":"11 minutes"},"schema":{"@context":"https:\/\/schema.org","@graph":[{"@type":"WebPage","@id":"https:\/\/ayore.org\/ayo\/culture\/teachings\/ecarai-davide-dupade-chajire-dapesudi-erape-ga-ueradejna\/","url":"https:\/\/ayore.org\/ayo\/culture\/teachings\/ecarai-davide-dupade-chajire-dapesudi-erape-ga-ueradejna\/","name":"Ecarai (Davide\u0301) \u2013 Dupade chajire dapesudi er\u00e3pe ga uerad\u00e9jna &#8226; AYOR\u00c9.ORG","isPartOf":{"@id":"https:\/\/ayore.org\/#website"},"datePublished":"2019-05-22T21:34:09+00:00","dateModified":"2019-05-22T21:34:10+00:00","breadcrumb":{"@id":"https:\/\/ayore.org\/ayo\/culture\/teachings\/ecarai-davide-dupade-chajire-dapesudi-erape-ga-ueradejna\/#breadcrumb"},"inLanguage":"ayo","potentialAction":[{"@type":"ReadAction","target":["https:\/\/ayore.org\/ayo\/culture\/teachings\/ecarai-davide-dupade-chajire-dapesudi-erape-ga-ueradejna\/"]}]},{"@type":"BreadcrumbList","@id":"https:\/\/ayore.org\/ayo\/culture\/teachings\/ecarai-davide-dupade-chajire-dapesudi-erape-ga-ueradejna\/#breadcrumb","itemListElement":[{"@type":"ListItem","position":1,"name":"Jogate bajai tu ude\u0301","item":"https:\/\/ayore.org\/ayo\/"},{"@type":"ListItem","position":2,"name":"Ayore\u0301ode adode, angurenone cucha ore","item":"https:\/\/ayore.org\/ayo\/culture\/"},{"@type":"ListItem","position":3,"name":"Ayore\u0301ode Acajnaque\u0301ode","item":"https:\/\/ayore.org\/ayo\/culture\/teachings\/"},{"@type":"ListItem","position":4,"name":"Ecarai (Davide\u0301) \u2013 Dupade chajire dapesudi er\u00e3pe ga uerad\u00e9jna"}]},{"@type":"WebSite","@id":"https:\/\/ayore.org\/#website","url":"https:\/\/ayore.org\/","name":"AYOR\u00c9.ORG","description":"Ayore\u0301ode Uruode, Adode, Jnani bajade ati\u0301go ore ","potentialAction":[{"@type":"SearchAction","target":{"@type":"EntryPoint","urlTemplate":"https:\/\/ayore.org\/?s={search_term_string}"},"query-input":{"@type":"PropertyValueSpecification","valueRequired":true,"valueName":"search_term_string"}}],"inLanguage":"ayo"}]}},"_links":{"self":[{"href":"https:\/\/ayore.org\/ayo\/wp-json\/wp\/v2\/pages\/3951","targetHints":{"allow":["GET"]}}],"collection":[{"href":"https:\/\/ayore.org\/ayo\/wp-json\/wp\/v2\/pages"}],"about":[{"href":"https:\/\/ayore.org\/ayo\/wp-json\/wp\/v2\/types\/page"}],"author":[{"embeddable":true,"href":"https:\/\/ayore.org\/ayo\/wp-json\/wp\/v2\/users\/5"}],"replies":[{"embeddable":true,"href":"https:\/\/ayore.org\/ayo\/wp-json\/wp\/v2\/comments?post=3951"}],"version-history":[{"count":4,"href":"https:\/\/ayore.org\/ayo\/wp-json\/wp\/v2\/pages\/3951\/revisions"}],"predecessor-version":[{"id":3955,"href":"https:\/\/ayore.org\/ayo\/wp-json\/wp\/v2\/pages\/3951\/revisions\/3955"}],"up":[{"embeddable":true,"href":"https:\/\/ayore.org\/ayo\/wp-json\/wp\/v2\/pages\/719"}],"wp:attachment":[{"href":"https:\/\/ayore.org\/ayo\/wp-json\/wp\/v2\/media?parent=3951"}],"curies":[{"name":"wp","href":"https:\/\/api.w.org\/{rel}","templated":true}]}}