{"id":3926,"date":"2019-05-22T02:03:27","date_gmt":"2019-05-22T02:03:27","guid":{"rendered":"https:\/\/ayore.org\/?page_id=3926"},"modified":"2019-05-22T02:03:29","modified_gmt":"2019-05-22T02:03:29","slug":"ecarai-davide-yijinango-ua-aja-gate-ujetiga-ari","status":"publish","type":"page","link":"https:\/\/ayore.org\/ayo\/culture\/teachings\/ecarai-davide-yijinango-ua-aja-gate-ujetiga-ari\/","title":{"rendered":"Ecarai (Davide\u0301) \u2013 Yij\u00ednango ua aja gat\u00e9 ujetiga \u00e3ri"},"content":{"rendered":"\n<p><strong><em>Ecarai catec\u00e3\u0301ri Dupade:<\/em><\/strong><br>Yoque Dupade Dios, yocacaranguipis ome bacajnaqu\u00e9ode iji gajner\u0129 uje bango bacajnaqu\u00e9ode aja yoque. Uje chi yij\u00ednango ua aja gat\u00e9, Yoque Dupade, ujetiga \u00e3ri. Yoque Dupade Dios, yicatec\u00e3coi ua ome cuchade unojo iji gajner\u0129. Yocacaranguip\u00edsome baruode quigode uje batata ome yoque: bet\u00e9gode cucha iji darujna arone, iji Dupade uruode. \u00c1taja y\u00f3guiji gajner\u0129 enga yiraj\u00e1go baruode quigode to gajner\u0129. Yacaco yocujode ayor\u00e9 ore ome baruode to gajner\u0129. Dupade, yicatec\u00e3coi ua ome bajnacari Jesuse i. Am\u1ebd.<\/p>\n\n\n\n<p><strong><em>Ecarai chacate yogome Dupade ate omone ome yoque:<\/em><\/strong><br>Dupade uruode chingo Dupade ate omone ome yoque. Chingo Jesuse isoc\u00e1ringome yoque ujetiga jno yoc\u00fadi, uje yocatoi gajn\u00fai tu Jesuse. J\u00e9 basa Jesuse gatoi u day\u00e9 Dupade, a Dupade angures\u00f3rone gatoi u ut\u00e9 Jesuse. Jesuse chingo yoque Dupade adode uje chojninga: \u201cYatoi u yapade,\u201d j\u00e9 basa chojninga, \u201cUacatoi u yu.\u201d <br><br>Pablo chojningame dojode Dupade angures\u00f3rone: \u201cYingo uaque ujetiga oyo yu uje yangureta Dupade. Enga j\u00e9 ca ajn\u00ed\u00f1opo aja uacaquig\u00e1nique r\u0129.\u201d<br><br>Jesuse u Pablo angar\u00e1ni. Enga yacajnaqu\u00e9ode u uje ingome uaque uje piquetang\u00f3ri Jesus adode ome yoque, ga j\u00e9 u yacajnaqu\u00e9ode ome uaque. Enga j\u00e9 adi u ome yoque iji gajner\u0129. Yacaco u\u00f1ane ome Jesuse adode uje yiraj\u00e1go uje Jesuse u yoquiquetang\u00f3ri. Jesuse u yoquij\u00f5rai. Pablo acajnaqu\u00e9ode udojo u ome darasade nanique uje chacate darasade ome Jesuse adode. J\u00e9 adi u uyoque gajner\u0129 iji ne, uje yacaco \u00f1ane ome Dupade adode uje yiraj\u00e1go uje Dupade u yoquipesung\u00f3ri.<\/p>\n\n\n\n<p>Dupade u yoc\u00e1tajas\u1e4dri. Que yim\u00f3ngo Dupade jman\u00e9rac ujetiga ch\u00e1taja yoquisatique aja yoque, mu yiraj\u00e1go uje Jesuse gu\u1ebdrate yocucuecaringuei ome yoque. Jesuse gueran\u00e9 yoc\u00e1yipie tome yoque, yoquij\u00f3ningai tome yoque. Jecute yojn\u00edjo: \u201cDupade ch\u00e1taja yoque.\u201d<\/p>\n\n\n\n<p>Ujetiga gosi que chiraja, jetiga ca chimo Dupade jman\u00e9raque, jeta ca ch\u00e1taja isat\u00edgaja gosi, cho jetiga ca chiraja cuch\u00e1rique. Gosi uje chiraja uje Jesuse, Dupade gu\u1ebdrate ucuecaringuei ome, ij\u00f3ningai, \u00faringai et\u00f3gome ga gosi chiraja unojo uje Jesuse gueranone u.<br><br>Que yim\u00f3ngo Jesuse, Dupade jman\u00e9raque ujeta ch\u00e1ta yoquisat\u00edgaja yoque mu yojn\u00edjo ome cuchade: \u201cJesuse ch\u00e1taja yu gu uje yiraj\u00e1go gu uje yipesung\u00f3ri, cuchade ipesung\u00f3ri u Jesuse.\u201d Jecute yingongo cuchade unojo aja \u00f1ane gajner\u0129 uje Jesuse \u00e1tapie cuch\u00e1daja yoc. Chis\u00edome yocucuecaringuei ome yoc. Gu\u1ebdrate yoquij\u00f3ningai ome yoque.<\/p>\n\n\n\n<p><strong><em>Coj\u00f1otique chojninga: \u201cQu\u00e9 yirodape Dupade yui ujetiga ch\u00e1taja yu.\u201d<\/em><\/strong><br>Uje coj\u00f1otique chi chojninga nanique: \u201cYajo yajop\u00eddi jne, mu qu\u00e9 yirodape Dupade yui ujetiga ch\u00e1taja yu gajner\u0129.\u201d <\/p>\n\n\n\n<p>Enga chi chich\u00e1ji dajnosode iji ejode. Chis\u00f5re iji data. Chi di mu chojninga: \u201cJ\u00e9 go uje que yimo Dupade ajop\u00edtic. Que ch\u00e1taja yu, Dupade.\u201d Mu un\u00e9 que chiraja gu uje un\u00e9 jos eti Dupade ch\u00e1taja ajop\u00eddi aja, guejnai aja enga chajo to.<br><br>Mu Dupade ch\u00e1taja uyoque gu yoj\u00f1ane. Yiraj\u00e1go uje Jesuse gu\u1ebdrate yocucuecaringuei aja yoque. Jecute yiraj\u00e1go uje Jesuse \u00e1tapie cuchade aja yoque. Jnani un\u00e9 gotique chi chojninga nanique: \u201cQue Dupade ch\u00e1taja yu gotique, yajop\u00eddi. Dupade que chajo yejnai gotique to.\u201d Mu un\u00e9 que chiraja uje Jesuse u \u00e1tajas\u1e4dri. Jesuse ipesute ome, ucuecaringuei. Ipesute ome, etotiguei. Mu ipotig\u00e1di up\u00fasu ujetiga ch\u00e1ta guejnat\u00edgaja jeta ch\u0129rase. Que chiraja Dupade uruode quigode u\u00f1ane gu. Jecute chojninga: \u201cQue Dupade ch\u00e1taja yajop\u00eddi aja yu.\u201d<\/p>\n\n\n\n<p>Ut\u00e9 que chac\u00e3re Dupade gai ome\nucuecaringuei, etotiguei, ij\u00f3ningai ore. Cho dojo ayor\u00e9 iji Dupade, mu que\n\u00e1yipie d\u00e9ji uje Dupade u ayor\u00e9ode yoquipesus\u1e4dri. Beyoi ga ca yoco yoquiroi\niji Dupade, mu ueradi tu jeta yoco yoquir\u00f3s\u00f5ri iji. Yicoi yoquir\u00f3s\u00f5ri\niroqu\u00e9ode, enga yac\u00e3c\u00f3 gai ome gueranone cucha ome yoque gatuaque. <em>(Hechos 17:26 aja 28)<\/em><\/p>\n\n\n\n<p><em>Ecarai \u2013 Tobit\u00e9, Bolivia \u2013 1960<\/em><br><em>Marina de Morarie chur\u00fas\u00e3re Ecarai acajnaqu\u00e9ode<\/em><\/p>\n\n\n<div class=\"navigation\"><div class=\"alignleft\"><a href=\"https:\/\/ayore.org\/ayo\/culture\/teachings\/ecarai-davide-yocajnui-tu-piroque-bisidei-nanique\/\"title=\"Ecarai (Davide\u0301) \u2013 Yocajnui tu piroque bisidei nanique\"><img loading=\"lazy\" decoding=\"async\" src=\"https:\/\/ayore.org\/wp-content\/uploads\/2018\/10\/left-arrow.png\" width=\"50\" height=\"48\" alt=\"left arrow\"><\/a><\/div><div class=\"alignright\"><a href=\"https:\/\/ayore.org\/ayo\/culture\/teachings\/ecarai-davide-jnacari-pota-chise-dacuecaringue-eyugojmai\/\"title=\"Ecarai (Davide\u0301) \u2013 Jnacari pota chise dacuecaringue\u0301 eyu\u0301gojmai\"><img loading=\"lazy\" decoding=\"async\" src=\"https:\/\/ayore.org\/wp-content\/uploads\/2018\/10\/right-arrow.png\" width=\"50\" height=\"48\" alt=\"right arrow\"><\/a><\/div>\n","protected":false},"excerpt":{"rendered":"<p>Ecarai catec\u00e3\u0301ri Dupade:Yoque Dupade Dios, yocacaranguipis ome bacajnaqu\u00e9ode iji gajner\u0129 uje bango bacajnaqu\u00e9ode aja yoque. Uje chi yij\u00ednango ua aja gat\u00e9, Yoque Dupade, ujetiga \u00e3ri. Yoque Dupade Dios, yicatec\u00e3coi ua ome cuchade unojo iji gajner\u0129. Yocacaranguip\u00edsome baruode quigode uje batata<\/p>\n","protected":false},"author":5,"featured_media":0,"parent":719,"menu_order":0,"comment_status":"closed","ping_status":"closed","template":"","meta":{"footnotes":""},"class_list":["post-3926","page","type-page","status-publish","hentry"],"yoast_head":"<!-- This site is optimized with the Yoast SEO plugin v27.4 - https:\/\/yoast.com\/product\/yoast-seo-wordpress\/ -->\n<title>Ecarai (Davide\u0301) \u2013 Yij\u00ednango ua aja gat\u00e9 ujetiga \u00e3ri &#8226; AYOR\u00c9.ORG<\/title>\n<meta name=\"robots\" content=\"index, follow, max-snippet:-1, max-image-preview:large, max-video-preview:-1\" \/>\n<link rel=\"canonical\" href=\"https:\/\/ayore.org\/ayo\/culture\/teachings\/ecarai-davide-yijinango-ua-aja-gate-ujetiga-ari\/\" \/>\n<meta property=\"og:locale\" content=\"en_US\" \/>\n<meta property=\"og:type\" content=\"article\" \/>\n<meta property=\"og:title\" content=\"Ecarai (Davide\u0301) \u2013 Yij\u00ednango ua aja gat\u00e9 ujetiga \u00e3ri &#8226; AYOR\u00c9.ORG\" \/>\n<meta property=\"og:description\" content=\"Ecarai catec\u00e3\u0301ri Dupade:Yoque Dupade Dios, yocacaranguipis ome bacajnaqu\u00e9ode iji gajner\u0129 uje bango bacajnaqu\u00e9ode aja yoque. Uje chi yij\u00ednango ua aja gat\u00e9, Yoque Dupade, ujetiga \u00e3ri. Yoque Dupade Dios, yicatec\u00e3coi ua ome cuchade unojo iji gajner\u0129. Yocacaranguip\u00edsome baruode quigode uje batata\" \/>\n<meta property=\"og:url\" content=\"https:\/\/ayore.org\/ayo\/culture\/teachings\/ecarai-davide-yijinango-ua-aja-gate-ujetiga-ari\/\" \/>\n<meta property=\"og:site_name\" content=\"AYOR\u00c9.ORG\" \/>\n<meta property=\"article:modified_time\" content=\"2019-05-22T02:03:29+00:00\" \/>\n<meta name=\"twitter:card\" content=\"summary_large_image\" \/>\n<meta name=\"twitter:label1\" content=\"Est. reading time\" \/>\n\t<meta name=\"twitter:data1\" content=\"3 minutes\" \/>\n<script type=\"application\/ld+json\" class=\"yoast-schema-graph\">{\"@context\":\"https:\\\/\\\/schema.org\",\"@graph\":[{\"@type\":\"WebPage\",\"@id\":\"https:\\\/\\\/ayore.org\\\/ayo\\\/culture\\\/teachings\\\/ecarai-davide-yijinango-ua-aja-gate-ujetiga-ari\\\/\",\"url\":\"https:\\\/\\\/ayore.org\\\/ayo\\\/culture\\\/teachings\\\/ecarai-davide-yijinango-ua-aja-gate-ujetiga-ari\\\/\",\"name\":\"Ecarai (Davide\u0301) \u2013 Yij\u00ednango ua aja gat\u00e9 ujetiga \u00e3ri &#8226; AYOR\u00c9.ORG\",\"isPartOf\":{\"@id\":\"https:\\\/\\\/ayore.org\\\/#website\"},\"datePublished\":\"2019-05-22T02:03:27+00:00\",\"dateModified\":\"2019-05-22T02:03:29+00:00\",\"breadcrumb\":{\"@id\":\"https:\\\/\\\/ayore.org\\\/ayo\\\/culture\\\/teachings\\\/ecarai-davide-yijinango-ua-aja-gate-ujetiga-ari\\\/#breadcrumb\"},\"inLanguage\":\"ayo\",\"potentialAction\":[{\"@type\":\"ReadAction\",\"target\":[\"https:\\\/\\\/ayore.org\\\/ayo\\\/culture\\\/teachings\\\/ecarai-davide-yijinango-ua-aja-gate-ujetiga-ari\\\/\"]}]},{\"@type\":\"BreadcrumbList\",\"@id\":\"https:\\\/\\\/ayore.org\\\/ayo\\\/culture\\\/teachings\\\/ecarai-davide-yijinango-ua-aja-gate-ujetiga-ari\\\/#breadcrumb\",\"itemListElement\":[{\"@type\":\"ListItem\",\"position\":1,\"name\":\"Jogate bajai tu ude\u0301\",\"item\":\"https:\\\/\\\/ayore.org\\\/ayo\\\/\"},{\"@type\":\"ListItem\",\"position\":2,\"name\":\"Ayore\u0301ode adode, angurenone cucha ore\",\"item\":\"https:\\\/\\\/ayore.org\\\/ayo\\\/culture\\\/\"},{\"@type\":\"ListItem\",\"position\":3,\"name\":\"Ayore\u0301ode Acajnaque\u0301ode\",\"item\":\"https:\\\/\\\/ayore.org\\\/ayo\\\/culture\\\/teachings\\\/\"},{\"@type\":\"ListItem\",\"position\":4,\"name\":\"Ecarai (Davide\u0301) \u2013 Yij\u00ednango ua aja gat\u00e9 ujetiga \u00e3ri\"}]},{\"@type\":\"WebSite\",\"@id\":\"https:\\\/\\\/ayore.org\\\/#website\",\"url\":\"https:\\\/\\\/ayore.org\\\/\",\"name\":\"AYOR\u00c9.ORG\",\"description\":\"Ayore\u0301ode Uruode, Adode, Jnani bajade ati\u0301go ore \",\"potentialAction\":[{\"@type\":\"SearchAction\",\"target\":{\"@type\":\"EntryPoint\",\"urlTemplate\":\"https:\\\/\\\/ayore.org\\\/?s={search_term_string}\"},\"query-input\":{\"@type\":\"PropertyValueSpecification\",\"valueRequired\":true,\"valueName\":\"search_term_string\"}}],\"inLanguage\":\"ayo\"}]}<\/script>\n<!-- \/ Yoast SEO plugin. -->","yoast_head_json":{"title":"Ecarai (Davide\u0301) \u2013 Yij\u00ednango ua aja gat\u00e9 ujetiga \u00e3ri &#8226; AYOR\u00c9.ORG","robots":{"index":"index","follow":"follow","max-snippet":"max-snippet:-1","max-image-preview":"max-image-preview:large","max-video-preview":"max-video-preview:-1"},"canonical":"https:\/\/ayore.org\/ayo\/culture\/teachings\/ecarai-davide-yijinango-ua-aja-gate-ujetiga-ari\/","og_locale":"en_US","og_type":"article","og_title":"Ecarai (Davide\u0301) \u2013 Yij\u00ednango ua aja gat\u00e9 ujetiga \u00e3ri &#8226; AYOR\u00c9.ORG","og_description":"Ecarai catec\u00e3\u0301ri Dupade:Yoque Dupade Dios, yocacaranguipis ome bacajnaqu\u00e9ode iji gajner\u0129 uje bango bacajnaqu\u00e9ode aja yoque. Uje chi yij\u00ednango ua aja gat\u00e9, Yoque Dupade, ujetiga \u00e3ri. Yoque Dupade Dios, yicatec\u00e3coi ua ome cuchade unojo iji gajner\u0129. Yocacaranguip\u00edsome baruode quigode uje batata","og_url":"https:\/\/ayore.org\/ayo\/culture\/teachings\/ecarai-davide-yijinango-ua-aja-gate-ujetiga-ari\/","og_site_name":"AYOR\u00c9.ORG","article_modified_time":"2019-05-22T02:03:29+00:00","twitter_card":"summary_large_image","twitter_misc":{"Est. reading time":"3 minutes"},"schema":{"@context":"https:\/\/schema.org","@graph":[{"@type":"WebPage","@id":"https:\/\/ayore.org\/ayo\/culture\/teachings\/ecarai-davide-yijinango-ua-aja-gate-ujetiga-ari\/","url":"https:\/\/ayore.org\/ayo\/culture\/teachings\/ecarai-davide-yijinango-ua-aja-gate-ujetiga-ari\/","name":"Ecarai (Davide\u0301) \u2013 Yij\u00ednango ua aja gat\u00e9 ujetiga \u00e3ri &#8226; AYOR\u00c9.ORG","isPartOf":{"@id":"https:\/\/ayore.org\/#website"},"datePublished":"2019-05-22T02:03:27+00:00","dateModified":"2019-05-22T02:03:29+00:00","breadcrumb":{"@id":"https:\/\/ayore.org\/ayo\/culture\/teachings\/ecarai-davide-yijinango-ua-aja-gate-ujetiga-ari\/#breadcrumb"},"inLanguage":"ayo","potentialAction":[{"@type":"ReadAction","target":["https:\/\/ayore.org\/ayo\/culture\/teachings\/ecarai-davide-yijinango-ua-aja-gate-ujetiga-ari\/"]}]},{"@type":"BreadcrumbList","@id":"https:\/\/ayore.org\/ayo\/culture\/teachings\/ecarai-davide-yijinango-ua-aja-gate-ujetiga-ari\/#breadcrumb","itemListElement":[{"@type":"ListItem","position":1,"name":"Jogate bajai tu ude\u0301","item":"https:\/\/ayore.org\/ayo\/"},{"@type":"ListItem","position":2,"name":"Ayore\u0301ode adode, angurenone cucha ore","item":"https:\/\/ayore.org\/ayo\/culture\/"},{"@type":"ListItem","position":3,"name":"Ayore\u0301ode Acajnaque\u0301ode","item":"https:\/\/ayore.org\/ayo\/culture\/teachings\/"},{"@type":"ListItem","position":4,"name":"Ecarai (Davide\u0301) \u2013 Yij\u00ednango ua aja gat\u00e9 ujetiga \u00e3ri"}]},{"@type":"WebSite","@id":"https:\/\/ayore.org\/#website","url":"https:\/\/ayore.org\/","name":"AYOR\u00c9.ORG","description":"Ayore\u0301ode Uruode, Adode, Jnani bajade ati\u0301go ore ","potentialAction":[{"@type":"SearchAction","target":{"@type":"EntryPoint","urlTemplate":"https:\/\/ayore.org\/?s={search_term_string}"},"query-input":{"@type":"PropertyValueSpecification","valueRequired":true,"valueName":"search_term_string"}}],"inLanguage":"ayo"}]}},"_links":{"self":[{"href":"https:\/\/ayore.org\/ayo\/wp-json\/wp\/v2\/pages\/3926","targetHints":{"allow":["GET"]}}],"collection":[{"href":"https:\/\/ayore.org\/ayo\/wp-json\/wp\/v2\/pages"}],"about":[{"href":"https:\/\/ayore.org\/ayo\/wp-json\/wp\/v2\/types\/page"}],"author":[{"embeddable":true,"href":"https:\/\/ayore.org\/ayo\/wp-json\/wp\/v2\/users\/5"}],"replies":[{"embeddable":true,"href":"https:\/\/ayore.org\/ayo\/wp-json\/wp\/v2\/comments?post=3926"}],"version-history":[{"count":2,"href":"https:\/\/ayore.org\/ayo\/wp-json\/wp\/v2\/pages\/3926\/revisions"}],"predecessor-version":[{"id":3928,"href":"https:\/\/ayore.org\/ayo\/wp-json\/wp\/v2\/pages\/3926\/revisions\/3928"}],"up":[{"embeddable":true,"href":"https:\/\/ayore.org\/ayo\/wp-json\/wp\/v2\/pages\/719"}],"wp:attachment":[{"href":"https:\/\/ayore.org\/ayo\/wp-json\/wp\/v2\/media?parent=3926"}],"curies":[{"name":"wp","href":"https:\/\/api.w.org\/{rel}","templated":true}]}}