{"id":3879,"date":"2019-05-21T15:16:44","date_gmt":"2019-05-21T15:16:44","guid":{"rendered":"https:\/\/ayore.org\/?page_id=3879"},"modified":"2019-05-21T15:16:46","modified_gmt":"2019-05-21T15:16:46","slug":"ecarai-davide-que-cucharique-chona-dupade-uruode-ome-yoque","status":"publish","type":"page","link":"https:\/\/ayore.org\/ayo\/culture\/teachings\/ecarai-davide-que-cucharique-chona-dupade-uruode-ome-yoque\/","title":{"rendered":"Ecarai (Davide\u0301) \u2013 Que cuch\u00e1rique chona Dupade uruode ome yoque"},"content":{"rendered":"\n<p><strong><em>J\u00e9 ca yang\u00e1coi Dupade Uruode bisideque: <\/em><\/strong><br>Mu yacaranguipis ome <em>Dupade Uruode<\/em> unojo uje que cuch\u00e1rique chona gotique ome yoque. A j\u00e9 cuchade chona udore, cuchade p\u00edode iji er\u00e1mi jnese. J\u00e9 basa <em>Dupade Uruode<\/em> iji darujna aode que cuch\u00e1rique chona gotique. <em>(Santiago 1:22 aja 24)<\/em><\/p>\n\n\n\n<p>A ayor\u00e9rique d\u00e9ji si\u00f1eque jeta\nchojninga: \u201cCachi ipesucho.\u201d A ayor\u00e9rique a d\u00e9ji si\u00f1eque jeta chojninga: \u201cOre\nchimo que uje gajn\u00e1reque ore adode ga e ore chijnime.\u201d Mu <em>Dupade Uruode<\/em>, cuchade d\u00e9ji ajei jnese. <\/p>\n\n\n\n<p>Gosi at\u00edgo gajn\u00e1recho ome Dupade\njeta cho jmiti, jmiti ome dojode <em>Dupade <\/em>anguretas\u00f3\u00f1o\nga d\u00e9ji iji de. Jetiga gosi p\u00e9su cucha gajnar\u00e9tique jeta gajn\u00e1reque ipesudode\ncucha enga d\u00e9ji jeta ore t\u1e4dra guesi iji <em>Dupade\nUruode<\/em> unojo. Dupade ujnacari Jesucr\u00edsto adode d\u00e9ji <em>Dupade Uruode<\/em>, enga cho yoc\u00faringane piquetaque isocade ome yoque. <\/p>\n\n\n\n<p><em>Dupade Uruode<\/em> chingo yu iji darujna aode uje chi <em>Dupade Uruode<\/em> gajnui tu an\u00edri ajicarad\u00e9jnai, mu ise ga jec \u0169r\u00e9 <em>Dupade Uruode<\/em> uje ayor\u00e9rique a ca d\u00e9ji si\u00f1eque jetiga ca ajicaratique d\u00e9ji igu\u00edjnai. Chajire dedodie iji an\u00edri ajicarani ga chimo uje edodie u\u00e9cha u\u00f1ai topi\u00e9. J\u00e9 basa ga iguirode cat\u00e1ja. J\u00e9 basa icha u\u00e9cha u\u00f1ai ga gajn\u00fai jec u <em>Dupade Uruode<\/em> uje <em>Dupade Uruode<\/em> unojo chingo yoque jnese cucha utatade iji yoc. Chi uje ayorei ca chajire re iji ajicarani enga j\u00e9 ca chimo dedodie jeta ichai. Adi jec u <em>Dupade Uruode<\/em>, a yajico <em>Dupade Uruode<\/em> enga <em>Dupade Uruode<\/em> chingo yoque. Ujeta yingongo yoquipesudode cucha gajn\u00e1recho &#8211; yoquipesudode, yocuru pat\u00e1ringane, yocoriqu\u00e9ode aja Dupade enga Dupade ch\u0129ro, enga gajnui u uje gosi churu dedodie iji an\u00edri yodi ga chajirapo dajicarani r\u0129 enga j\u00e9 chimo uje que igu\u00ednique cuse gotique. <\/p>\n\n\n\n<p>Jecute <em>Dupade Uruode<\/em> chac\u00e3ra unojo. A gosi chajire dedodie enga chojninga:\n\u201cYacaranguipis uje que igu\u00ednique cuse,\u201d choninga. Enga a gosi chajirapo r\u0129,\nchajire re ome <em>Dupade Uruode<\/em> enga\nchojninga: \u201cYacaranguipis uje ome <em>Dupade\nUruode <\/em>que yatique gajn\u00e1reque d\u00e9ji yu uje Dupade ch\u00edro gu.<\/p>\n\n\n\n<p><strong>Ujetiga yajico Dupade Uruode enga ch\u00e3raque yogome pisijnaringu\u00e9one:<\/strong><br>&nbsp;A purupat\u00e1ringai d\u00e9ji yajei te mu que unojo chise yu gotique,\u201d chojninga. Gosi chajire <em>Dupade Uruode<\/em> mu chojninga, \u201cQue piboquer\u00e9ringai d\u00e9ji gotique,\u201d chojniga.<\/p>\n\n\n\n<p>Gosi chajire udojo, purupat\u00e1ringa, chajire Dupade ojningane, chojninga: <br>\u2018Que purupat\u00e1ringai d\u00e9ji yu gotique iji un\u00e9 darujna aro.\u201d D\u00e9ji <em>Dupade Uruode<\/em> uje purupat\u00e1ringane a d\u00e9ji ajei te, mu gosi que p\u00e9su ga gosi chojninga: \u201cYacaranguipis uje c\u00e1ma chise yu go ga yujnu\u00e9 purupat\u00e1ringane g\u00e1yode gu yajirigode Dupade ur\u00fao.\u201d<\/p>\n\n\n\n<p><strong>Daniel ajicarad\u00e9jnai cuse nanique uje chiraja Dupade Uruode gu:<\/strong><br>J\u00e9 uacam\u00f3\u00f1o uje jnani bajade ga chi edugu\u00e9jna cuch\u00e1bode chi ore isaque udore, Daniel, urasade ore, ga chi Daniel chojningame daj\u00f5rane: \u201cAdot\u00e1yo u\u00e1gome an\u00edrone to, ore ipesudode cucha gajn\u00e1recho. Ca yirac\u00f3ja ore adode to.\u201d<\/p>\n\n\n\n<p>&nbsp;Enga a Dupade j\u00e9 no\u00f1ome y\u00f3guiji er\u00e1mi te jne,\nenga yocajnui, uaque gosi gajnui ta ur\u00e1su uje uaque gosi chidota re iji er\u00e1mi.\nChi ore isas\u00f3rone chisi ome ore posode, cucha uerad\u00e9jna ome ore. Ore chijna j\u00f3ronga\nudore aja ore. Uje ore chirore ore yui enga ore chicha ore iquei enga ore\ncatec\u00e3\u0301ri mu que ore chajire yui. <\/p>\n\n\n\n<p>Chojningame\nore, dar\u00e1sade ore: \u201cAdot\u00e1yo u\u00e1gome ore adode to. J\u00e9 ca yajo ore posode uje chi\nore t\u1ebdrame dangurenone bajaque gu,\u201d chojninga. \u201cUnejaque ore angurenone cucha\nga a j\u00e9 ca yicatec\u00e3coi udore jne,\u201d chojninga. \u201cEnga yocangureni tu Dupade enga yocangurete ugurui u,\nj\u00e9 basa que chimoque yocatique. Que chimoque uje n\u00f3na u\u00e1gaja qued\u00e9jnane,\u201d\nchojninga. <\/p>\n\n\n\n<p>Enga uaque gosi gajnui jec u uje j\u00e9 yoque gajnui ur\u00e1su Daniel ut\u00e9. Gosi ajicarani cuse enga que chimoque cuch\u00e1rique go. Chise durasei te ga ut\u00e9 chajire re. Chajire re iji gat\u00f3coro r\u0129. Gaidi u ujetiga ca edodie igu\u00ednique cus. <\/p>\n\n\n\n<p>Enga gosi pota jetiga ca cucha\ngajnar\u00e9tique d\u00e9ji ga chise dire jnime to ga gosi a chajire <em>Dupade Uruode<\/em> ome re. Enga chojninga: \u201cYiraja Dupade ch\u00e3raque\nunojo, purupat\u00e1ringane ore,\u201d chojninga. \u201cDupade ch\u00e3raque poriqu\u00e9ode ome yu,\u201d\nchojninga. <\/p>\n\n\n\n<p>Enga unojo u uje chatata an\u00edrone\najicarani adode unojo. Jecute yingome yoc ujetiga an\u00f3ningacho uje uaque gosi\npota edo ichai ga ajicarani que chimoque go. Churu ga chajirapo r\u0129 ga\nchojninga: \u201cE icha, yacaranguipis ome.\u201d <\/p>\n\n\n\n<p>Enga gued\u00e9 jno enga gosi\nchuch\u1ebdre <em>Dupade Uruode<\/em> gai. Enga\nchojninga:<\/p>\n\n\n\n<p>\u201cYacaranguipis ome <em>Dupade\nUruode<\/em> ojningane unojo. C\u00e1ma pisijnaringuei chise yu gotique uje <em>Dupade Uruode<\/em> ch\u00e3raque yu gu,\u201d\nchojninga. <em>(Salmo 119:11)<\/em><\/p>\n\n\n\n<p><strong>Dupade Uruode qui tu ujetiga ca yirango ome uruode ga j\u00e9 ca bas\u00edji yoquijman\u00e9rac:<\/strong><br>Gosi j\u00e9 qui u ome an\u00edrone dajirigode Dupade acho. Uje que chimoque chajire <em>Dupade Uruode<\/em> aja qued\u00e9jnane. Enga chojningame re, \u201cDupade adode j\u00e9 u uje gosi chajire <em>Dupade Uruode<\/em> ome re. Enga pininaquei jogadi tu ome gosi. Dupade ijnoraquei jogadi tu uje <em>Dupade Uruode<\/em> que pota jeta uruode bas\u00edji ejode iji yoquijmainie. <\/p>\n\n\n\n<p>Uje uacam\u00f3\u00f1o uje jecucha\nyingome uaque, chi coj\u00f1otique jno ga chicai gatajnoquei. Choru cucarani. Chi\nujode Dupade anguretas\u1e4dri chojninga: \u201cJ\u00e9 ca am\u00f3ji sa\u00f1eque.\u201d Mu chise ta ga\nchijna <em>Dupade Uruode<\/em>. A moi chuj\u00e9 ga\nbas\u00edji an\u00edri jmainie enga a <em>Dupade\nUruode<\/em> e base. <\/p>\n\n\n\n<p>Enga adi jec u uje <em>Dupade Uruode<\/em> unojo chingo yoque.\nChojninga: \u201cUjetiga ca amorase <em>Dupade\nUruode<\/em> iji bajei ujetiga ca jnoji batoi. Cho que ujeta yocajnei mu chise t\u00f5\nu\u00f1eque.\u201d<\/p>\n\n\n\n<p>Jnani ut\u00e9 uje choru cucarani chiraja uje <em>Dupade Uruode<\/em> udac. Mu uje e niji enga chorupo r\u0129 enga chimo uje \u00edjnoque <em>Dupade Uruode<\/em> iji jmainie. Jecute chajniapo gai te r\u0129. Enga que <em>Dupade Uruode<\/em> qui u ujetiga ajn\u00edngo <em>Dupade Uruode<\/em> gai. <em>Dupade Uruode<\/em> qui tu ujetiga ca yirango ome <em>Uruode<\/em> ga j\u00e9 ca bas\u00edji yoquijman\u00e9rac. J\u00e9 ca moi chuj\u00e9 yoque iji ganic.<br><br>Gusu unojo yacajnaqu\u00e9ode ome yoque. Mu ca yicad\u00edjoi <em>Dupade Uruode<\/em> jeta yicoi acajnaqu\u00e9ode gatuaque. <\/p>\n\n\n\n<p><strong><em>Dupade Uruode cho yoquiquique ome yoqueranone cucha, yoquicatec\u00e3raitigade ore: (Mateo 6:4 aja 6)<\/em><\/strong><br>Jeta angureta Dupade enga ca ango ua aja er\u00e1mi enga ca acota ua ome udore. J\u00e9 adi u to bacatec\u00e3raitigade ome Dupade. Acatec\u00e3\u0301ri bay\u00e9 Dupade iji bagu\u00edjnai ajei ga gusu bay\u00e9 uje ore chimo ua. Enga Dupade irasi tu ut\u00e9 gosi uje changureta Dupade. Enga a anguretaretigade que doi ga chingo raja er\u00e1mi gotique jeta picotaque ome dojode ayor\u00e9o.<\/p>\n\n\n\n<p>Adi tu ayor\u00e9 uje chisi ome doj\u00f3rique ayor\u00e9 ome dag\u00fach\u00e1rique. J\u00e9 dicotare ga chingo derani taja er\u00e1mi. Gaidi tu ur\u00e1sade icotaqu\u00e9ode ome jeta ore chojninga: \u201cCaniraque.\u201d Enga gajnui u uje picotaquei jogadi tu er\u00e1mi tun\u00e9. J\u00e9 basa uaque gosi que uacajegaidi tu er\u00e1mi icotaquei enga gusu bay\u00e9 Dupade ome ua uje bagaidi tu gu jeta picotaque ut\u00e9.<\/p>\n\n\n\n<p>Yujnusina uje yug\u00facoi poridie nanique iji yoquitrabaj\u00e1doring\u00e1ne enga ore chojninga: \u201cQue ore catec\u00e3\u0301ri Dupade.\u201d Mu <em>Dupade Uruode<\/em> qui u uje que yingongo y\u00f3gaja er\u00e1mi ujetiga yicoi ga yicatec\u00e3coi Dupade. J\u00e9 que yingongo y\u00f3gaja er\u00e3\u0301tique ujetiga yicatec\u00e3coi Dupade iji yoquigu\u00edjnane ajei te ga yoquicatec\u00e3raitig\u00e1tigo chijna raja Dupade iji gatajnoquei.<\/p>\n\n\n\n<p>&nbsp;Gusu yacaditigade ome yoc. Mu que\nyimo ujetiga don Len, ujetiga ore u\u00f1eque catec\u00e3ri. Jeta gosi chatata dat\u00edgo,\njeta chingo danguretaretigai ome Dupade Ujnacari enga gosi chingo ore. <em>Dupade Uruode<\/em> chojninga: \u201cAngo barasade\nujetiga jec \u0169r\u00e9 banguretigai d\u00e9ji Jesuse. J\u00e9 u to basijnaringu\u00e9one, ango\nbar\u00e1sade basijnaringu\u00e9ode enga barasade ore ch\u0129ro dajei dot\u00e1ningane ome ua. Ore\nch\u0129ro d\u00e1yipie unej\u00e1ngome ua, enga pajesereringai d\u00e9poji u\u00e1gome \u00f1ane r\u0129.\u201d <em>(Santiago 5:16)<\/em><\/p>\n\n\n\n<p><strong><em>Ecarai catec\u00e3\u0301ri Dupade:<\/em><\/strong><br>Baruode diringai tun\u00e9 jetiga yacaco yoquej\u00f3rique ayor\u00e9 ome baruode enga ca yicad\u00edjoi ua, <em>Yoqui- Dupade<\/em>. Mu yacaranguipis ome ua, <em>Yoqui- Dupade<\/em>, uje baruode d\u00e9ji ujetiga yet\u00e1jo yocat\u00edgo. Yingongo ua, yingongo banguretas\u00f3rone iji jnumi ujetiga ore ch\u0129ro det\u00e9tigade iji yoc. Ga cuchiyi tup\u00fasu ua uje b\u00e3ro cuchade, <em>Yoqui- Dupade<\/em>, jetiga b\u00e3ro yoquisijnaringu\u00e9one, yocurupat\u00e1ringai, yoquipesudode cucha gajnar\u00e9cho, ga j\u00e9 ca bopo ome yoque r\u0129, yoque Dupade.<\/p>\n\n\n\n<p>Jecute yicatec\u00e3\u0301ri ua iji gued\u00e9 jnoringai ujetiga arodipise yoque gajner\u0129 ome Satanas. Yiraj\u00e1go uje Satanas uniri tu ejopie jeta yoquijogadi tu, yoque Dupade. Mu ujetiga ca yicad\u00edjoi ua, ga baj\u00edna y\u00f3gaja qued\u00e9jnane ga que toc jeta Satanas chijnime bajopie tiji yocaj\u00e9ode.<\/p>\n\n\n\n<p><em>Yoqui- Dupade<\/em>, \u00e1taja jnanione iji gajner\u0129 iji d\u00ednique ujetiga ore doi dasat\u00edgo ga etoguipise ore aja ore isat\u00edgo iji gajner\u0129. Ore n\u00edna re gajner\u0129 ome d\u00e1ringane et\u00f3cho, ayor\u00e9 ij\u00f3\u00f1o.<br><br><em>Yoqui- Dupade<\/em>, yicatec\u00e3\u0301ri ua ome chequed\u00ede ore jnese ga ore iras\u00e9 re to. Ore n\u00edna re ome baruode, yoque Dupade.<\/p>\n\n\n\n<p>Yicatec\u00e3\u0301ri ua ujetiga yiy\u00e1go\nyocate bajade. Yiraja uje ayor\u00e9ode yoco yoquijogadi iji yoc\u00faringai ayor\u00e9, mu\njetiga ajmare b\u00e1yipie icha taja yocaj\u00e9ode, yoque Dupade. <em><\/em><\/p>\n\n\n\n<p><em>Yoqui- Dupade<\/em>, yicatec\u00e3ri ua ome jnanione iji monte caside jeta\n\u00e1tap\u00edsaja ore gajner\u0129 jetiga ca cuch\u00e1rique chosi ti iji u\u00f1eque enga gusu ua\njeta ore irasique. Gusu ua gajner\u0129 jetiga ore n\u00edna re ome dajnimit\u00edode dag\u00facha\nyuode. Gusu gajner\u0129 jeta yico ua iji gatajnoquei jeta yij\u00ednango ua, yoque Dupade.\n\u00c1taja yoque jnese gajner\u0129 iji guid\u00e1yode, ayor\u00e9ode uy\u00f3guiji er\u00e1mi jnese ga\nbaruode d\u00e9ji er\u00e1mi jnese jeta ca ayor\u00e9rique ch\u00e3ra re iji cuch\u00e1rique. Jeta ore\nchojninga: \u201cQue yi baruode to gu uje que ore chingo yu.\u201d <\/p>\n\n\n\n<p>Mu yocacajnaqu\u00e9ode e chise er\u00e1mi jnese ome bajnacari Jesuse adode.\nUjetiga \u00e3riapo jne r\u0129 enga a o baju\u00f1ame jnumi. Jecute yicatec\u00e3\u0301ri ua\ngajner\u0129 ujetiga be yicatec\u00e3raitigade jeta jec \u0169r\u00e9 yangureta ua. \u00c3ro paj\u00e9\ndot\u00e1ningane iji guidai \u00fadode, <em>Yoqui- Dupade<\/em>.\n\u00c3ro pangoneparitigade iji guidai gajner\u0129, yoque Dupade, iji Tobit\u00e9. Jecute\nyicatec\u00e3\u0301ri ua ome cuchade jnese ome bajnacari Jesuse i. Am\u1ebd.<\/p>\n\n\n\n<p><em>Ecarai \u2013 Tobit\u00e9, Bolivia \u2013 1970<\/em><br><em>Marina de Morarie chur\u00fas\u00e3re Ecarai uruode<\/em><\/p>\n\n\n<div class=\"navigation\"><div class=\"alignleft\"><a href=\"https:\/\/ayore.org\/ayo\/culture\/teachings\/ecarai-davide-jesus-cateca%cc%83ri-daye-ome-dacadigode\/\"title=\"Ecarai (Davide\u0301) \u2013 Jesus cateca\u0303\u0301ri Daye\u0301 ome dacadigode\"><img loading=\"lazy\" decoding=\"async\" src=\"https:\/\/ayore.org\/wp-content\/uploads\/2018\/10\/left-arrow.png\" width=\"50\" height=\"48\" alt=\"left arrow\"><\/a><\/div><div class=\"alignright\"><a href=\"https:\/\/ayore.org\/ayo\/culture\/teachings\/ecarai-davide-yocai-ayore-jnani-bajade-ore-todo-dupade\/\"title=\"Ecarai (Davide\u0301) \u2013 Yocai ayor\u00e9, jnani bajade, ore todo Dupade\"><img loading=\"lazy\" decoding=\"async\" src=\"https:\/\/ayore.org\/wp-content\/uploads\/2018\/10\/right-arrow.png\" width=\"50\" height=\"48\" alt=\"right arrow\"><\/a><\/div>\n","protected":false},"excerpt":{"rendered":"<p>J\u00e9 ca yang\u00e1coi Dupade Uruode bisideque: Mu yacaranguipis ome Dupade Uruode unojo uje que cuch\u00e1rique chona gotique ome yoque. A j\u00e9 cuchade chona udore, cuchade p\u00edode iji er\u00e1mi jnese. J\u00e9 basa Dupade Uruode iji darujna aode que cuch\u00e1rique chona gotique.<\/p>\n","protected":false},"author":5,"featured_media":0,"parent":719,"menu_order":0,"comment_status":"closed","ping_status":"closed","template":"","meta":{"footnotes":""},"class_list":["post-3879","page","type-page","status-publish","hentry"],"yoast_head":"<!-- This site is optimized with the Yoast SEO plugin v27.4 - https:\/\/yoast.com\/product\/yoast-seo-wordpress\/ -->\n<title>Ecarai (Davide\u0301) \u2013 Que cuch\u00e1rique chona Dupade uruode ome yoque &#8226; AYOR\u00c9.ORG<\/title>\n<meta name=\"robots\" content=\"index, follow, max-snippet:-1, max-image-preview:large, max-video-preview:-1\" \/>\n<link rel=\"canonical\" href=\"https:\/\/ayore.org\/ayo\/culture\/teachings\/ecarai-davide-que-cucharique-chona-dupade-uruode-ome-yoque\/\" \/>\n<meta property=\"og:locale\" content=\"en_US\" \/>\n<meta property=\"og:type\" content=\"article\" \/>\n<meta property=\"og:title\" content=\"Ecarai (Davide\u0301) \u2013 Que cuch\u00e1rique chona Dupade uruode ome yoque &#8226; AYOR\u00c9.ORG\" \/>\n<meta property=\"og:description\" content=\"J\u00e9 ca yang\u00e1coi Dupade Uruode bisideque: Mu yacaranguipis ome Dupade Uruode unojo uje que cuch\u00e1rique chona gotique ome yoque. A j\u00e9 cuchade chona udore, cuchade p\u00edode iji er\u00e1mi jnese. J\u00e9 basa Dupade Uruode iji darujna aode que cuch\u00e1rique chona gotique.\" \/>\n<meta property=\"og:url\" content=\"https:\/\/ayore.org\/ayo\/culture\/teachings\/ecarai-davide-que-cucharique-chona-dupade-uruode-ome-yoque\/\" \/>\n<meta property=\"og:site_name\" content=\"AYOR\u00c9.ORG\" \/>\n<meta property=\"article:modified_time\" content=\"2019-05-21T15:16:46+00:00\" \/>\n<meta name=\"twitter:card\" content=\"summary_large_image\" \/>\n<meta name=\"twitter:label1\" content=\"Est. reading time\" \/>\n\t<meta name=\"twitter:data1\" content=\"9 minutes\" \/>\n<script type=\"application\/ld+json\" class=\"yoast-schema-graph\">{\"@context\":\"https:\\\/\\\/schema.org\",\"@graph\":[{\"@type\":\"WebPage\",\"@id\":\"https:\\\/\\\/ayore.org\\\/ayo\\\/culture\\\/teachings\\\/ecarai-davide-que-cucharique-chona-dupade-uruode-ome-yoque\\\/\",\"url\":\"https:\\\/\\\/ayore.org\\\/ayo\\\/culture\\\/teachings\\\/ecarai-davide-que-cucharique-chona-dupade-uruode-ome-yoque\\\/\",\"name\":\"Ecarai (Davide\u0301) \u2013 Que cuch\u00e1rique chona Dupade uruode ome yoque &#8226; AYOR\u00c9.ORG\",\"isPartOf\":{\"@id\":\"https:\\\/\\\/ayore.org\\\/#website\"},\"datePublished\":\"2019-05-21T15:16:44+00:00\",\"dateModified\":\"2019-05-21T15:16:46+00:00\",\"breadcrumb\":{\"@id\":\"https:\\\/\\\/ayore.org\\\/ayo\\\/culture\\\/teachings\\\/ecarai-davide-que-cucharique-chona-dupade-uruode-ome-yoque\\\/#breadcrumb\"},\"inLanguage\":\"ayo\",\"potentialAction\":[{\"@type\":\"ReadAction\",\"target\":[\"https:\\\/\\\/ayore.org\\\/ayo\\\/culture\\\/teachings\\\/ecarai-davide-que-cucharique-chona-dupade-uruode-ome-yoque\\\/\"]}]},{\"@type\":\"BreadcrumbList\",\"@id\":\"https:\\\/\\\/ayore.org\\\/ayo\\\/culture\\\/teachings\\\/ecarai-davide-que-cucharique-chona-dupade-uruode-ome-yoque\\\/#breadcrumb\",\"itemListElement\":[{\"@type\":\"ListItem\",\"position\":1,\"name\":\"Jogate bajai tu ude\u0301\",\"item\":\"https:\\\/\\\/ayore.org\\\/ayo\\\/\"},{\"@type\":\"ListItem\",\"position\":2,\"name\":\"Ayore\u0301ode adode, angurenone cucha ore\",\"item\":\"https:\\\/\\\/ayore.org\\\/ayo\\\/culture\\\/\"},{\"@type\":\"ListItem\",\"position\":3,\"name\":\"Ayore\u0301ode Acajnaque\u0301ode\",\"item\":\"https:\\\/\\\/ayore.org\\\/ayo\\\/culture\\\/teachings\\\/\"},{\"@type\":\"ListItem\",\"position\":4,\"name\":\"Ecarai (Davide\u0301) \u2013 Que cuch\u00e1rique chona Dupade uruode ome yoque\"}]},{\"@type\":\"WebSite\",\"@id\":\"https:\\\/\\\/ayore.org\\\/#website\",\"url\":\"https:\\\/\\\/ayore.org\\\/\",\"name\":\"AYOR\u00c9.ORG\",\"description\":\"Ayore\u0301ode Uruode, Adode, Jnani bajade ati\u0301go ore \",\"potentialAction\":[{\"@type\":\"SearchAction\",\"target\":{\"@type\":\"EntryPoint\",\"urlTemplate\":\"https:\\\/\\\/ayore.org\\\/?s={search_term_string}\"},\"query-input\":{\"@type\":\"PropertyValueSpecification\",\"valueRequired\":true,\"valueName\":\"search_term_string\"}}],\"inLanguage\":\"ayo\"}]}<\/script>\n<!-- \/ Yoast SEO plugin. -->","yoast_head_json":{"title":"Ecarai (Davide\u0301) \u2013 Que cuch\u00e1rique chona Dupade uruode ome yoque &#8226; AYOR\u00c9.ORG","robots":{"index":"index","follow":"follow","max-snippet":"max-snippet:-1","max-image-preview":"max-image-preview:large","max-video-preview":"max-video-preview:-1"},"canonical":"https:\/\/ayore.org\/ayo\/culture\/teachings\/ecarai-davide-que-cucharique-chona-dupade-uruode-ome-yoque\/","og_locale":"en_US","og_type":"article","og_title":"Ecarai (Davide\u0301) \u2013 Que cuch\u00e1rique chona Dupade uruode ome yoque &#8226; AYOR\u00c9.ORG","og_description":"J\u00e9 ca yang\u00e1coi Dupade Uruode bisideque: Mu yacaranguipis ome Dupade Uruode unojo uje que cuch\u00e1rique chona gotique ome yoque. A j\u00e9 cuchade chona udore, cuchade p\u00edode iji er\u00e1mi jnese. J\u00e9 basa Dupade Uruode iji darujna aode que cuch\u00e1rique chona gotique.","og_url":"https:\/\/ayore.org\/ayo\/culture\/teachings\/ecarai-davide-que-cucharique-chona-dupade-uruode-ome-yoque\/","og_site_name":"AYOR\u00c9.ORG","article_modified_time":"2019-05-21T15:16:46+00:00","twitter_card":"summary_large_image","twitter_misc":{"Est. reading time":"9 minutes"},"schema":{"@context":"https:\/\/schema.org","@graph":[{"@type":"WebPage","@id":"https:\/\/ayore.org\/ayo\/culture\/teachings\/ecarai-davide-que-cucharique-chona-dupade-uruode-ome-yoque\/","url":"https:\/\/ayore.org\/ayo\/culture\/teachings\/ecarai-davide-que-cucharique-chona-dupade-uruode-ome-yoque\/","name":"Ecarai (Davide\u0301) \u2013 Que cuch\u00e1rique chona Dupade uruode ome yoque &#8226; AYOR\u00c9.ORG","isPartOf":{"@id":"https:\/\/ayore.org\/#website"},"datePublished":"2019-05-21T15:16:44+00:00","dateModified":"2019-05-21T15:16:46+00:00","breadcrumb":{"@id":"https:\/\/ayore.org\/ayo\/culture\/teachings\/ecarai-davide-que-cucharique-chona-dupade-uruode-ome-yoque\/#breadcrumb"},"inLanguage":"ayo","potentialAction":[{"@type":"ReadAction","target":["https:\/\/ayore.org\/ayo\/culture\/teachings\/ecarai-davide-que-cucharique-chona-dupade-uruode-ome-yoque\/"]}]},{"@type":"BreadcrumbList","@id":"https:\/\/ayore.org\/ayo\/culture\/teachings\/ecarai-davide-que-cucharique-chona-dupade-uruode-ome-yoque\/#breadcrumb","itemListElement":[{"@type":"ListItem","position":1,"name":"Jogate bajai tu ude\u0301","item":"https:\/\/ayore.org\/ayo\/"},{"@type":"ListItem","position":2,"name":"Ayore\u0301ode adode, angurenone cucha ore","item":"https:\/\/ayore.org\/ayo\/culture\/"},{"@type":"ListItem","position":3,"name":"Ayore\u0301ode Acajnaque\u0301ode","item":"https:\/\/ayore.org\/ayo\/culture\/teachings\/"},{"@type":"ListItem","position":4,"name":"Ecarai (Davide\u0301) \u2013 Que cuch\u00e1rique chona Dupade uruode ome yoque"}]},{"@type":"WebSite","@id":"https:\/\/ayore.org\/#website","url":"https:\/\/ayore.org\/","name":"AYOR\u00c9.ORG","description":"Ayore\u0301ode Uruode, Adode, Jnani bajade ati\u0301go ore ","potentialAction":[{"@type":"SearchAction","target":{"@type":"EntryPoint","urlTemplate":"https:\/\/ayore.org\/?s={search_term_string}"},"query-input":{"@type":"PropertyValueSpecification","valueRequired":true,"valueName":"search_term_string"}}],"inLanguage":"ayo"}]}},"_links":{"self":[{"href":"https:\/\/ayore.org\/ayo\/wp-json\/wp\/v2\/pages\/3879","targetHints":{"allow":["GET"]}}],"collection":[{"href":"https:\/\/ayore.org\/ayo\/wp-json\/wp\/v2\/pages"}],"about":[{"href":"https:\/\/ayore.org\/ayo\/wp-json\/wp\/v2\/types\/page"}],"author":[{"embeddable":true,"href":"https:\/\/ayore.org\/ayo\/wp-json\/wp\/v2\/users\/5"}],"replies":[{"embeddable":true,"href":"https:\/\/ayore.org\/ayo\/wp-json\/wp\/v2\/comments?post=3879"}],"version-history":[{"count":2,"href":"https:\/\/ayore.org\/ayo\/wp-json\/wp\/v2\/pages\/3879\/revisions"}],"predecessor-version":[{"id":3881,"href":"https:\/\/ayore.org\/ayo\/wp-json\/wp\/v2\/pages\/3879\/revisions\/3881"}],"up":[{"embeddable":true,"href":"https:\/\/ayore.org\/ayo\/wp-json\/wp\/v2\/pages\/719"}],"wp:attachment":[{"href":"https:\/\/ayore.org\/ayo\/wp-json\/wp\/v2\/media?parent=3879"}],"curies":[{"name":"wp","href":"https:\/\/api.w.org\/{rel}","templated":true}]}}