{"id":3830,"date":"2019-05-18T20:07:51","date_gmt":"2019-05-18T20:07:51","guid":{"rendered":"https:\/\/ayore.org\/?page_id=3830"},"modified":"2019-05-18T20:07:52","modified_gmt":"2019-05-18T20:07:52","slug":"dijaide-josuede-que-yicadiguipisi-dupade","status":"publish","type":"page","link":"https:\/\/ayore.org\/ayo\/culture\/teachings\/dijaide-josuede-que-yicadiguipisi-dupade\/","title":{"rendered":"Dijaide (Josue\u0301de\u0301) \u2013 Que yicadiguipisi Dupade"},"content":{"rendered":"\n<p><strong><em>Que yiramurase Dupade iji y\u00e1yipie iji yajei go:<\/em><\/strong><br>Yacaranguipise r\u0129 uje yug\u00fasiji ud\u00e9 yujode Dupade anguretasore ore ajei to iji Cochabamba udaque. Mu uje yirasiguipise yu uje que yicadiguipise Dupade. Que yiramurase Dupade iji y\u00e1yipie iji yajei go (<em>yo guardo mi Dios en mi coraz\u00f3n<\/em>). Yacaranguipise r\u0129 uje Dupade a j\u00e9 oite yu aja udojo dir\u00edca, Cochabamba, ujetiga &#8211; uje p\u00e9su yininaquei tome dabi Jesucristo. <\/p>\n\n\n\n<p><strong><em>P\u00e9su yininaquei uje y\u00e1taja Se\u00f1ora Marina:<\/em><\/strong><br>Dupade a j\u00e9 iroque yu aja de ujetiga yic\u00e1ji ud\u00e9 ga j\u00e9 ca cuch\u00e1rique chosi tiji yu. Yacaranguipise r\u0129 uje yacot\u00e9 e aregue uje yatec\u00e3raitigade u gu. Dupade chap\u00fasa dasocade ome yu ome cucha dacadode udojo uje yejna yiguesi ome Dupade uje yicatec\u00e3\u0301ri.<\/p>\n\n\n\n<p>Uje\nyicatec\u00e3\u0301ri iji dirode jnese, iji dejade jnese, iji yigu\u00edjnai, iji ud\u00e9 r\u0129. E\nyacaranguipise gajner\u0129 uje yacot\u00e9 e areguepo r\u0129. Enga que toque jeta je\nyiramurase Dupade iji yajei gotique iji der\u00e9jnane iji yoquiqu\u00e9ode, u dire\nu\u00f1\u00e9ngo dirome.<\/p>\n\n\n\n<p><strong><em>Yajnerame Dupade uruode jeta d\u00e9ji ome yurasade:<\/em><\/strong><br>Yacaranguipise r\u0129 uje Dupade chisi ome p\u00e1yuquetotigu\u00e9i tome yu ome daruode to, uje \u00a1cho jeta yirajarase cuch\u00e1rique! Yiraja gu Dupade, u ujetiga yiraja cuchade udojo gu; Dupade u uje chisi ome yu p\u00e1yuquetotigu\u00e9i, p\u00e1yipiejna. Jecute yiraja cuchade udojo \u2013 Dupade atuatigade udojo to. Mu yacaranguipise gajner\u0129 uje y\u00e1yuquetotigu\u00e9 ud\u00e9 que jnoji yu to gotique. Yacaranguipise uje yirasig\u00e1po Dupade Uruode to r\u0129. <\/p>\n\n\n\n<p><strong><em>Yate bajade:<\/em><\/strong><br>Uje yadode jecucha gajn\u00e1recho to dir\u00edca, mu Satan\u00e1s u gu; mu yujnusina Dupade ga yicatec\u00e3\u0301ri iji der\u00e9jnane jnese, ga Dupade doi y\u00e1yipie quigode. N\u00f3na yu aja yajes\u00faode, ga Satan\u00e1s que pesup\u00fasu cucha dat\u00e9rigo ome yu go. <em>No me ha enga\u00f1ado<\/em> &#8211; Dupade j\u00e9cucha chajn\u00e9saru yu aja re uje chiraja uje que yicad\u00edgui. <\/p>\n\n\n\n<p>Enga Satan\u00e1s\niroi ga j\u0129rique chij\u00f3c\u00e3re iji yajei. Dupade iroi Esp\u00edritu Santo j\u0129rique\nchij\u00f3care Satan\u00e1s ir\u00f3gode iji yajei. Ga jec u uje y\u00e1yipie j\u0129rique chach\u1ebdrapo\nDupade gari r\u0129 iji quigade, uje e Satan\u00e1s \u00edjnonguiji yajei.&nbsp; Ga yirasique yu iji quigade uje cho jetiga ca\ncucha gajnar\u00e9tique d\u00e9poi yajei r\u0129 uje yiraja ud\u00e9 uje Esp\u00edritu Santo e chise yu\ngu.<\/p>\n\n\n\n<p><strong><em>Que toque jetiga y\u00e1yipieraque jnopome Dupade r\u0129:<\/em><\/strong><br>Jecute que y\u00e1yipieraque jnopome cuchade udojo iji Dupade. Ujetiga cucha gajnar\u00e9tique chosi ti yu, ati jec u uje yatec\u00e3\u0301ri Dupade. Uje que toque jetiga y\u00e1yipieraque jnopome Dupade r\u0129. Que toc jeta j\u00e9 yumuch\u00e1sapo yu r\u0129 aja Satan\u00e1s adode. Yacaranguipis ome Dupade uje yimo Satan\u00e1se ipesutedat\u00e9ode uje ueracho ga pipotiguei gajnes\u1e4dri Satan\u00e1s u uje chingome yu.<\/p>\n\n\n\n<p>Chingome yu\niji u\u00f1ane. Chojninga: \u201cAp\u00e9su, ap\u00e9su, ueracho,&nbsp;\na ij\u00f5re ua jne,\u201d jeoga, \u201ca ataque ua jne.\u201d <\/p>\n\n\n\n<p>Mu yujnusina\nuje Satan\u00e1s u ga yetaque. Yojninga ome cuchade u\u00f1ane uje Satan\u00e1s chiroque yu\naja uje chiese ataque yu: \u201c\u00dangare, que ataque yu go. Que ataque yu go ome\nSatan\u00e1s iroqu\u00e9ode, cuchade iji jnumi tud\u00e9. Que yip\u00e9su Satan\u00e1s adode go. Yiji\nyigaidi Dupade Uruode.\u201d <\/p>\n\n\n\n<p>\u201cQue uer\u00e1cho\ngo,\u201d yojninga iji yajei, ga jec u uje Esp\u00edritu Santo chise yu ga chisipise yajei\niji \u00f1ane. Uje yetaque Satan\u00e1s gueranone cucha ome yu.<\/p>\n\n\n\n<p><strong><em>Disi yu nanique ga Dupade chirodipise yu:<\/em><\/strong><br>Jecucha yujnusina yu uje disi yu nanique ga Dupade chirodipise yu. Disijate yu ga que yagu yibotique. Que yagu yibotique iji der\u00e9jnane, dirode jnese. \u00cdjnoque yiguidedie. \u00cdjnoque yibosode. \u00cdjnoque yipar\u00e1tadie g\u00e3ratique. Mu yicatec\u00e3\u0301ri Dupade iji y\u00faringai disijat. <\/p>\n\n\n\n<p>Yicatec\u00e3\u0301ripisi\nDupade ga chisipise yajei. Ga j\u00e9 u uje ch\u00e1taja yu. Que gusu iji y\u00faringai disi\ngo, j\u00e9 aja udojo gajner\u0129, dirode udojo. Uje yisipise yajei ga que yanguretigai\nque aj\u00e3pe go, cuchadat\u00e9 iji yajei yanguretaretigai. <\/p>\n\n\n\n<p><strong><em>Yisocai ud\u00e9 uje yicatec\u00e3\u0301ri Dupade:<\/em><\/strong><br>&nbsp;Ga jec u uje yatec\u00e3\u0301ri Dupade ome cuchade uje su\u00e9 yibai. Su\u00e9 yibai ga que togome yu jeta yimate yu aja uechade cucha dacate gajnar\u00e9ngone, Satan\u00e1s ipesudode ome yu; mu yujnusina Dupade uje chi ca cucha uaj\u00e1tique d\u00e9ji ome ga yicatec\u00e3\u0301ri ga yojninga: \u201cDupade, bamo yu uje ayor\u00e9 gajnareque yu, ga que daijna yu gotique r\u0129. Que yipesutique cuchadat\u00e9 gotique to. Cucha bisid\u00e9gape yu. J\u00e9 basa ga cuchadat\u00e9 uhua uje bajnu\u00e9 cuchade gai jnese. Jecute yut\u1e4dri ua ome udojo cuchade uje que yijnime ar\u00ednique Que coj\u00f1otique chijnime ar\u00ednique r\u0129 iji er\u00e1mi tud\u00e9. Enga aj\u00f3c\u00e3re iji yajei.\u201d <\/p>\n\n\n\n<p><strong><em>Dupade chij\u00f3c\u00e3re Satan\u00e1s iji yajei:<\/em><\/strong><br>Yosi ti yicatec\u00e3raitigade ga jec u uje Espiritu Santo d\u00e9ji yajei. Ga yirasique yu iji quigade uje cho jetiga ca cucha gajnar\u00e9tique d\u00e9poi yajei r\u0129 uje yiraja ud\u00e9 uje Esp\u00edritu Santo e chise yu gu. Jecute chij\u00f3c\u00e3re Satan\u00e1s iji yajei. Ga cho sere y\u00e1yipie to tome cucha dacate gajnar\u00e9ngone udojo. <\/p>\n\n\n\n<p><strong><em>Yigaidi tu Dupade aj\u00e9ode uje yij\u00f3cha ajei \u00fadi ome yu:<\/em><\/strong><br>Yujnusinapo dirica r\u0129 uje &#8211; iji ud\u00e9 &#8211; uje yicatec\u00e3ri dir\u00edca. Yojninga: \u201cEti baj\u00e9o, Dupade, mu yaj\u00e9o gajner\u0129, que yaj\u00e9o iji yajei tud\u00e9, yajei bisidei, yajei ayor\u00e9 tud\u00e9.&nbsp; Ba-esp\u00edritu Santo \u00e1yipie gajner\u0129 iji yajei tud\u00e9. Babi \u00e1yipie gajner\u0129 iji yajei ujetiga uacaj\u00e9o ga yacot\u00e9 ejnarei \u00edjnongape gajner\u0129 iji ud\u00e9. Bamo uje yujnusipise yabode gu uje yicatec\u00e3\u0301ri ua jeta \u00e1taja cucha udojo.\u201d<\/p>\n\n\n\n<p><strong><em>Jesus ch\u00f3si tome dacadigode: \u201cBoyo ga beyoi ayor\u00e9 pon\u00e1yone ore ga acacho ore.\u201d<\/em><\/strong><br>Que yicad\u00edgapoi Dupade Uruode quigode r\u0129 uje chi chacate dacadigode nanique ga chi chojninga: \u201cBoyo ga beyoi coj\u00f1one iji er\u00e1mi, ayor\u00e9 pon\u00e1yone ore ga acacho ore.\u201d Enga acadigode chi ore tangarip\u00edsi. Chi ore jno ga ore jnome er\u00e1mi.&nbsp; Chi chojningapome dacadigode r\u0129 &#8211; a chi udojo ore tangarip\u00edsi. Chi ore tangarip\u00edsi dacadis\u1e4dri acajnaqu\u00e9ode uje chi ore pota jeta ore tangarip\u00edsi gu.<\/p>\n\n\n\n<p>Chi\nchojninga: \u201cBoyo gajner\u0129, acayoi er\u00e1mi.\u201d Ga chi ore jno, ga ore chacate\ncoj\u00f1one iji er\u00e1mi. Cho ore quique ome cucha dacadode. Cho ore quique ujetiga ca\nore tang\u00e1ri coj\u00f1one ore guetetigade ome raque. <\/p>\n\n\n\n<p>Ga chojninga:\n\u201cBoyo, acayoi er\u00e1mi, acacho coj\u00f1one, ayor\u00e9ode, menen\u00e9ngone ore iji er\u00e1mone\njnese jne. Ga gosi ujetiga cho dor\u00e9 iji yuruode iji ud\u00e9 jnumi &#8211; ujetiga chise\nYapade idai to iji gu\u00e9ode <em>enga po gosi or\u00e9 jne<\/em>.\u201d <\/p>\n\n\n\n<p>Ga chi\n\u00e1yipiedie u udaji ome dacadigode ore. Ga chi ore chisite r\u00e1gaja er\u00e1mi ome dacuegode\ncoj\u00f1\u00f3nguiji er\u00e1mi. Chi Esp\u00edritu Santo n\u00f3na ore iji er\u00e1mi. Ga que toc jetiga qu\u00e9\ncuch\u00e1rique cho na ore. Coj\u00f1one pojna ore. Ore chaquesu ore \u00fadode, mu que ore\ntim\u00edninga ore go. Ore gaidode u dacadis\u1e4dri cas\u00e9 \u00e1yipiedie gu.<\/p>\n\n\n\n<p><strong><em>Jnacare bajade udojo, que ore tim\u00edninga cucha dacate gajnar\u00e9ngone:<\/em><\/strong><br>Ga que jnoji yajei to udojo, uje ujetiga yac\u00e3co y\u00f3gaja udore ore, jnacare bajade udojo gotigo ore, uje chi que ore tim\u00edninga cucha dacate gajnar\u00e9ngone. Jec areque gajner\u0129 ujetiga yac\u00e3co y\u00f3gaja udore ore jetiga ca yim\u00edngaco yocujode ayor\u00e9 jetiga ore chetaque yoque gajner\u0129 iji Dupade igu\u00edjnane. Jeta ore chetaque yoque maringa, jeta ore cana yoquibai maringa, j\u00e9 areque jeta ore cana yoquibai. Mu yicatec\u00e3coi Dupade ome ore gajner\u0129. Uje c\u00e1ma ore chiraja gu. Jecucha conferenciadie iji guidai, disiode ore cana iji conferenciadie. Mu cama ore chiraja Dupade gu. Jec arec jeta icatec\u00e3coi Dupade ome ore to uje c\u00e1ma ore chiraja cucha dacate om\u00edo.<\/p>\n\n\n\n<p><strong><em>Satanas p\u00e9su ayor\u00e9ode yocujuredie ome \u00f1ane iji jnumi tud\u00e9:<\/em><\/strong><br>Piquetangore Dupade \u00e1yipiedie gu. J\u00e9 basa gajnar\u00e9ngome jnanione uyoque uje yiraj\u00e1go uje cucha dacadode doso ome ayor\u00e9ode uyoque, doso pipojnaqu\u00e9ode, doso p\u00e1yuguheb\u00e1tigade, doso uje ayor\u00e9ode ore pojna \u00f1ane, doso ome ayor\u00e9rigo uyoque. Mu jetapur\u00e9 Dupade uje paraque. A dosopise cucha dacadode, yocate gajnar\u00e9ngone ome, uje que pota j\u00f3roga ujetiga yocat\u00edgo gajnarengui jor\u00f3gome \u00f1ane. Ipotig\u00e1di u ujetiga yijn\u00f3rango \u00f1ane iji jnumi j\u00f3roque. Mu Satan\u00e1s u uje p\u00e9su ayor\u00e9ode yocujuredie ome \u00f1ane iji jnumi tud\u00e9.<\/p>\n\n\n\n<p><strong><em>J\u00e9 ca yiraco udore ore uje que ore changureta cuch\u00e1rique:<\/em><\/strong><br>Mu uduco Dupade Uruode r\u0129 uje cho yoquiquique, anguretas\u00f3rone uyoque, ujetiga yidot\u00e1go y\u00f3guiji yocadode to uje omio. Yidot\u00e1go y\u00f3guiji yocanguretaretigai ome Dupade. Mu ujetiga yiraco udore ore uje que ore changureta cuch\u00e1rique, ore \u00e1yipiedie gaidipise pisijnaringuei ome dojode ayor\u00e9o, ga yijoco ati ayor\u00e9 cuchape y\u00f3guiji, jeta dacajneque y\u00f3guiji.<\/p>\n\n\n\n<p>&nbsp;Mu que yajico gat\u00e9 uje Dupade guetetigade u\nujetiga yoco edugu\u00e9jna iji yoque, yijoco yoque ome cuchade. Ga que yajico\nyocuj\u00f3rique ayor\u00e9 yui. Ga yoco ajningarane aja qued\u00e9jnane ga yijoco ati\nyujnu\u00e9ngo yocujode ayor\u00e9 gai.<em> <\/em><\/p>\n\n\n\n<p>Mu que Dupade\n\u00e1yipiedie quigode &#8211; que u go. \u00c1yipie qui tu jetiga ca yoc\u00e1yipidie jnoji iji\nder\u00e9jnane. Ga yicoi \u00e1yipiedie quigode. Yoc\u00e1yipiedie ca jnoji gajner\u0129 iji\nDupade uje cuchadat\u00e9 tu Dupade iji dirode udojo.<\/p>\n\n\n\n<p><strong><em>Yicatec\u00e3coi Dupade gajneri uje Satan\u00e1s at\u00edgo su\u00e9 yoquibai:<\/em><\/strong><br>Cucha dacadode jetiga Satan\u00e1s at\u00edgo su\u00e9 yoquibai gajner\u0129, yicoi ga yatec\u00e3coi Dupade gajner\u0129. Yingongome gajner\u0129 jeta yanguret\u00e1go ga Dupade chij\u00f3c\u00e3rape gajner\u0129 iji yocaj\u00e9ode. Ga que chisapo yoque r\u0129, Satan\u00e1s. Yirajago uje Satan\u00e1s u uje p\u00e9su ayor\u00e9ode yocujuredie ome cuchade. Cuchade jnese. Chingongara cuchade aja yoque iji jnumi tud\u00e9 jeta ip\u00f3tago ga ca yang\u00e1coi Dupade ome guer\u00e3t\u00edgo cucha.&nbsp; Satan\u00e1s ujopier\u00e3que to.&nbsp; Satan\u00e1s u, mu Dupade u uje ujopie su\u00e9 gai. A j\u00e9 areque gajner\u0129 ujetiga yicoi iroqu\u00e9ode gajner\u0129. J\u00e9 ca atique gajnar\u00e9ngome yoque iji der\u00e9jnane udojo, Dupade. <\/p>\n\n\n\n<p>Yacaranguipise\nuje Dupade ch\u00e1tap\u00edsaja yu iji er\u00e1mone udojo. Que chicad\u00edgui yu. Que yicad\u00edgui\nuruode r\u0129 uje chojninga: \u201cA yij\u00edna ua aja er\u00e1mi eruei. A boj\u00f3rigo cho damajo\nua maringa, coj\u00f1one iji er\u00e1mi ore cho damajo ua maringa, j\u00e9 yug\u00fasi bari. J\u00e9\nyug\u00fasi bari iji der\u00e9jnane jnese.\u201d<\/p>\n\n\n\n<p><strong><em>Gusu Dupade Abi ujetiga ch\u00e9c\u00e3re ore \u00e1yipie quitique:<\/em><\/strong><br>Jecute que toc jeta j\u00e9 yicadigui. Y\u00e1yipie gaidode u unojo uje que yiramurase Dupade iji yajei. Yatec\u00e3\u0301ri iji dejade jnese. Que yiramurase r\u0129 uje <em>yug\u00fasiji<\/em> coj\u00f1one ujade, iji yujode ayor\u00e9 ujade r\u0129. Uje yajire coj\u00f1one iji er\u00e1mi, yos\u00f5re ore to, mu ome Dupade Uruode mu que toc ujetiga y\u00e9c\u00e3re ore atique.&nbsp; Gusu Dupade Abi ujetiga ch\u00e9c\u00e3re ore \u00e1yipie quitique. Ore chisi re ome Jesucristo to ga churu ore ate gajnar\u00e9ngone. Ga jec u ujetiga chojm\u00e1ra ore iji jnumi. <\/p>\n\n\n\n<p>Gusu yuruode\niji dejai tud\u00e9 mu ca yicad\u00edjoi Dupade gajner\u0129 ome \u00f1ane, ayor\u00e9ode, coj\u00f1one\nuyoque uje yanguret\u00e1go, ga yoc\u00e1yipiedie j\u00e9 jog\u00e1diji der\u00e9jnane jnese ome \u00f1ane\njetiga yicatec\u00e3coi. E gusu yuruode. <\/p>\n\n\n\n<p><em>Dijaide \u2013 Cochabamba, Bolivia \u2013 1970<\/em><br><em>Marina de Morarie chur\u00fas\u00e3re Dijaide acajnaqu\u00e9ode<\/em><\/p>\n\n\n<div class=\"navigation\"><div class=\"alignleft\"><a href=\"https:\/\/ayore.org\/ayo\/culture\/teachings\/dijaide-josuede-uneripise-dupade-uruode-yui-ome-yu\/\"title=\"Dijaide (Josue\u0301de\u0301) \u2013 Uneripise Dupade uruode yui ome yu\"><img loading=\"lazy\" decoding=\"async\" src=\"https:\/\/ayore.org\/wp-content\/uploads\/2018\/10\/left-arrow.png\" width=\"50\" height=\"48\" alt=\"left arrow\"><\/a><\/div><div class=\"alignright\"><a href=\"https:\/\/ayore.org\/ayo\/culture\/teachings\/dijaide-josuede-garosi-uje-yajire-dupade-uruode-to\/\"title=\"Dijaide (Josue\u0301de\u0301) \u2013 Gar\u00f3si uje yajire Dupade Uruode to\"><img loading=\"lazy\" decoding=\"async\" src=\"https:\/\/ayore.org\/wp-content\/uploads\/2018\/10\/right-arrow.png\" width=\"50\" height=\"48\" alt=\"right arrow\"><\/a><\/div>\n","protected":false},"excerpt":{"rendered":"<p>Que yiramurase Dupade iji y\u00e1yipie iji yajei go:Yacaranguipise r\u0129 uje yug\u00fasiji ud\u00e9 yujode Dupade anguretasore ore ajei to iji Cochabamba udaque. Mu uje yirasiguipise yu uje que yicadiguipise Dupade. Que yiramurase Dupade iji y\u00e1yipie iji yajei go (yo guardo mi<\/p>\n","protected":false},"author":5,"featured_media":0,"parent":719,"menu_order":0,"comment_status":"closed","ping_status":"closed","template":"","meta":{"footnotes":""},"class_list":["post-3830","page","type-page","status-publish","hentry"],"yoast_head":"<!-- This site is optimized with the Yoast SEO plugin v27.4 - https:\/\/yoast.com\/product\/yoast-seo-wordpress\/ -->\n<title>Dijaide (Josue\u0301de\u0301) \u2013 Que yicadiguipisi Dupade &#8226; AYOR\u00c9.ORG<\/title>\n<meta name=\"robots\" content=\"index, follow, max-snippet:-1, max-image-preview:large, max-video-preview:-1\" \/>\n<link rel=\"canonical\" href=\"https:\/\/ayore.org\/ayo\/culture\/teachings\/dijaide-josuede-que-yicadiguipisi-dupade\/\" \/>\n<meta property=\"og:locale\" content=\"en_US\" \/>\n<meta property=\"og:type\" content=\"article\" \/>\n<meta property=\"og:title\" content=\"Dijaide (Josue\u0301de\u0301) \u2013 Que yicadiguipisi Dupade &#8226; AYOR\u00c9.ORG\" \/>\n<meta property=\"og:description\" content=\"Que yiramurase Dupade iji y\u00e1yipie iji yajei go:Yacaranguipise r\u0129 uje yug\u00fasiji ud\u00e9 yujode Dupade anguretasore ore ajei to iji Cochabamba udaque. Mu uje yirasiguipise yu uje que yicadiguipise Dupade. Que yiramurase Dupade iji y\u00e1yipie iji yajei go (yo guardo mi\" \/>\n<meta property=\"og:url\" content=\"https:\/\/ayore.org\/ayo\/culture\/teachings\/dijaide-josuede-que-yicadiguipisi-dupade\/\" \/>\n<meta property=\"og:site_name\" content=\"AYOR\u00c9.ORG\" \/>\n<meta property=\"article:modified_time\" content=\"2019-05-18T20:07:52+00:00\" \/>\n<meta name=\"twitter:card\" content=\"summary_large_image\" \/>\n<meta name=\"twitter:label1\" content=\"Est. reading time\" \/>\n\t<meta name=\"twitter:data1\" content=\"9 minutes\" \/>\n<script type=\"application\/ld+json\" class=\"yoast-schema-graph\">{\"@context\":\"https:\\\/\\\/schema.org\",\"@graph\":[{\"@type\":\"WebPage\",\"@id\":\"https:\\\/\\\/ayore.org\\\/ayo\\\/culture\\\/teachings\\\/dijaide-josuede-que-yicadiguipisi-dupade\\\/\",\"url\":\"https:\\\/\\\/ayore.org\\\/ayo\\\/culture\\\/teachings\\\/dijaide-josuede-que-yicadiguipisi-dupade\\\/\",\"name\":\"Dijaide (Josue\u0301de\u0301) \u2013 Que yicadiguipisi Dupade &#8226; AYOR\u00c9.ORG\",\"isPartOf\":{\"@id\":\"https:\\\/\\\/ayore.org\\\/#website\"},\"datePublished\":\"2019-05-18T20:07:51+00:00\",\"dateModified\":\"2019-05-18T20:07:52+00:00\",\"breadcrumb\":{\"@id\":\"https:\\\/\\\/ayore.org\\\/ayo\\\/culture\\\/teachings\\\/dijaide-josuede-que-yicadiguipisi-dupade\\\/#breadcrumb\"},\"inLanguage\":\"ayo\",\"potentialAction\":[{\"@type\":\"ReadAction\",\"target\":[\"https:\\\/\\\/ayore.org\\\/ayo\\\/culture\\\/teachings\\\/dijaide-josuede-que-yicadiguipisi-dupade\\\/\"]}]},{\"@type\":\"BreadcrumbList\",\"@id\":\"https:\\\/\\\/ayore.org\\\/ayo\\\/culture\\\/teachings\\\/dijaide-josuede-que-yicadiguipisi-dupade\\\/#breadcrumb\",\"itemListElement\":[{\"@type\":\"ListItem\",\"position\":1,\"name\":\"Jogate bajai tu ude\u0301\",\"item\":\"https:\\\/\\\/ayore.org\\\/ayo\\\/\"},{\"@type\":\"ListItem\",\"position\":2,\"name\":\"Ayore\u0301ode adode, angurenone cucha ore\",\"item\":\"https:\\\/\\\/ayore.org\\\/ayo\\\/culture\\\/\"},{\"@type\":\"ListItem\",\"position\":3,\"name\":\"Ayore\u0301ode Acajnaque\u0301ode\",\"item\":\"https:\\\/\\\/ayore.org\\\/ayo\\\/culture\\\/teachings\\\/\"},{\"@type\":\"ListItem\",\"position\":4,\"name\":\"Dijaide (Josue\u0301de\u0301) \u2013 Que yicadiguipisi Dupade\"}]},{\"@type\":\"WebSite\",\"@id\":\"https:\\\/\\\/ayore.org\\\/#website\",\"url\":\"https:\\\/\\\/ayore.org\\\/\",\"name\":\"AYOR\u00c9.ORG\",\"description\":\"Ayore\u0301ode Uruode, Adode, Jnani bajade ati\u0301go ore \",\"potentialAction\":[{\"@type\":\"SearchAction\",\"target\":{\"@type\":\"EntryPoint\",\"urlTemplate\":\"https:\\\/\\\/ayore.org\\\/?s={search_term_string}\"},\"query-input\":{\"@type\":\"PropertyValueSpecification\",\"valueRequired\":true,\"valueName\":\"search_term_string\"}}],\"inLanguage\":\"ayo\"}]}<\/script>\n<!-- \/ Yoast SEO plugin. -->","yoast_head_json":{"title":"Dijaide (Josue\u0301de\u0301) \u2013 Que yicadiguipisi Dupade &#8226; AYOR\u00c9.ORG","robots":{"index":"index","follow":"follow","max-snippet":"max-snippet:-1","max-image-preview":"max-image-preview:large","max-video-preview":"max-video-preview:-1"},"canonical":"https:\/\/ayore.org\/ayo\/culture\/teachings\/dijaide-josuede-que-yicadiguipisi-dupade\/","og_locale":"en_US","og_type":"article","og_title":"Dijaide (Josue\u0301de\u0301) \u2013 Que yicadiguipisi Dupade &#8226; AYOR\u00c9.ORG","og_description":"Que yiramurase Dupade iji y\u00e1yipie iji yajei go:Yacaranguipise r\u0129 uje yug\u00fasiji ud\u00e9 yujode Dupade anguretasore ore ajei to iji Cochabamba udaque. Mu uje yirasiguipise yu uje que yicadiguipise Dupade. Que yiramurase Dupade iji y\u00e1yipie iji yajei go (yo guardo mi","og_url":"https:\/\/ayore.org\/ayo\/culture\/teachings\/dijaide-josuede-que-yicadiguipisi-dupade\/","og_site_name":"AYOR\u00c9.ORG","article_modified_time":"2019-05-18T20:07:52+00:00","twitter_card":"summary_large_image","twitter_misc":{"Est. reading time":"9 minutes"},"schema":{"@context":"https:\/\/schema.org","@graph":[{"@type":"WebPage","@id":"https:\/\/ayore.org\/ayo\/culture\/teachings\/dijaide-josuede-que-yicadiguipisi-dupade\/","url":"https:\/\/ayore.org\/ayo\/culture\/teachings\/dijaide-josuede-que-yicadiguipisi-dupade\/","name":"Dijaide (Josue\u0301de\u0301) \u2013 Que yicadiguipisi Dupade &#8226; AYOR\u00c9.ORG","isPartOf":{"@id":"https:\/\/ayore.org\/#website"},"datePublished":"2019-05-18T20:07:51+00:00","dateModified":"2019-05-18T20:07:52+00:00","breadcrumb":{"@id":"https:\/\/ayore.org\/ayo\/culture\/teachings\/dijaide-josuede-que-yicadiguipisi-dupade\/#breadcrumb"},"inLanguage":"ayo","potentialAction":[{"@type":"ReadAction","target":["https:\/\/ayore.org\/ayo\/culture\/teachings\/dijaide-josuede-que-yicadiguipisi-dupade\/"]}]},{"@type":"BreadcrumbList","@id":"https:\/\/ayore.org\/ayo\/culture\/teachings\/dijaide-josuede-que-yicadiguipisi-dupade\/#breadcrumb","itemListElement":[{"@type":"ListItem","position":1,"name":"Jogate bajai tu ude\u0301","item":"https:\/\/ayore.org\/ayo\/"},{"@type":"ListItem","position":2,"name":"Ayore\u0301ode adode, angurenone cucha ore","item":"https:\/\/ayore.org\/ayo\/culture\/"},{"@type":"ListItem","position":3,"name":"Ayore\u0301ode Acajnaque\u0301ode","item":"https:\/\/ayore.org\/ayo\/culture\/teachings\/"},{"@type":"ListItem","position":4,"name":"Dijaide (Josue\u0301de\u0301) \u2013 Que yicadiguipisi Dupade"}]},{"@type":"WebSite","@id":"https:\/\/ayore.org\/#website","url":"https:\/\/ayore.org\/","name":"AYOR\u00c9.ORG","description":"Ayore\u0301ode Uruode, Adode, Jnani bajade ati\u0301go ore ","potentialAction":[{"@type":"SearchAction","target":{"@type":"EntryPoint","urlTemplate":"https:\/\/ayore.org\/?s={search_term_string}"},"query-input":{"@type":"PropertyValueSpecification","valueRequired":true,"valueName":"search_term_string"}}],"inLanguage":"ayo"}]}},"_links":{"self":[{"href":"https:\/\/ayore.org\/ayo\/wp-json\/wp\/v2\/pages\/3830","targetHints":{"allow":["GET"]}}],"collection":[{"href":"https:\/\/ayore.org\/ayo\/wp-json\/wp\/v2\/pages"}],"about":[{"href":"https:\/\/ayore.org\/ayo\/wp-json\/wp\/v2\/types\/page"}],"author":[{"embeddable":true,"href":"https:\/\/ayore.org\/ayo\/wp-json\/wp\/v2\/users\/5"}],"replies":[{"embeddable":true,"href":"https:\/\/ayore.org\/ayo\/wp-json\/wp\/v2\/comments?post=3830"}],"version-history":[{"count":2,"href":"https:\/\/ayore.org\/ayo\/wp-json\/wp\/v2\/pages\/3830\/revisions"}],"predecessor-version":[{"id":3832,"href":"https:\/\/ayore.org\/ayo\/wp-json\/wp\/v2\/pages\/3830\/revisions\/3832"}],"up":[{"embeddable":true,"href":"https:\/\/ayore.org\/ayo\/wp-json\/wp\/v2\/pages\/719"}],"wp:attachment":[{"href":"https:\/\/ayore.org\/ayo\/wp-json\/wp\/v2\/media?parent=3830"}],"curies":[{"name":"wp","href":"https:\/\/api.w.org\/{rel}","templated":true}]}}