{"id":3824,"date":"2019-05-18T00:50:51","date_gmt":"2019-05-18T00:50:51","guid":{"rendered":"https:\/\/ayore.org\/?page_id=3824"},"modified":"2019-05-18T00:51:03","modified_gmt":"2019-05-18T00:51:03","slug":"dijaide-josuede-uneripise-dupade-uruode-yui-ome-yu","status":"publish","type":"page","link":"https:\/\/ayore.org\/ayo\/culture\/teachings\/dijaide-josuede-uneripise-dupade-uruode-yui-ome-yu\/","title":{"rendered":"Dijaide (Josue\u0301de\u0301) \u2013 Uneripise Dupade uruode yui ome yu"},"content":{"rendered":"\n<p><strong><em>Dupade Ujopi\u00e9 Esp\u00edritu S\u00e1nto, yoquipotigu\u00e9 ayor\u00e9ode ore chetaque \u00f1ane iji yocaj\u00e9ode:<\/em><\/strong><br>Yirajai to uje Satanase chise yu, ga deroco Dupade Uruode y\u00faode iji ujade. Mu yirajai u uje Esp\u00edritu S\u00e1nto chise yu, ga uneripise Dupade uruode yui ome yu. \u00a1Unere! Yipota ujeta yacate yujode ayor\u00e9o. Mu yacaranguipis ome Dupade uje Esp\u00edritu S\u00e1nto chise yu iji ujade, enga uneripise Dupade uruode ome yu. <\/p>\n\n\n\n<p><strong><em>Dupade chiraja uje taque yoque ome yoc\u00faringane Jesus angures\u00f5re:<\/em><\/strong><br>Udojo u ujetiga yo Dupade anguretais\u1e4dri iji yu ga ajnusin\u00e1\u00f1o to gajine udojo uje yoc\u00e3rai chi jec u yoque. Y\u00e3rai j\u00e9 u yu.<\/p>\n\n\n\n<p>Dupade,\nJesuse chojningame yu dirome: \u201cBacate ore bisideque dir\u00edca. Cucha bisideque bacajnaqu\u00e9ode dir\u00edca. Que bei d\u00e9ji\ndarujna aoi to. Que batrabaj\u00e1ndoring\u00e1rique d\u00e9ji yu go. \u00cdjnoque bacajnaqu\u00e9ringo\niji yu r\u0129.\u201d<\/p>\n\n\n\n<p>Ujetiga Jesus chojningame yu\ndirome: \u201cMu bo, acai gaj\u00f1o pioi, bapotig\u00e1di cas\u00e9. Bapotig\u00e1di jec u dir\u00edca uje\nbangurenone u bapesute ar\u00e9gode jeta piquetaque ua ome udore. J\u00e9 basa ga que\nbangureta Jesucr\u00edsto uyu gotique jeta yique ta ua.\u201d Ga yijnarip\u00edsome yui.\nYitodo. Yitodo j\u00f5ronga ujetiga j\u00e9 \u0169r\u00e9 uje e chiroque yu aja gaj\u00f1o pioi. <\/p>\n\n\n\n<p>Chi yocangar\u00e1ni tu dirome, Jesus\niji der\u00e9jnai u\u00f1eque. Ujetiga yi que d\u00e9ji to que, ga yujn\u00fasi j\u00f3rogui. Yujn\u00fasi\nj\u00f3rogui Dupade ucuei cas\u00e9. Que toque ujetiga qu\u00e9 <em>ti\u00e9mporaque<\/em> d\u00e9ji jetiga qu\u00e9 yangureta.<\/p>\n\n\n\n<p><strong><em>Yicoi ga yejn\u00e1ngo yogaja Dupade:<\/em><\/strong><br>Beyoi, yujode Jesus anguretais\u00f3rone uaque iji de gajin\u00e9, enga ca yar\u00e1ngo Jesus. Ca yar\u00e1ngo Jesuse, day\u00e9 ore gajin\u00e9. Yicoi ga yejn\u00e1ngo y\u00f3gaja Dupade. Yejn\u00e1ngo y\u00f3gaja. Ca yar\u00e1ngo Dupade dirome. Ca yocate gajnar\u00e9tique d\u00e9ji yoc\u00e1yipie. <\/p>\n\n\n\n<p>Ujetiga uaque gosi c\u00e1ma icha\n\u00e1yipie go, ga gosi qu\u00e9 p\u00f3gu datique ome ayor\u00e9ode uyoque, mu Dupade chiraja. Chise\ndiri dirome ujetiga chajire yoqu\u00edode ga \u00edjnoque ujetiga qu\u00e9 ch\u0129ro uaque gosi\nate gajnar\u00e9 casod\u00e9. Cham\u00e1\u00f1aj\u00e9 gosi que catec\u00e3\u0301ri Dupade ome re gu ome date\ngajnar\u00e9 casod\u00e9. <\/p>\n\n\n\n<p><strong><em>Bisidi d\u00e9ji ome yocate gajnar\u00e9ngone:<\/em><\/strong><br>Yocacaranguipise gajin\u00e9 uje bisidi d\u00e9ji ome yocate gajnar\u00e9ngone enga bisidi u Jesus iyoi. Yicoi ga yut\u00f5coi Jesus jnese ujetiga ch\u0129ro yoquisijnaringu\u00e9one, enga ca yip\u00f3jo yocate gajnar\u00e9tique u\u00f1\u00e9ngome ut\u00e9: j\u00e9 ca y\u00e3r\u00e1jo yoque jne. <\/p>\n\n\n\n<p>Que yiraja ujeta P\u00e9dro u uje catec\u00e3\u0301ri\nJesus nanique ga chojninga: \u201cYocacadis\u1e4dri \u00e1, \u00bfj\u00e9 yoco rique jne ome\nyocuj\u00f3rique ayor\u00e9o ujetiga at\u00edgo gajnar\u00e9cho a? Jeta y\u1e4drango aja guesi, jeta\nyi <em>perdonar<\/em> ome.\u201d<\/p>\n\n\n\n<p>Mu Jesuse chi chojninga: \u201cCachi\njiei \u00e1. Uacam\u00f3\u00f1o to iji dir\u00edca uje qu\u00e9 yiji <em>perdonar\n<\/em>ome uaque dir\u00edca,\u201d chojninga. \u201cEnga uaque gajnui j\u00e9 u ome uaque. Chorase\ny\u00e1yipieraque gajin\u00e9,\u201d chi Jesus ch\u00f3si tome dacadigode. Chi \u00edjnoque der\u00e9jnai iji\ndirome, yijorane uaque, iji durase udaque. Mu beyoi ga anguret\u00e1yo Dupade j\u00e9 iji\nde diri. Ca y\u00e3rango yoc.<\/p>\n\n\n\n<p>Gosi ujetiga p\u00f3gu date gajnar\u00e9ngone\ndir\u00edca, mu cho Dupade anguretais\u1e4dri iji re, \u00e3rai jec u re. Que ch\u00e3ra Dupade\ngo. Ajnusin\u00e1\u00f1o to gajin\u00e9 uje chi yoc\u00e3rai jec u yoc. Y\u00e3rai tu yu mu yeruei tu\ndirome iji gaj\u00f1o pioi. <\/p>\n\n\n\n<p>Mu caniraque yocangar\u00e1dejnai\nJesus enga pota chiqueta yoque, enga chojning\u00e1rasome yoque: \u201cUjetiga ara\u00f1i\u00f1ome\ncuchade iji jnumi, enga acho Satanas isagode, ga boyo ga ab\u00e1choi yu. Ga\nyamur\u00e1se uacag\u00fachade tiji uacabai. Uacag\u00fachade u uacate gajnar\u00e9ngone. Uje p\u00e9nu.\nAb\u00e1choi yu ga yamurase uacag\u00fachade iji uacabai.\u201d Jesuse ch\u00f3si tome yoque uje anire,\ncho quique yogome yocate gajnar\u00e9ngone. <\/p>\n\n\n\n<p><strong><em>Mu \u00edjnoque dirome panguretaretigai.<\/em><\/strong><br>Mu \u00edjnoque dirome panguretaretigai. \u00cdjnoque panguretaretigai jeta Jesuse di. Mu gaj\u00f1o pioi d\u00e9ji enga chi gajn\u00e1reque. Gajn\u00e1reque dequejnar\u00e9ngone uje chi jiei iji. Dequejnar\u00e9ngone jiei iji ga jnupuchade chi chuch\u00edja ore. Ch\u00f3jmare ai. Qued\u00e9jna ai. Pioi tagu ore, mu que chejna ore go. Ore po. Ore chigase ome damatarane. Ore jnare r\u0129 iji der\u00e9jnane, ga que ore chisapo guetique r\u0129. U\u00e1sejna dequejnar\u00e9ngone iji. Dequejnar\u00e9ngone edo tu. <\/p>\n\n\n\n<p><strong><em>\u00bfGotique gu a uje que yitod\u00f3go Dupade?<\/em><\/strong><br>\u00bfGotique gu a uje que yitod\u00f3go aniri, Dupade? Que yitod\u00f3go gu uje angoneparique yogome Dupade. Mu chi d\u00e9ji dirome ujetiga yitod\u00f3go Dupade, ga yitod\u00f3go dirome, mu e \u00edjnoque tiempo. E \u00edjnoque der\u00e9jnai ujeta qu\u00e9 yanguret\u00e1go. Ga j\u00e9 areque gajneri ujetiga ca yij\u00e1rogo y\u00f3gaja ome Dupade uruode iji der\u00e9jnane unojo.<\/p>\n\n\n\n<p>Yacaditigade gar\u00f3si, mu j\u00e9\nchojm\u00e1ra yocangar\u00e1ni. Chojm\u00e1ra yacaditigade gajnes\u1e4dri ome yoque iji der\u00e9jnane\nunojo. Que u\u00f1eque d\u00e9ji si\u00f1eque jetiga ch\u00e9c\u00e3re Dupade uru quitique. J\u00e9 chojm\u00e1ra\nyocangar\u00e1ni, ga j\u00e9 iji der\u00e9jnai tud\u00e9. <\/p>\n\n\n\n<p>Ueradipise Dupade. Paraque. Arei.\nOmi. Pajesereringane garani tu. P\u00e1yipiedie eruei tu.<\/p>\n\n\n\n<p><strong><em>Uje yotig\u00e1co Dupade enga j\u00e9 cungu\u00e9s\u00f5ri ujetiga ojnicor\u00e1some, \u2018Ujnu\u00e9 babai.\u2019<\/em><\/strong><br>Dupade chojninga: \u201cAyor\u00e9ode uaque, que uac\u00e1yipie tu y\u00e1yipie go. Que uac\u00e1yipie y\u00e1yipie go. Uac\u00e1yipiedie catadape. J\u00e9 y\u00e1yipie chise jnumi eru\u00e9ode,\u201d chojninga Dupade ome yoque. Jecute ujopier\u00e3que ga \u00e1yipie su\u00e9 yoquibai. <em>(Isa\u00edas 55:8)<\/em><\/p>\n\n\n\n<p>Mu uje que yanguret\u00e1go Dupade ga\nyojnico, \u2018Yujnu\u00e9 Dupade gai.\u2019 Mu gajn\u00e1reque ujetiga yujnu\u00e9ngo Dupade gai ome\nyocaj\u00e9ode. Jeta yojnico, \u2018Yujnu\u00e9 gai.\u2019<\/p>\n\n\n\n<p>Uacam\u00f3\u00f1o uje p\u00e1yipiedie eruei\ntu. Que yoc\u00e1yipieraque cuse. <\/p>\n\n\n\n<p>David gotique a u uje chi\nchojninga: \u201cYucue j\u00f3rogui yiquicho er\u00e3pe. Yucu\u00e9, yucu\u00e9 ujetiga qu\u00e9 yacose yu\nome Dupade, ga yicai jnumi eru\u00e9ode. Yicai yote qued\u00e9jna aj\u00e9ode, mu Dupade\nd\u00e9ji.\u201d <em>(Salmo 139:1 aja 7 ore)<\/em><\/p>\n\n\n\n<p>Que eru\u00e9nique cuse go ome\nDupade, jec u der\u00e9jna cas\u00e9, ga j\u00e9 upo dirome r\u0129. Que ch\u1ebdcare re. Que\nchoqu\u00edjna Dupade. Mu choqu\u00edjnane u yoque. Choqu\u00edjnane uyoque uje angoneparique\ny\u00f3gome Dupade gu.<\/p>\n\n\n\n<p><strong><em>Jesus cho yoquiquique ome cuchade, ome cucha omone yui.<\/em><\/strong><br>Enga gusu yacajnaqu\u00e9ode iji durase tudaque, mu yujnusin\u00e1ngo gajin\u00e9 ud\u00e9 yacajnaqu\u00e9 gar\u00f3siode ome yoque uje que piraque yuruode go. Que piraque yacajnaqu\u00e9ode go. Uje uacojo ayor\u00e9 yu gu. Uacaraj\u00e1yopise yacajnaqu\u00e9ode quigode ome Dupade \u00e1yipie quigode ome uaque. Ujetiga uacam\u00f3\u00f1o Jesus ut\u00e9 to uje chojninga: \u201cAjn\u00e1\u00f1o yu aja qued\u00e9jnane jetiga jec \u0169r\u00e9 uaque,\u201d ome dacadigode. \u201cAjn\u00f3ra\u00f1o uacojode ayor\u00e9. Ca ajn\u00f3ra ua. Ajn\u00f3ra uacojode ayor\u00e9. Ujetiga gosi chutai uaque ujetiga bag\u00fachade d\u00e9ji ga as\u00edome. Mu ca acu\u00e9 or\u00e9raque,\u201d chojninga Jesus ome yoque, \u201cCa acuei or\u00e9raque.\u201d<\/p>\n\n\n\n<p>Yocacaranguipise gajin\u00e9 uje yug\u00facoji\nudojo. Jesuse uruode ome yoque u ujeta cho yoquiquique ome cuchade, ome cucha\nomone yui. Ca yij\u00e1rogo yoque aja ome Jesuse, Yocangar\u00e1dejna, Yocaquir\u00e3s\u00f3ri ud\u00e9\narecuj\u00e1idie ome yoque.<\/p>\n\n\n\n<p>\u201cDajei tu yu,\u201d chojninga. \u201cUaque\nu\u00f1eque a changureta yu bajaque dirome enga dajei u yu ome Dupade idai, Yocai.\nQue pibi yocai, yoquidai go ujetiga ca pangureta yu.\u201d Chi ca yac\u00e1ja Dupade idai\njne ujetiga ca yanguret\u00e1go Dupade abi. <em>(San\nJuan 14:6)<\/em><\/p>\n\n\n\n<p><strong><em>J\u00e9 ca yejn\u00e1rejo yogome pacajnaqu\u00e9ode gajin\u00e9 ujetiga jec \u0169r\u00e9 yoque.<\/em><\/strong><br>Yocacaranguipise gajine iji duras\u00e9 uje uacaraj\u00e1yo yacajnaquei gar\u00f3siode. Que qu\u00e9 piraque yacajnaqu\u00e9ode, mu que yimo jetiga gajnar\u00e9cho ome gosi, mu Dupade uruode jec u. Uje chojninga: \u201cUjetiga gosi c\u00e1ma changureta yu dirome ga, ujetiga chij\u00e1roja dangoninguinone ome yu dirome ga, gosi qu\u00e9 uniri tu jnumi gu. Gosi qu\u00e9 uniri tu jnumi ga c\u00e1ma uniri tu gat\u00e9 go. Cham\u00e1\u00f1aj\u00e9 qu\u00e9 chirota jnumi jogos\u00f3rone cucha, ga chejn\u00e1reque yocacajnaqu\u00e9ode. A ore chejn\u00e1reque uacacajnaqu\u00e9ode dirome mu j\u00e9 u,\u201d chojninga Jesucr\u00edsto.<\/p>\n\n\n\n<p>Yicoi gajine ga a j\u00e9 ca\nyejn\u00e1rejo yogome pacajnaqu\u00e9ode gajin\u00e9 ujetiga jec \u0169r\u00e9 yoque. Uje ujetiga gosi\nque changureta Dupade, ga ore chejn\u00e1reque re. Ore jos eti yipojn\u00e1ngo ore.\nCham\u00e1\u00f1aj\u00e9 Jesus uruode j\u00e9 u gu. Ore jos eti yipojn\u00e1ngo ore iji jnumi tud\u00e9.\nCham\u00e1\u00f1aj\u00e9 c\u00e1ma ore changureta, c\u00e1ma ore chiraja danguretique gu. Ore chijn\u00f3ra\njnumi jogos\u00f3rone cucha. Uje ueracho ome ore. <\/p>\n\n\n\n<p>Mu ome uhuac uje uacanguret\u00e1yo,\nDupade chojninga: \u201cE uacaraj\u00e1yo ujeta ca ejnar\u00e9cho jnumi jogos\u00f3rone ore ur\u00farigo\nome uaque dirome. Cucha bisideque ore uruode udore ome uaque uje que ore\nchangureta yu, ga cucha omone u ome uaque dirome,\u201d chojninga. \u201cJetiga gosode\np\u00e9su uaquej\u00f3poringu\u00e9i dirome enga, a yip\u00e9su ore ejoporingu\u00e9one to dirome iji\ndirode eruei.\u201d<\/p>\n\n\n\n<p>Ga j\u00e9 areque gajine ujetiga j\u00e9\nca yip\u00e9co yocujode Dupade angures\u1e4dre ej\u00f3poringu\u00e9one to uje Dupade ch\u00e3raque\ndanguretais\u1e4drone gu. Ch\u00e3j\u00e9 puyaque ore gu. Puyaque Dupade r\u0129. Ga chi e mu\nore cachodi tu an\u00edri, Jesus diringai. \u201cAngureta yu,\u201d chojninga, \u201cAnguret\u00e1yo yu\nujetiga jec \u0169r\u00e9 uaque, ga ujetiga uacoj\u00f3rique ayor\u00e9 gajn\u00e1reque ur\u00farigo ome ua,\nga ca achajn\u00e1\u00f1oi ore,\u201d chojninga, \u201cuje uacangureni tu yu gu. Anguret\u00e1yo yu. J\u00e9\nchicha gosi cachodi taja jnumi eruei dirome,\u201d chojninga. \u201cA yaj\u00e9ngome to dirome\nujetiga gosi ca cha date gajnar\u00e9ngone.\u201d<\/p>\n\n\n\n<p>Mu beyoi ut\u00e9 gosi ujetiga\nchetaque uaque, ga acatec\u00e3choi Dupade ome. Ga j\u00e9 \u00e3ro ut\u00e9 ate gajnar\u00e9gone ome\nuaque gajin\u00e9 ujetiga yicoi yocangar\u00e1dejnai Jesuse uru casodicaite ome yoque\nujetiga yicatec\u00e3coi Yocangar\u00e1ni ome. Enga chijna jne jeta di, enga, \u00a1socaseti\nchijna dirome, ga yitojm\u00e1rango iji jnumi \u00e1!\u201d<\/p>\n\n\n\n<p>Gusu yacajnaqu\u00e9ode iji durase udaque to ome yoque. Enga yacaranguipise\nome uje yijorane ore cho paraque iji yacajnaqu\u00e9ode ud\u00e9 \u00fadi. Enga gusu\nyacajnaqu\u00e9ode.<\/p>\n\n\n\n<p><em>Dijaide \u2013 Rinc\u00f3n de Tigre \u2013 1975<\/em><br><em>Marina de Morarie chur\u00fas\u00e3re Dijaide uruode udojo<\/em><\/p>\n\n\n<div class=\"navigation\"><div class=\"alignleft\"><a href=\"https:\/\/ayore.org\/ayo\/culture\/teachings\/comai-arocho-cuchade-jnese-iji-yejnai\/\"title=\"Comai \u2013 Arocho cuchade jnese iji yejnai\"><img loading=\"lazy\" decoding=\"async\" src=\"https:\/\/ayore.org\/wp-content\/uploads\/2018\/10\/left-arrow.png\" width=\"50\" height=\"48\" alt=\"left arrow\"><\/a><\/div><div class=\"alignright\"><a href=\"https:\/\/ayore.org\/ayo\/culture\/teachings\/dijaide-josuede-que-yicadiguipisi-dupade\/\"title=\"Dijaide (Josue\u0301de\u0301) \u2013 Que yicadiguipisi Dupade\"><img loading=\"lazy\" decoding=\"async\" src=\"https:\/\/ayore.org\/wp-content\/uploads\/2018\/10\/right-arrow.png\" width=\"50\" height=\"48\" alt=\"right arrow\"><\/a><\/div>\n","protected":false},"excerpt":{"rendered":"<p>Dupade Ujopi\u00e9 Esp\u00edritu S\u00e1nto, yoquipotigu\u00e9 ayor\u00e9ode ore chetaque \u00f1ane iji yocaj\u00e9ode:Yirajai to uje Satanase chise yu, ga deroco Dupade Uruode y\u00faode iji ujade. Mu yirajai u uje Esp\u00edritu S\u00e1nto chise yu, ga uneripise Dupade uruode yui ome yu. \u00a1Unere! Yipota<\/p>\n","protected":false},"author":5,"featured_media":0,"parent":719,"menu_order":0,"comment_status":"closed","ping_status":"closed","template":"","meta":{"footnotes":""},"class_list":["post-3824","page","type-page","status-publish","hentry"],"yoast_head":"<!-- This site is optimized with the Yoast SEO plugin v27.4 - https:\/\/yoast.com\/product\/yoast-seo-wordpress\/ -->\n<title>Dijaide (Josue\u0301de\u0301) \u2013 Uneripise Dupade uruode yui ome yu &#8226; AYOR\u00c9.ORG<\/title>\n<meta name=\"robots\" content=\"index, follow, max-snippet:-1, max-image-preview:large, max-video-preview:-1\" \/>\n<link rel=\"canonical\" href=\"https:\/\/ayore.org\/ayo\/culture\/teachings\/dijaide-josuede-uneripise-dupade-uruode-yui-ome-yu\/\" \/>\n<meta property=\"og:locale\" content=\"en_US\" \/>\n<meta property=\"og:type\" content=\"article\" \/>\n<meta property=\"og:title\" content=\"Dijaide (Josue\u0301de\u0301) \u2013 Uneripise Dupade uruode yui ome yu &#8226; AYOR\u00c9.ORG\" \/>\n<meta property=\"og:description\" content=\"Dupade Ujopi\u00e9 Esp\u00edritu S\u00e1nto, yoquipotigu\u00e9 ayor\u00e9ode ore chetaque \u00f1ane iji yocaj\u00e9ode:Yirajai to uje Satanase chise yu, ga deroco Dupade Uruode y\u00faode iji ujade. Mu yirajai u uje Esp\u00edritu S\u00e1nto chise yu, ga uneripise Dupade uruode yui ome yu. \u00a1Unere! Yipota\" \/>\n<meta property=\"og:url\" content=\"https:\/\/ayore.org\/ayo\/culture\/teachings\/dijaide-josuede-uneripise-dupade-uruode-yui-ome-yu\/\" \/>\n<meta property=\"og:site_name\" content=\"AYOR\u00c9.ORG\" \/>\n<meta property=\"article:modified_time\" content=\"2019-05-18T00:51:03+00:00\" \/>\n<meta name=\"twitter:card\" content=\"summary_large_image\" \/>\n<meta name=\"twitter:label1\" content=\"Est. reading time\" \/>\n\t<meta name=\"twitter:data1\" content=\"8 minutes\" \/>\n<script type=\"application\/ld+json\" class=\"yoast-schema-graph\">{\"@context\":\"https:\\\/\\\/schema.org\",\"@graph\":[{\"@type\":\"WebPage\",\"@id\":\"https:\\\/\\\/ayore.org\\\/ayo\\\/culture\\\/teachings\\\/dijaide-josuede-uneripise-dupade-uruode-yui-ome-yu\\\/\",\"url\":\"https:\\\/\\\/ayore.org\\\/ayo\\\/culture\\\/teachings\\\/dijaide-josuede-uneripise-dupade-uruode-yui-ome-yu\\\/\",\"name\":\"Dijaide (Josue\u0301de\u0301) \u2013 Uneripise Dupade uruode yui ome yu &#8226; AYOR\u00c9.ORG\",\"isPartOf\":{\"@id\":\"https:\\\/\\\/ayore.org\\\/#website\"},\"datePublished\":\"2019-05-18T00:50:51+00:00\",\"dateModified\":\"2019-05-18T00:51:03+00:00\",\"breadcrumb\":{\"@id\":\"https:\\\/\\\/ayore.org\\\/ayo\\\/culture\\\/teachings\\\/dijaide-josuede-uneripise-dupade-uruode-yui-ome-yu\\\/#breadcrumb\"},\"inLanguage\":\"ayo\",\"potentialAction\":[{\"@type\":\"ReadAction\",\"target\":[\"https:\\\/\\\/ayore.org\\\/ayo\\\/culture\\\/teachings\\\/dijaide-josuede-uneripise-dupade-uruode-yui-ome-yu\\\/\"]}]},{\"@type\":\"BreadcrumbList\",\"@id\":\"https:\\\/\\\/ayore.org\\\/ayo\\\/culture\\\/teachings\\\/dijaide-josuede-uneripise-dupade-uruode-yui-ome-yu\\\/#breadcrumb\",\"itemListElement\":[{\"@type\":\"ListItem\",\"position\":1,\"name\":\"Jogate bajai tu ude\u0301\",\"item\":\"https:\\\/\\\/ayore.org\\\/ayo\\\/\"},{\"@type\":\"ListItem\",\"position\":2,\"name\":\"Ayore\u0301ode adode, angurenone cucha ore\",\"item\":\"https:\\\/\\\/ayore.org\\\/ayo\\\/culture\\\/\"},{\"@type\":\"ListItem\",\"position\":3,\"name\":\"Ayore\u0301ode Acajnaque\u0301ode\",\"item\":\"https:\\\/\\\/ayore.org\\\/ayo\\\/culture\\\/teachings\\\/\"},{\"@type\":\"ListItem\",\"position\":4,\"name\":\"Dijaide (Josue\u0301de\u0301) \u2013 Uneripise Dupade uruode yui ome yu\"}]},{\"@type\":\"WebSite\",\"@id\":\"https:\\\/\\\/ayore.org\\\/#website\",\"url\":\"https:\\\/\\\/ayore.org\\\/\",\"name\":\"AYOR\u00c9.ORG\",\"description\":\"Ayore\u0301ode Uruode, Adode, Jnani bajade ati\u0301go ore \",\"potentialAction\":[{\"@type\":\"SearchAction\",\"target\":{\"@type\":\"EntryPoint\",\"urlTemplate\":\"https:\\\/\\\/ayore.org\\\/?s={search_term_string}\"},\"query-input\":{\"@type\":\"PropertyValueSpecification\",\"valueRequired\":true,\"valueName\":\"search_term_string\"}}],\"inLanguage\":\"ayo\"}]}<\/script>\n<!-- \/ Yoast SEO plugin. -->","yoast_head_json":{"title":"Dijaide (Josue\u0301de\u0301) \u2013 Uneripise Dupade uruode yui ome yu &#8226; AYOR\u00c9.ORG","robots":{"index":"index","follow":"follow","max-snippet":"max-snippet:-1","max-image-preview":"max-image-preview:large","max-video-preview":"max-video-preview:-1"},"canonical":"https:\/\/ayore.org\/ayo\/culture\/teachings\/dijaide-josuede-uneripise-dupade-uruode-yui-ome-yu\/","og_locale":"en_US","og_type":"article","og_title":"Dijaide (Josue\u0301de\u0301) \u2013 Uneripise Dupade uruode yui ome yu &#8226; AYOR\u00c9.ORG","og_description":"Dupade Ujopi\u00e9 Esp\u00edritu S\u00e1nto, yoquipotigu\u00e9 ayor\u00e9ode ore chetaque \u00f1ane iji yocaj\u00e9ode:Yirajai to uje Satanase chise yu, ga deroco Dupade Uruode y\u00faode iji ujade. Mu yirajai u uje Esp\u00edritu S\u00e1nto chise yu, ga uneripise Dupade uruode yui ome yu. \u00a1Unere! Yipota","og_url":"https:\/\/ayore.org\/ayo\/culture\/teachings\/dijaide-josuede-uneripise-dupade-uruode-yui-ome-yu\/","og_site_name":"AYOR\u00c9.ORG","article_modified_time":"2019-05-18T00:51:03+00:00","twitter_card":"summary_large_image","twitter_misc":{"Est. reading time":"8 minutes"},"schema":{"@context":"https:\/\/schema.org","@graph":[{"@type":"WebPage","@id":"https:\/\/ayore.org\/ayo\/culture\/teachings\/dijaide-josuede-uneripise-dupade-uruode-yui-ome-yu\/","url":"https:\/\/ayore.org\/ayo\/culture\/teachings\/dijaide-josuede-uneripise-dupade-uruode-yui-ome-yu\/","name":"Dijaide (Josue\u0301de\u0301) \u2013 Uneripise Dupade uruode yui ome yu &#8226; AYOR\u00c9.ORG","isPartOf":{"@id":"https:\/\/ayore.org\/#website"},"datePublished":"2019-05-18T00:50:51+00:00","dateModified":"2019-05-18T00:51:03+00:00","breadcrumb":{"@id":"https:\/\/ayore.org\/ayo\/culture\/teachings\/dijaide-josuede-uneripise-dupade-uruode-yui-ome-yu\/#breadcrumb"},"inLanguage":"ayo","potentialAction":[{"@type":"ReadAction","target":["https:\/\/ayore.org\/ayo\/culture\/teachings\/dijaide-josuede-uneripise-dupade-uruode-yui-ome-yu\/"]}]},{"@type":"BreadcrumbList","@id":"https:\/\/ayore.org\/ayo\/culture\/teachings\/dijaide-josuede-uneripise-dupade-uruode-yui-ome-yu\/#breadcrumb","itemListElement":[{"@type":"ListItem","position":1,"name":"Jogate bajai tu ude\u0301","item":"https:\/\/ayore.org\/ayo\/"},{"@type":"ListItem","position":2,"name":"Ayore\u0301ode adode, angurenone cucha ore","item":"https:\/\/ayore.org\/ayo\/culture\/"},{"@type":"ListItem","position":3,"name":"Ayore\u0301ode Acajnaque\u0301ode","item":"https:\/\/ayore.org\/ayo\/culture\/teachings\/"},{"@type":"ListItem","position":4,"name":"Dijaide (Josue\u0301de\u0301) \u2013 Uneripise Dupade uruode yui ome yu"}]},{"@type":"WebSite","@id":"https:\/\/ayore.org\/#website","url":"https:\/\/ayore.org\/","name":"AYOR\u00c9.ORG","description":"Ayore\u0301ode Uruode, Adode, Jnani bajade ati\u0301go ore ","potentialAction":[{"@type":"SearchAction","target":{"@type":"EntryPoint","urlTemplate":"https:\/\/ayore.org\/?s={search_term_string}"},"query-input":{"@type":"PropertyValueSpecification","valueRequired":true,"valueName":"search_term_string"}}],"inLanguage":"ayo"}]}},"_links":{"self":[{"href":"https:\/\/ayore.org\/ayo\/wp-json\/wp\/v2\/pages\/3824","targetHints":{"allow":["GET"]}}],"collection":[{"href":"https:\/\/ayore.org\/ayo\/wp-json\/wp\/v2\/pages"}],"about":[{"href":"https:\/\/ayore.org\/ayo\/wp-json\/wp\/v2\/types\/page"}],"author":[{"embeddable":true,"href":"https:\/\/ayore.org\/ayo\/wp-json\/wp\/v2\/users\/5"}],"replies":[{"embeddable":true,"href":"https:\/\/ayore.org\/ayo\/wp-json\/wp\/v2\/comments?post=3824"}],"version-history":[{"count":1,"href":"https:\/\/ayore.org\/ayo\/wp-json\/wp\/v2\/pages\/3824\/revisions"}],"predecessor-version":[{"id":3825,"href":"https:\/\/ayore.org\/ayo\/wp-json\/wp\/v2\/pages\/3824\/revisions\/3825"}],"up":[{"embeddable":true,"href":"https:\/\/ayore.org\/ayo\/wp-json\/wp\/v2\/pages\/719"}],"wp:attachment":[{"href":"https:\/\/ayore.org\/ayo\/wp-json\/wp\/v2\/media?parent=3824"}],"curies":[{"name":"wp","href":"https:\/\/api.w.org\/{rel}","templated":true}]}}