{"id":3806,"date":"2019-05-17T01:57:43","date_gmt":"2019-05-17T01:57:43","guid":{"rendered":"https:\/\/ayore.org\/?page_id=3806"},"modified":"2019-05-17T01:57:44","modified_gmt":"2019-05-17T01:57:44","slug":"comai-dupade-uruode-jogadode-cuse-to-ome-ore","status":"publish","type":"page","link":"https:\/\/ayore.org\/ayo\/culture\/teachings\/comai-dupade-uruode-jogadode-cuse-to-ome-ore\/","title":{"rendered":"Comai \u2013 Dupade Uruode jogadode cuse to ome ore"},"content":{"rendered":"\n<p><strong><em>Comai uru bajade:<\/em><\/strong><br>Yocacaranguipis iji dejai tud\u00e9 ome yoquij\u00f5rai Dabid\u00e9 (Ecarai) oj\u00f1ane uje t\u1e4draji yoquijorane Guidaigoso ore idai. Enga yacaranguipise uje iraj\u00e1go uje e Guidaigosode uacag\u00fasoji Dupade Uruode jogadode to. Jecucha icatec\u00e3coi ome uac ujetiga an\u00edri, ad\u00facho Dupade Uruode to ujetiga ang\u00e1choi Dupade Uruode ujetiga anguret\u00e1yo Dupade to. <\/p>\n\n\n\n<p><strong><em>Dupade Uruode u uje \u0169r\u00e9, ayor\u00e9rique que ur\u00fao gotique, mu Dupade ur\u00fao:<\/em><\/strong><br>Iraj\u00e1go uje a ca \u0169r\u00e9 enga arajayopise uacarasade coj\u00f1oque ore acajnaqu\u00e9ode, uje ore irajatigade ome ayor\u00e9ode uruode qu\u00e9 gar\u00f3si. Mu ore ipotig\u00e1di j\u00e9 u yoquipotig\u00e1di. Jec u jnese ujetiga yingongo Dupade Uruode ome uaque. Ipot\u00e1go ujetiga yingongo Dupade Uruode ome uac ujetiga araj\u00e1yo to. Yoquipotig\u00e1dode u ujetiga araj\u00e1yo uje cho jetiga yocur\u00fao gotique Dupade Uruode. Gusu uje ingongome uaque uje yiraj\u00e1go uje gusu Dupade Uruode uje \u0169r\u00e9. Ayor\u00e9rique que ur\u00fao gotique. Mu Dupade ur\u00fao.<\/p>\n\n\n\n<p>Icatec\u00e3coi Dupade ome uac\nujetiga beyoi Dupade Uruode to. Ipota jeta yimo uaque iji dire u\u00f1eque ujetiga\nyingo Dupade Uruode ome uaque to. Ujetiga yatata yadode jnese uje an\u00edri, j\u00e9\n\u0169repise Dupade Uruode. Mu Dupade ipotig\u00e1di jec u to jetiga an\u00edri, ayor\u00e9ode\nyiy\u00e1go yocadode jnese. Ujetiga yiy\u00e1go yoquisijnaringu\u00e9one. Ujetiga yajn\u00e1ngo\nDupade ujetiga yanguret\u00e1go ujetiga yicoi uruode jnese.<\/p>\n\n\n\n<p><strong><em>Dupade chi p\u00e9su er\u00e1mone unojo icaite ome dajopi\u00e9:<\/em><\/strong><br>Iraj\u00e1go uje ayor\u00e9rique que yiraj\u00e1go er\u00e1mone unojo isoc\u00e1rique gotique uje p\u00e9su re icaite. Mu yiraj\u00e1go uje ayor\u00e9rique que ipesute er\u00e1mone gotique. D\u00e9ji Dupade Uruode uje chi Dupade ipesute cuchade unojo icaite iji er\u00e1mone jnese, er\u00e1mone jogos\u00f3rone cucha iji taningane. Dupade Uruode chatata uje, iji taningane ga uje chi c\u00e1ma ayor\u00e9rique, cuchis\u00f3rique d\u00e9ji er\u00e1mone icaite, ga Dupade chi p\u00e9su er\u00e1mone unojo icaite ome dajopi\u00e9.<\/p>\n\n\n\n<p><strong><em>Dupade chajuque ijnangununie enga d\u00edreca ijnangununie petique:<\/em><\/strong><br>Dupade chi p\u00e9su er\u00e1mone unojo iji taningai enga chi Dupade chimate er\u00e1mone unojo iji d\u00edningo uje chi chojm\u00e1ra iji yijmanu u\u00f1ai. Dupade Uruode chatata uje iji taningai enga Dupade chi <em>chijire<\/em> er\u00e1mone enga chi gusu ijnangununie icaite iji er\u00e1mone unojo. Mu Dupade chi p\u00e9su ijnangununie ga chi chajuque pajei ga chi Dupade p\u00e9su, chajo ijnangununie aja u\u00f1ane. Chi d\u00edreca ijnangununie petique. Dupade chi p\u00e9su cuchade jnese jetiga ayor\u00e9ode j\u00e9 ca yotig\u00e1co. Dupade p\u00e9su diri ujetiga ayor\u00e9ode ore yisago cuchade iji ujetiga yisoco ujetiga yip\u00e9co cuchade, ujetiga yip\u00e9co uruode. J\u00e9 basaja Dupade p\u00e9su dejai te gu jetiga ayor\u00e9ode ore yoco yocuj\u00f1are iji ujetiga yim\u00f3ngo.<\/p>\n\n\n\n<p>Quigade ga Dupade chi p\u00e9su d\u00edrecaringu\u00e9i\niji taningai te ga p\u00e9su ijnangununie. Dejai ujetiga j\u00e9 c\u00e3ra re ome diri ujetiga\nyim\u00f3ngo iji, enga yoco yocuj\u00f1are iji. Mu Dupade Uruode chatata uje chi gusu\nyodode icaite iji jnumi iji taningai.<\/p>\n\n\n\n<p><strong><em>Dupade chi p\u00e9su yodode enga chajuguiji \u00f1ane iji:<\/em><\/strong><br>Que yur\u00fao gotique mu d\u00e9ji Dupade Uruode ujetiga yajico iji. Chi gusu yodode icaite iji er\u00e1mone. Chi chaco jnumi gai, mu Dupade chi p\u00e9su yodode enga chajuguiji \u00f1ane iji. Jec u uje chajugun\u00e1po yodode iji er\u00e1mi tenga, jec u uje Dupade chi chajuque yodode iji \u00f1ane enga yodode charidode chojm\u00e1ra. An\u00edrone tiedie jogadode j\u00e9 chojm\u00e1ra, gaj\u00f1onie, tuijnane uje c\u00e1ma tie jochade. Enga Dupade chi p\u00e9su jnupe cajn\u00f3ri to. Enga Dupade chimate dapesudode unojo.<\/p>\n\n\n\n<p>E que yotique d\u00e9poji er\u00e1mi jnese\nr\u0129 mu Dupade chi p\u00e9su cuchade un\u00e9 ore. Ujetiga ayor\u00e9ode yim\u00f3ngo ipesudode ga\nca yotig\u00e1co jec aja dirode unojo.<\/p>\n\n\n\n<p>Dupade chajo yodode aja \u00f1ane\nenga u\u00e9chai u\u00f1ai je qu\u00e9 d\u00e9ji dajogadode uje tie u uje yodode dacagode ga Dupade\nj\u00e9 ipesucho jogadode. Quigade enga jec u uje jnupe cajn\u00f3ri, jnumip\u00edsi, chi\npijoque to. Dupade chimate tiedie, er\u00e1mi jnupe cajn\u00f3ri ore. Yoquiyaripi jnupe\ngajner\u0129 er\u00e1mi tu ore.<\/p>\n\n\n\n<p><strong><em>Dupade p\u00e9su cuchade uje sue iji er\u00e1mi tud\u00e9:<\/em><\/strong><br>Ga Dupade chi an\u00edri, chi chimo uje chi j\u00e9 arec ujetiga pojn\u00edngui sue iji dapesudi jnupe cajn\u00f3ri. Ga jec u uje Dupade, iji jnupe cajn\u00f3ri tud\u00e9, Dupade chi pesapo poridie r\u0129 ujetiga sue iji jnumi. P\u00e9su cuchade uje sue iji er\u00e1mi tud\u00e9. Enga jec u uje iji jnupe cajn\u00f3ri tut\u00e9 enga uje er\u00e1mi yoquiyaripi jnupe.<\/p>\n\n\n\n<p><strong><em>Dupade chi p\u00e9su cuchisode jnese iji er\u00e1mi uje cuchisode diguiji:<\/em><\/strong><br>Ga Dupade chi pesapo cuchisode iji r\u0129; cuchisode jnese uje d\u00e9ji er\u00e1mi tun\u00e9. Dupade chi p\u00e9su. Dupade chi pota jetiga cuch\u00e1rigo d\u00e9ji ipesudi tut\u00e9 jnupe. Enga p\u00e9su cuchisode. An\u00f3ningacho Dupade Uruode. Dupade chi p\u00e9su cuchisode jnese iji er\u00e1mi uje cuchisode diguiji. Jec u ayor\u00e9ode yoquimone cuchiso pon\u00e1yo iji er\u00e1mi jnese. Dupade chi p\u00e9su poridie enga poridie chi adie cuse ujetiga cuchisode tagu. Enga j\u00e9 jnumi tupo to r\u0129 uje Dupade ipesud\u00e1po r\u0129 ujetiga ayor\u00e9ode ore quigade dirome enga ayor\u00e9ode ore an\u00edri, yichajo to, jeonga ayor\u00e9ode ore yip\u00e9co yoquejnat\u00edgo iji ujetiga yajo.<\/p>\n\n\n\n<p>Quigade enga j\u00e9c u uje Dupade\np\u00e9su cuchisode jnese uje chimate er\u00e1mi tun\u00e9. Chimo er\u00e1mi tud\u00e9 ga chim\u00e1napo\ncuchisode r\u0129. Enga Dupade chi pota ujetiga ayor\u00e9rigo d\u00e9ji to ujetiga ore n\u00f3na\nipesudode cuchiso jnese iji er\u00e1mi.<\/p>\n\n\n\n<p><strong><em>Dupade chi chimate ayor\u00e9 bajai, ayor\u00e9ode yocajnu jnacare:<\/em><\/strong><br>Dupade chi chica jnumi urui. Enga chipoc\u00e1su dachabei ga chi p\u00e9su ayor\u00e9 tiji. Chi p\u00e9su ayor\u00e9 tiji jnumi tun\u00e9 ome datirai enga chimate ayor\u00e9 adode jnese: jman\u00e1yone, jmanecade, orotadode, edodie enga chi chisi ome ayor\u00e9 pucuecaringuei tome. Mu quigade enga Dupade chub\u00fachu dapesudi tut\u00e9 ayor\u00e9 ujunane ga Dupade chisi ome \u00e1yipie ueca tome. Enga jec u uje Dupade chi chimate ayor\u00e9 bajai, ayor\u00e9ode yocajnu jnacare. <\/p>\n\n\n\n<p>Jnani. Jnani tut\u00e9 chi i tu Ad\u00e3.\nDupade ipesute jnacare bajai tun\u00e9 iji er\u00e1mone iji imani er\u00e3pe, yoquiyaripi\ntun\u00e9. Ayor\u00e9ode uyoque jnese yoc\u00e3rani tu Dupade ipesudi tut\u00e9 jnacare, uje i tu\nAd\u00e3. Dupade chi chub\u00fachu ayor\u00e9 tut\u00e9 ujunane ga chisi ome \u00e1yipie tome, \u00e1yipie\nueca. Enga ayor\u00e9ode yoc\u00faringai ayor\u00e9 e u. Yoc\u00faringai \u00e1yipier\u00e3c e u jec iji\ndirode udojo gajner\u0129. Enga jec u uje Ad\u00e3 chi n\u00f3na Dupade ipesudode cuchiso\njnese.<\/p>\n\n\n\n<p><strong><em>Dupade pota jeta jnacari atajas\u00f3nique dojo ayor\u00e9 cuse:<\/em><\/strong><br>Ad\u00e3 a p\u00e9su Dupade an\u00edrone imaningone cuchiso \u00edode jnese. Enga \u00edode j\u00e9 u \u00edode udore uje \u00edode gajne iji dirode unojo. Enga quigade enga Dupade chi <em>chijire<\/em> dapesudode cuchiso jnese. Uje chi ore n\u00f3na \u00f1ane aja qued\u00e9jnane jor\u00f3nga. Dupade imoi tu uje cuchisode, cuchiso choqui n\u00f3na cuchiso chequ\u00e9. Enga chi ore n\u00f3na \u00f1ane aja qued\u00e9jnane. Enga chi ore ch\u00e1ta pininaquei taja \u00f1ane uje ore n\u00f3na \u00f1ane aja qued\u00e9jnane. <\/p>\n\n\n\n<p>Enga Dupade chi chojninga:\n\u201cAreque to jetiga jnacari an\u00ednique cuse to, atajas\u00f3nique dojo ayor\u00e9 ujetiga ore\ncatec\u00e3\u0301ri \u00f1ane. Ujetiga ore n\u00f3na \u00f1ane aja qued\u00e9jnane. Ujetiga ore cho u\u00f1eque.\u201d\nYingo jnese uje Dupade a p\u00e9su cuchisode enga p\u00e9su choqui, p\u00e9su chequ\u00e9 to\nujetiga anire, cuchisode ch\u00f5re rac ujetiga qu\u00e9r\u00e3 ujetiga ir\u00e1gu er\u00e1mi.<\/p>\n\n\n\n<p><strong><em>Dupade chimate chequ\u00e9 jeta n\u00f3na jnacare bajai:<\/em><\/strong><br>Jecute Dupade chisi ome yoque gatei ome dapesudi jnacare, yocai jnani bajai uje i tu Ad\u00e3. Enga chi Ad\u00e3 chi mo. Jnacare bajai, Dupade imanique bajai, ayor\u00e9 chi mo. Enga jec u uje Dupade chi chijnime Ad\u00e3 orotabitique. Jnacare bajai orotabidi tenga Dupade chi p\u00e9su chequ\u00e9 tiji. Enga jec u uje Dupade chi chimate chequ\u00e9 jeta n\u00f3na jnacare bajai enga jec u uje Dupade chi p\u00e9su chequ\u00e9 tiji orotabidi. Enga Dupade a chimate chequ\u00e9 tiji, enga jec u uje anire, jnani cho cuyuque to, niji to, iji aniri, damoch\u00e1di.<\/p>\n\n\n\n<p>Enga chi chimo chequ\u00e9 tiji, chi\nchimo chequ\u00e9 tiji dejoi. Enga chi jnacare bajai chi iras\u00e9 chequ\u00e9 enga Dupade\nchojningame jnani bajai: \u201cA b\u00e1tajat\u00f3, ayor\u00e9 tuat\u00e9 jne,\u201d Dupade chojninga. <\/p>\n\n\n\n<p>\u201cA j\u00e9 \u00e1tam\u00e1ja jne,\u201d chojningame\nchequ\u00e9, \u201cuje yip\u00e9su ua iji jnani orotabidi tenga badode a jec u jnacari, jnani\nadode jnese jne. Ajn\u00f3ra\u00f1o \u00f1ane jne,\u201d chojninga. \u201cA j\u00e9 ca ados\u00f3yo aja \u00f1ane jne,\nenga yipota to ujetiga \u00f5cho uaque to ujetiga aqu\u00e9ra\u00f1o to iji er\u00e1mi tun\u00e9 ga\nu\u00e1sejna uaque to jne.\u201d<\/p>\n\n\n\n<p><strong>Dupade c\u00e3ra dapesudode jogadode ujetiga ore unirone cucha uerate ome ore:<\/strong><br>Jecute Dupade isocai tun\u00e9 uje Dupade chimate er\u00e1mone unojo. Mu yajn\u00edngom\u00e1 yoquiquigade r\u0129. Dupade chi pota ujetiga que chimate cuchade bisideque. Chi pota Dupade iji taningai ujetiga imaningo cucha ucode an\u00edningo cuse, gajnes\u00f3ningo cucha. <\/p>\n\n\n\n<p>Jecute Dupade chi p\u00e9su cuchade\njnese ujetiga uniris\u00f3ningo cuse. Enga Dupade chi <em>chijire<\/em> yodi te mu yodi\nque uniris\u00f3ningo cuse gotique enga Dupade chi jec u uje p\u00e9su oy\u00eddode uje uniri\ntu yodi. Cuchisode jnese uje cho daniri iji yodi chi Dupade p\u00e9su to. Jeque\noy\u00eddode jnese uje j\u00e9 c\u00e3ra rome \u00f1ane: ar\u00f3cojnane, cucujna gajn\u00faone, j\u00e9 u cuchade\njnese. <\/p>\n\n\n\n<p>Dupade chi p\u00e9su cuchiso udore\nujetiga cho daniri iji jnumi ujetiga iman\u00edngo cucha uniris\u00f3ningo cucha jnese.<\/p>\n\n\n\n<p>Dupade chi quigade ga chi p\u00e9su\ngat\u00e9 uniris\u00f3rone cucha to ujetiga ch\u00f3ji gat\u00e9 yui enga u chug\u00faperone jnese. Jec\nu chug\u00faperone to uje u\u00e1sejna ga c\u00e3ra rome \u00f1ane. Dupade pesapo cuchisode r\u0129 ujetiga\ncho daniri iji jnumi. <\/p>\n\n\n\n<p><strong><em>Enga Dupade imaningone cucha an\u00edri, uniris\u00f3rone cucha jnese:<\/em><\/strong><br>Enga Dupade chi pesapo guedoside r\u0129 ujetiga guedoside uta chij\u00f1ate ayor\u00e9ode, cuchisode ore gai jnese, Dupade imani er\u00e3pe to iji dejai. Dupade p\u00e9su gued\u00e9 ome diri ujetiga chij\u00f1ate ayor\u00e9ode gai iji diri, jeque Dupade p\u00e9su guedoside ujetiga chij\u00f1ate er\u00e1mi tun\u00e9, ayor\u00e9ode ore gai iji dejai. Enga Dupade imaningone cucha an\u00edri, uniris\u00f3rone cucha jnese. Uniris\u00f3rone cucha up\u00fasu jnese. Jecute Dupade, j\u00e9 yim\u00f3ngo jec aja dirode unojo gajner\u0129.<\/p>\n\n\n\n<p>Dupade imaningone unojo cucha\niji uruode u uje que taque Dupade gotique. \u0168repise Dupade. Dupade imani tu\ntut\u00e9 dire, jec u diri, dirode uje yim\u00f3ngo iji dirode ujnojo uje Dupade p\u00e9su gu\njetiga ayor\u00e9ode yim\u00f3ngo. Yujnusin\u00e1ngo ipesudode cucha ga yiraj\u00e1go uje Dupade\nUruode \u0169rep\u00edso uje im\u00f3ngo Dupade ipesudode cucha.<\/p>\n\n\n\n<p><strong><em>Ayor\u00e9ode jnese, cuchisode jnese yoquipesus\u1e4dri chojm\u00e1ra enga Dup\u00e1pisi u:<\/em><\/strong><br>Que ayor\u00e9rique yoquipesute er\u00e1mi tun\u00e9 gotique. Dupade ipesucho. Dupade ipesudode. Ipesudi dejaque, j\u00e9 u dejade uje yim\u00f3ngo gajner\u0129 uje ayor\u00e9ode yim\u00f3ngo jnese. Dupade imani tut\u00e9 diri. J\u00e9 u diri te gajner\u0129 uje im\u00f3ngo cuchade to. Dupade ipesudi jnupe. J\u00e9 u er\u00e3pe. Jec u yoquijogos\u00f3rone er\u00e3pe. Dupade ipesudedie pori er\u00e3pe gatoi jec u yoquimoi. Er\u00e3pe gajne iji dirode unojo. Dupade ipesudode cuchiso u yoquimone cuchiso jnese. Dupade imani tut\u00e9 jnacare bajaque u ayor\u00e9ode uyoque uje quigade dirome ga ayor\u00e9ode yoc\u00e3rapies\u1e4dri jec u jnani tut\u00e9, chequ\u00e9 to r\u0129 uje chequ\u00e9 anire, chequ\u00e9 ore ch\u00f5re raque ga yoc\u00e3ranone u ore.<\/p>\n\n\n\n<p>Ayor\u00e9ode que y\u00f3rango iji sa\u00f1eque\ngotique. Que y\u00f3rangoji cucha u\u00f1eque gotique. Yoc\u00e3rani jec u jnacare bajai,\nDupade ipesudi jnacare bajac uje chi i tu Ad\u00e3 icaite. Jeque ayor\u00e9ode ore\nyoc\u00e3rapi\u00e9 chequ\u00e9 chi i tu Eba icaite. Chequ\u00e9 baj\u00e9 tu, Eba, uje Dupade p\u00e9su.\nAyor\u00e9ode uyoque yocat\u00e9 tu. Jeque ayor\u00e9ode ore yocai tu Ad\u00e3, jnacare bajai.\nAyor\u00e9ode ore uyoque, coj\u00f1one ore jnese, ore yoc\u00e3rapi tu Dupade ipesudode\njnacare bajaque, ayor\u00e9 bajaque ore.<\/p>\n\n\n\n<p><strong>Jnani bajai, acot\u00e9 ore uniri bajaguip\u00edsi u Dupade jut\u00edcabia:<\/strong><br>Enga quigade enga Dupade chi chijna ore aja dejnatique, yocai jnani bajade, Ad\u00e3, Eba ore. Dupade chicha cuchade aja ore gai jnese ujetiga j\u00e9 ca ore <em>fuerza<\/em> cuse ome dacuetique cucha. Dupade chi chicha ore aja dejnatique uje chi cuchade d\u00e9ji jnese. Dupade chi diji ore gari, dapesudode ayor\u00e9 bajaque ore. Chi chicha ore aja dejnai te que. Chi chicha cuch\u00e1daja ore jnese, ore posode. Dupade imaningone cucha jnese ujetiga ore tagu ujetiga ore n\u00edna r\u00e1nguiji ujetiga ca ore chicad\u00edgui Dupade ut\u00e9. Enga ore doi uruode jnese iji taningai nanique. Ore doi uruode enga j\u00e9 ca ore chimoc ujetiga ore doi ur\u00farique mu ujetiga Dupade ipotig\u00e1di icha ome ore ujetiga angoninguite guesaque ore.<\/p>\n\n\n\n<p><strong>Clave:<\/strong><br>Fuerza &#8211; Etotiguei<\/p>\n\n\n\n<p><em>Comai \u2013 Zapoco, Bolivia \u2013 1960<\/em><br><em>Marina de Morarie chur\u00fas\u00e3re Comai acajnaqu\u00e9ode unojo nanique<\/em><\/p>\n\n\n<div class=\"navigation\"><div class=\"alignleft\"><a href=\"https:\/\/ayore.org\/ayo\/culture\/teachings\/chagaide-ca-uacunengo-chajengome-dupade-to\/\"title=\"Chagaide \u2013 Ca uacu\u00f1\u00e9ngo chaj\u00e9ngome Dupade to\"><img loading=\"lazy\" decoding=\"async\" src=\"https:\/\/ayore.org\/wp-content\/uploads\/2018\/10\/left-arrow.png\" width=\"50\" height=\"48\" alt=\"left arrow\"><\/a><\/div><div class=\"alignright\"><a href=\"https:\/\/ayore.org\/ayo\/culture\/teachings\/comai-amonoji-gate\/\"title=\"Comai \u2013 Am\u00f3\u00f1oji gat\u00e9\"><img loading=\"lazy\" decoding=\"async\" src=\"https:\/\/ayore.org\/wp-content\/uploads\/2018\/10\/right-arrow.png\" width=\"50\" height=\"48\" alt=\"right arrow\"><\/a><\/div>\n","protected":false},"excerpt":{"rendered":"<p>Comai uru bajade:Yocacaranguipis iji dejai tud\u00e9 ome yoquij\u00f5rai Dabid\u00e9 (Ecarai) oj\u00f1ane uje t\u1e4draji yoquijorane Guidaigoso ore idai. Enga yacaranguipise uje iraj\u00e1go uje e Guidaigosode uacag\u00fasoji Dupade Uruode jogadode to. Jecucha icatec\u00e3coi ome uac ujetiga an\u00edri, ad\u00facho Dupade Uruode to ujetiga<\/p>\n","protected":false},"author":5,"featured_media":0,"parent":719,"menu_order":0,"comment_status":"closed","ping_status":"closed","template":"","meta":{"footnotes":""},"class_list":["post-3806","page","type-page","status-publish","hentry"],"yoast_head":"<!-- This site is optimized with the Yoast SEO plugin v27.4 - https:\/\/yoast.com\/product\/yoast-seo-wordpress\/ -->\n<title>Comai \u2013 Dupade Uruode jogadode cuse to ome ore &#8226; AYOR\u00c9.ORG<\/title>\n<meta name=\"robots\" content=\"index, follow, max-snippet:-1, max-image-preview:large, max-video-preview:-1\" \/>\n<link rel=\"canonical\" href=\"https:\/\/ayore.org\/ayo\/culture\/teachings\/comai-dupade-uruode-jogadode-cuse-to-ome-ore\/\" \/>\n<meta property=\"og:locale\" content=\"en_US\" \/>\n<meta property=\"og:type\" content=\"article\" \/>\n<meta property=\"og:title\" content=\"Comai \u2013 Dupade Uruode jogadode cuse to ome ore &#8226; AYOR\u00c9.ORG\" \/>\n<meta property=\"og:description\" content=\"Comai uru bajade:Yocacaranguipis iji dejai tud\u00e9 ome yoquij\u00f5rai Dabid\u00e9 (Ecarai) oj\u00f1ane uje t\u1e4draji yoquijorane Guidaigoso ore idai. Enga yacaranguipise uje iraj\u00e1go uje e Guidaigosode uacag\u00fasoji Dupade Uruode jogadode to. Jecucha icatec\u00e3coi ome uac ujetiga an\u00edri, ad\u00facho Dupade Uruode to ujetiga\" \/>\n<meta property=\"og:url\" content=\"https:\/\/ayore.org\/ayo\/culture\/teachings\/comai-dupade-uruode-jogadode-cuse-to-ome-ore\/\" \/>\n<meta property=\"og:site_name\" content=\"AYOR\u00c9.ORG\" \/>\n<meta property=\"article:modified_time\" content=\"2019-05-17T01:57:44+00:00\" \/>\n<meta name=\"twitter:card\" content=\"summary_large_image\" \/>\n<meta name=\"twitter:label1\" content=\"Est. reading time\" \/>\n\t<meta name=\"twitter:data1\" content=\"11 minutes\" \/>\n<script type=\"application\/ld+json\" class=\"yoast-schema-graph\">{\"@context\":\"https:\\\/\\\/schema.org\",\"@graph\":[{\"@type\":\"WebPage\",\"@id\":\"https:\\\/\\\/ayore.org\\\/ayo\\\/culture\\\/teachings\\\/comai-dupade-uruode-jogadode-cuse-to-ome-ore\\\/\",\"url\":\"https:\\\/\\\/ayore.org\\\/ayo\\\/culture\\\/teachings\\\/comai-dupade-uruode-jogadode-cuse-to-ome-ore\\\/\",\"name\":\"Comai \u2013 Dupade Uruode jogadode cuse to ome ore &#8226; AYOR\u00c9.ORG\",\"isPartOf\":{\"@id\":\"https:\\\/\\\/ayore.org\\\/#website\"},\"datePublished\":\"2019-05-17T01:57:43+00:00\",\"dateModified\":\"2019-05-17T01:57:44+00:00\",\"breadcrumb\":{\"@id\":\"https:\\\/\\\/ayore.org\\\/ayo\\\/culture\\\/teachings\\\/comai-dupade-uruode-jogadode-cuse-to-ome-ore\\\/#breadcrumb\"},\"inLanguage\":\"ayo\",\"potentialAction\":[{\"@type\":\"ReadAction\",\"target\":[\"https:\\\/\\\/ayore.org\\\/ayo\\\/culture\\\/teachings\\\/comai-dupade-uruode-jogadode-cuse-to-ome-ore\\\/\"]}]},{\"@type\":\"BreadcrumbList\",\"@id\":\"https:\\\/\\\/ayore.org\\\/ayo\\\/culture\\\/teachings\\\/comai-dupade-uruode-jogadode-cuse-to-ome-ore\\\/#breadcrumb\",\"itemListElement\":[{\"@type\":\"ListItem\",\"position\":1,\"name\":\"Jogate bajai tu ude\u0301\",\"item\":\"https:\\\/\\\/ayore.org\\\/ayo\\\/\"},{\"@type\":\"ListItem\",\"position\":2,\"name\":\"Ayore\u0301ode adode, angurenone cucha ore\",\"item\":\"https:\\\/\\\/ayore.org\\\/ayo\\\/culture\\\/\"},{\"@type\":\"ListItem\",\"position\":3,\"name\":\"Ayore\u0301ode Acajnaque\u0301ode\",\"item\":\"https:\\\/\\\/ayore.org\\\/ayo\\\/culture\\\/teachings\\\/\"},{\"@type\":\"ListItem\",\"position\":4,\"name\":\"Comai \u2013 Dupade Uruode jogadode cuse to ome ore\"}]},{\"@type\":\"WebSite\",\"@id\":\"https:\\\/\\\/ayore.org\\\/#website\",\"url\":\"https:\\\/\\\/ayore.org\\\/\",\"name\":\"AYOR\u00c9.ORG\",\"description\":\"Ayore\u0301ode Uruode, Adode, Jnani bajade ati\u0301go ore \",\"potentialAction\":[{\"@type\":\"SearchAction\",\"target\":{\"@type\":\"EntryPoint\",\"urlTemplate\":\"https:\\\/\\\/ayore.org\\\/?s={search_term_string}\"},\"query-input\":{\"@type\":\"PropertyValueSpecification\",\"valueRequired\":true,\"valueName\":\"search_term_string\"}}],\"inLanguage\":\"ayo\"}]}<\/script>\n<!-- \/ Yoast SEO plugin. -->","yoast_head_json":{"title":"Comai \u2013 Dupade Uruode jogadode cuse to ome ore &#8226; AYOR\u00c9.ORG","robots":{"index":"index","follow":"follow","max-snippet":"max-snippet:-1","max-image-preview":"max-image-preview:large","max-video-preview":"max-video-preview:-1"},"canonical":"https:\/\/ayore.org\/ayo\/culture\/teachings\/comai-dupade-uruode-jogadode-cuse-to-ome-ore\/","og_locale":"en_US","og_type":"article","og_title":"Comai \u2013 Dupade Uruode jogadode cuse to ome ore &#8226; AYOR\u00c9.ORG","og_description":"Comai uru bajade:Yocacaranguipis iji dejai tud\u00e9 ome yoquij\u00f5rai Dabid\u00e9 (Ecarai) oj\u00f1ane uje t\u1e4draji yoquijorane Guidaigoso ore idai. Enga yacaranguipise uje iraj\u00e1go uje e Guidaigosode uacag\u00fasoji Dupade Uruode jogadode to. Jecucha icatec\u00e3coi ome uac ujetiga an\u00edri, ad\u00facho Dupade Uruode to ujetiga","og_url":"https:\/\/ayore.org\/ayo\/culture\/teachings\/comai-dupade-uruode-jogadode-cuse-to-ome-ore\/","og_site_name":"AYOR\u00c9.ORG","article_modified_time":"2019-05-17T01:57:44+00:00","twitter_card":"summary_large_image","twitter_misc":{"Est. reading time":"11 minutes"},"schema":{"@context":"https:\/\/schema.org","@graph":[{"@type":"WebPage","@id":"https:\/\/ayore.org\/ayo\/culture\/teachings\/comai-dupade-uruode-jogadode-cuse-to-ome-ore\/","url":"https:\/\/ayore.org\/ayo\/culture\/teachings\/comai-dupade-uruode-jogadode-cuse-to-ome-ore\/","name":"Comai \u2013 Dupade Uruode jogadode cuse to ome ore &#8226; AYOR\u00c9.ORG","isPartOf":{"@id":"https:\/\/ayore.org\/#website"},"datePublished":"2019-05-17T01:57:43+00:00","dateModified":"2019-05-17T01:57:44+00:00","breadcrumb":{"@id":"https:\/\/ayore.org\/ayo\/culture\/teachings\/comai-dupade-uruode-jogadode-cuse-to-ome-ore\/#breadcrumb"},"inLanguage":"ayo","potentialAction":[{"@type":"ReadAction","target":["https:\/\/ayore.org\/ayo\/culture\/teachings\/comai-dupade-uruode-jogadode-cuse-to-ome-ore\/"]}]},{"@type":"BreadcrumbList","@id":"https:\/\/ayore.org\/ayo\/culture\/teachings\/comai-dupade-uruode-jogadode-cuse-to-ome-ore\/#breadcrumb","itemListElement":[{"@type":"ListItem","position":1,"name":"Jogate bajai tu ude\u0301","item":"https:\/\/ayore.org\/ayo\/"},{"@type":"ListItem","position":2,"name":"Ayore\u0301ode adode, angurenone cucha ore","item":"https:\/\/ayore.org\/ayo\/culture\/"},{"@type":"ListItem","position":3,"name":"Ayore\u0301ode Acajnaque\u0301ode","item":"https:\/\/ayore.org\/ayo\/culture\/teachings\/"},{"@type":"ListItem","position":4,"name":"Comai \u2013 Dupade Uruode jogadode cuse to ome ore"}]},{"@type":"WebSite","@id":"https:\/\/ayore.org\/#website","url":"https:\/\/ayore.org\/","name":"AYOR\u00c9.ORG","description":"Ayore\u0301ode Uruode, Adode, Jnani bajade ati\u0301go ore ","potentialAction":[{"@type":"SearchAction","target":{"@type":"EntryPoint","urlTemplate":"https:\/\/ayore.org\/?s={search_term_string}"},"query-input":{"@type":"PropertyValueSpecification","valueRequired":true,"valueName":"search_term_string"}}],"inLanguage":"ayo"}]}},"_links":{"self":[{"href":"https:\/\/ayore.org\/ayo\/wp-json\/wp\/v2\/pages\/3806","targetHints":{"allow":["GET"]}}],"collection":[{"href":"https:\/\/ayore.org\/ayo\/wp-json\/wp\/v2\/pages"}],"about":[{"href":"https:\/\/ayore.org\/ayo\/wp-json\/wp\/v2\/types\/page"}],"author":[{"embeddable":true,"href":"https:\/\/ayore.org\/ayo\/wp-json\/wp\/v2\/users\/5"}],"replies":[{"embeddable":true,"href":"https:\/\/ayore.org\/ayo\/wp-json\/wp\/v2\/comments?post=3806"}],"version-history":[{"count":1,"href":"https:\/\/ayore.org\/ayo\/wp-json\/wp\/v2\/pages\/3806\/revisions"}],"predecessor-version":[{"id":3807,"href":"https:\/\/ayore.org\/ayo\/wp-json\/wp\/v2\/pages\/3806\/revisions\/3807"}],"up":[{"embeddable":true,"href":"https:\/\/ayore.org\/ayo\/wp-json\/wp\/v2\/pages\/719"}],"wp:attachment":[{"href":"https:\/\/ayore.org\/ayo\/wp-json\/wp\/v2\/media?parent=3806"}],"curies":[{"name":"wp","href":"https:\/\/api.w.org\/{rel}","templated":true}]}}