{"id":3756,"date":"2019-05-14T03:27:47","date_gmt":"2019-05-14T03:27:47","guid":{"rendered":"https:\/\/ayore.org\/?page_id=3756"},"modified":"2019-05-14T03:27:48","modified_gmt":"2019-05-14T03:27:48","slug":"jomone-yipota-jeta-araja-yipesudode","status":"publish","type":"page","link":"https:\/\/ayore.org\/ayo\/culture\/first-person-narratives\/jomone-yipota-jeta-araja-yipesudode\/","title":{"rendered":"J\u00f3mone \u2013 Yipota jeta araja yipesudode"},"content":{"rendered":"\n<p><strong><em>J\u00f3mone chatata dasijnaringu\u00e9one:<\/em><\/strong><em><\/em><\/p>\n\n\n\n<p><em>Yo soy J\u00f3mone <\/em>uje\nyacate ua iji an\u00edri Tobit\u00e9 taningane. <\/p>\n\n\n\n<p>Se\u00f1ora Marina, bajneque\nyuruode, uje yipota ujetiga araja yipesudode cucha gajnar\u00e9cho iji an\u00edri, yuniri\nud\u00e9. Iyajm\u00e1nguip\u00edse uje ujnusina an\u00edrone, yipesudode cucha gajn\u00e1recho. Ga\nyipota ujetiga yibo, mu ujnusina cuchade uje gajn\u00e1recho iji yuniri, ga yipota\nujetiga yibo. Mu Dupade Uruode u ujetiga yib\u00f3pise uje yacate ore ome Dupade\nuruode nanique enga y\u00e1taja ua to uje bajnerame udore ome yocuruode. <\/p>\n\n\n\n<p>Mu que yiraja cuch\u00e1rique gu, uje\nyipota jetiga yuj\u00e9 coj\u00f1otique. Jeoga yo yiba iji yacot\u00e9raque, mu gusu Dupade\nan\u00edri, pajei sereringai, uje d\u00e9ji enga ut\u00e9 u uje acadique ayor\u00e9ode uy\u00f3guiji\ner\u00e1mone jnese ujetiga yujnus\u00ednango ipesudode cucha ueracho ome yoque. Uje\niraj\u00e1go gu uje ut\u00e9 u uje imanique ayor\u00e9ode ore uy\u00f3gaja pajei sereringai.<em> (San\nJuan 14:27)<\/em><\/p>\n\n\n\n<p>Ga yipota ujetiga ang\u00e1ri yuruode\nunojo, Se\u00f1\u00f3ra Marina. Uje der\u00e9jnai u uje yicoi <em>arrepentido<\/em> ome an\u00edri, yoc\u00e1yipiedie. Enga yajn\u00e1ngo Jesucr\u00edsto uje\ngusu ut\u00e9 u gu ujeta ch\u0129ro yoquisijnaringu\u00e9one, uje chi doi <em>resucitado<\/em> ome dangures\u00f3rone ore ujetiga\nchisi ome pucuecaringu\u00e9 ich\u00e1rique ome dangures\u00f3rone. Gaidi u gu ujetiga ore chachai\niji gar\u00e3tique ujeta diapo r\u0129 iji jnumi ome yoque.<\/p>\n\n\n\n<p>Mu gusu udore uje que ore changureta\nga ore todo yui, uje ore todo yui ujetiga pujuya ore ome pioi, jeoga pujuyaqu\u00e9o\nu\u00f1a.&nbsp; Mu Dupade ujuyaquei tu uje t\u1e4draji\ngat\u00e9 jne. Que yiraj\u00e1go ujetiga yodi upo r\u0129, ujeta pioque. Mu yiraj\u00e1gopo r\u0129\nuje pioque a u jne, ej\u00f3rique, jeta cho daju\u00f1ame jnumi jogos\u00f3rone uyoque. <\/p>\n\n\n\n<p><em>J\u00f3mone \u2013 Tobit\u00e9, Bolivia \u2013 1970<\/em><br><em>Marina de Morarie chur\u00fas\u00e3re J\u00f3mone uruode<\/em><\/p>\n\n\n<div class=\"navigation\"><div class=\"alignleft\"><a href=\"https:\/\/ayore.org\/ayo\/culture\/first-person-narratives\/sama-rosade-chaca-yedodie-iji-yodi\/\"title=\"Sama \u2013 Rosad\u00e9 chaca yedodie iji yodi\"><img loading=\"lazy\" decoding=\"async\" src=\"https:\/\/ayore.org\/wp-content\/uploads\/2018\/10\/left-arrow.png\" width=\"50\" height=\"48\" alt=\"left arrow\"><\/a><\/div><div class=\"alignright\"><a href=\"https:\/\/ayore.org\/ayo\/culture\/first-person-narratives\/dapure-yetaque-dupade-nanique\/\"title=\"Dapure\u0301 -Yetaque Dupade nanique\"><img loading=\"lazy\" decoding=\"async\" src=\"https:\/\/ayore.org\/wp-content\/uploads\/2018\/10\/right-arrow.png\" width=\"50\" height=\"48\" alt=\"right arrow\"><\/a><\/div>\n","protected":false},"excerpt":{"rendered":"<p>J\u00f3mone chatata dasijnaringu\u00e9one: Yo soy J\u00f3mone uje yacate ua iji an\u00edri Tobit\u00e9 taningane. Se\u00f1ora Marina, bajneque yuruode, uje yipota ujetiga araja yipesudode cucha gajnar\u00e9cho iji an\u00edri, yuniri ud\u00e9. Iyajm\u00e1nguip\u00edse uje ujnusina an\u00edrone, yipesudode cucha gajn\u00e1recho. Ga yipota ujetiga yibo, mu<\/p>\n","protected":false},"author":5,"featured_media":0,"parent":705,"menu_order":0,"comment_status":"closed","ping_status":"closed","template":"","meta":{"footnotes":""},"class_list":["post-3756","page","type-page","status-publish","hentry"],"yoast_head":"<!-- This site is optimized with the Yoast SEO plugin v27.4 - https:\/\/yoast.com\/product\/yoast-seo-wordpress\/ -->\n<title>J\u00f3mone \u2013 Yipota jeta araja yipesudode &#8226; AYOR\u00c9.ORG<\/title>\n<meta name=\"robots\" content=\"index, follow, max-snippet:-1, max-image-preview:large, max-video-preview:-1\" \/>\n<link rel=\"canonical\" href=\"https:\/\/ayore.org\/ayo\/culture\/first-person-narratives\/jomone-yipota-jeta-araja-yipesudode\/\" \/>\n<meta property=\"og:locale\" content=\"en_US\" \/>\n<meta property=\"og:type\" content=\"article\" \/>\n<meta property=\"og:title\" content=\"J\u00f3mone \u2013 Yipota jeta araja yipesudode &#8226; AYOR\u00c9.ORG\" \/>\n<meta property=\"og:description\" content=\"J\u00f3mone chatata dasijnaringu\u00e9one: Yo soy J\u00f3mone uje yacate ua iji an\u00edri Tobit\u00e9 taningane. Se\u00f1ora Marina, bajneque yuruode, uje yipota ujetiga araja yipesudode cucha gajnar\u00e9cho iji an\u00edri, yuniri ud\u00e9. Iyajm\u00e1nguip\u00edse uje ujnusina an\u00edrone, yipesudode cucha gajn\u00e1recho. Ga yipota ujetiga yibo, mu\" \/>\n<meta property=\"og:url\" content=\"https:\/\/ayore.org\/ayo\/culture\/first-person-narratives\/jomone-yipota-jeta-araja-yipesudode\/\" \/>\n<meta property=\"og:site_name\" content=\"AYOR\u00c9.ORG\" \/>\n<meta property=\"article:modified_time\" content=\"2019-05-14T03:27:48+00:00\" \/>\n<meta name=\"twitter:card\" content=\"summary_large_image\" \/>\n<meta name=\"twitter:label1\" content=\"Est. reading time\" \/>\n\t<meta name=\"twitter:data1\" content=\"1 minute\" \/>\n<script type=\"application\/ld+json\" class=\"yoast-schema-graph\">{\"@context\":\"https:\\\/\\\/schema.org\",\"@graph\":[{\"@type\":\"WebPage\",\"@id\":\"https:\\\/\\\/ayore.org\\\/ayo\\\/culture\\\/first-person-narratives\\\/jomone-yipota-jeta-araja-yipesudode\\\/\",\"url\":\"https:\\\/\\\/ayore.org\\\/ayo\\\/culture\\\/first-person-narratives\\\/jomone-yipota-jeta-araja-yipesudode\\\/\",\"name\":\"J\u00f3mone \u2013 Yipota jeta araja yipesudode &#8226; AYOR\u00c9.ORG\",\"isPartOf\":{\"@id\":\"https:\\\/\\\/ayore.org\\\/#website\"},\"datePublished\":\"2019-05-14T03:27:47+00:00\",\"dateModified\":\"2019-05-14T03:27:48+00:00\",\"breadcrumb\":{\"@id\":\"https:\\\/\\\/ayore.org\\\/ayo\\\/culture\\\/first-person-narratives\\\/jomone-yipota-jeta-araja-yipesudode\\\/#breadcrumb\"},\"inLanguage\":\"ayo\",\"potentialAction\":[{\"@type\":\"ReadAction\",\"target\":[\"https:\\\/\\\/ayore.org\\\/ayo\\\/culture\\\/first-person-narratives\\\/jomone-yipota-jeta-araja-yipesudode\\\/\"]}]},{\"@type\":\"BreadcrumbList\",\"@id\":\"https:\\\/\\\/ayore.org\\\/ayo\\\/culture\\\/first-person-narratives\\\/jomone-yipota-jeta-araja-yipesudode\\\/#breadcrumb\",\"itemListElement\":[{\"@type\":\"ListItem\",\"position\":1,\"name\":\"Jogate bajai tu ude\u0301\",\"item\":\"https:\\\/\\\/ayore.org\\\/ayo\\\/\"},{\"@type\":\"ListItem\",\"position\":2,\"name\":\"Ayore\u0301ode adode, angurenone cucha ore\",\"item\":\"https:\\\/\\\/ayore.org\\\/ayo\\\/culture\\\/\"},{\"@type\":\"ListItem\",\"position\":3,\"name\":\"Ayore\u0301ode Gojn\u0303ane\",\"item\":\"https:\\\/\\\/ayore.org\\\/ayo\\\/culture\\\/first-person-narratives\\\/\"},{\"@type\":\"ListItem\",\"position\":4,\"name\":\"J\u00f3mone \u2013 Yipota jeta araja yipesudode\"}]},{\"@type\":\"WebSite\",\"@id\":\"https:\\\/\\\/ayore.org\\\/#website\",\"url\":\"https:\\\/\\\/ayore.org\\\/\",\"name\":\"AYOR\u00c9.ORG\",\"description\":\"Ayore\u0301ode Uruode, Adode, Jnani bajade ati\u0301go ore \",\"potentialAction\":[{\"@type\":\"SearchAction\",\"target\":{\"@type\":\"EntryPoint\",\"urlTemplate\":\"https:\\\/\\\/ayore.org\\\/?s={search_term_string}\"},\"query-input\":{\"@type\":\"PropertyValueSpecification\",\"valueRequired\":true,\"valueName\":\"search_term_string\"}}],\"inLanguage\":\"ayo\"}]}<\/script>\n<!-- \/ Yoast SEO plugin. -->","yoast_head_json":{"title":"J\u00f3mone \u2013 Yipota jeta araja yipesudode &#8226; AYOR\u00c9.ORG","robots":{"index":"index","follow":"follow","max-snippet":"max-snippet:-1","max-image-preview":"max-image-preview:large","max-video-preview":"max-video-preview:-1"},"canonical":"https:\/\/ayore.org\/ayo\/culture\/first-person-narratives\/jomone-yipota-jeta-araja-yipesudode\/","og_locale":"en_US","og_type":"article","og_title":"J\u00f3mone \u2013 Yipota jeta araja yipesudode &#8226; AYOR\u00c9.ORG","og_description":"J\u00f3mone chatata dasijnaringu\u00e9one: Yo soy J\u00f3mone uje yacate ua iji an\u00edri Tobit\u00e9 taningane. Se\u00f1ora Marina, bajneque yuruode, uje yipota ujetiga araja yipesudode cucha gajnar\u00e9cho iji an\u00edri, yuniri ud\u00e9. Iyajm\u00e1nguip\u00edse uje ujnusina an\u00edrone, yipesudode cucha gajn\u00e1recho. Ga yipota ujetiga yibo, mu","og_url":"https:\/\/ayore.org\/ayo\/culture\/first-person-narratives\/jomone-yipota-jeta-araja-yipesudode\/","og_site_name":"AYOR\u00c9.ORG","article_modified_time":"2019-05-14T03:27:48+00:00","twitter_card":"summary_large_image","twitter_misc":{"Est. reading time":"1 minute"},"schema":{"@context":"https:\/\/schema.org","@graph":[{"@type":"WebPage","@id":"https:\/\/ayore.org\/ayo\/culture\/first-person-narratives\/jomone-yipota-jeta-araja-yipesudode\/","url":"https:\/\/ayore.org\/ayo\/culture\/first-person-narratives\/jomone-yipota-jeta-araja-yipesudode\/","name":"J\u00f3mone \u2013 Yipota jeta araja yipesudode &#8226; AYOR\u00c9.ORG","isPartOf":{"@id":"https:\/\/ayore.org\/#website"},"datePublished":"2019-05-14T03:27:47+00:00","dateModified":"2019-05-14T03:27:48+00:00","breadcrumb":{"@id":"https:\/\/ayore.org\/ayo\/culture\/first-person-narratives\/jomone-yipota-jeta-araja-yipesudode\/#breadcrumb"},"inLanguage":"ayo","potentialAction":[{"@type":"ReadAction","target":["https:\/\/ayore.org\/ayo\/culture\/first-person-narratives\/jomone-yipota-jeta-araja-yipesudode\/"]}]},{"@type":"BreadcrumbList","@id":"https:\/\/ayore.org\/ayo\/culture\/first-person-narratives\/jomone-yipota-jeta-araja-yipesudode\/#breadcrumb","itemListElement":[{"@type":"ListItem","position":1,"name":"Jogate bajai tu ude\u0301","item":"https:\/\/ayore.org\/ayo\/"},{"@type":"ListItem","position":2,"name":"Ayore\u0301ode adode, angurenone cucha ore","item":"https:\/\/ayore.org\/ayo\/culture\/"},{"@type":"ListItem","position":3,"name":"Ayore\u0301ode Gojn\u0303ane","item":"https:\/\/ayore.org\/ayo\/culture\/first-person-narratives\/"},{"@type":"ListItem","position":4,"name":"J\u00f3mone \u2013 Yipota jeta araja yipesudode"}]},{"@type":"WebSite","@id":"https:\/\/ayore.org\/#website","url":"https:\/\/ayore.org\/","name":"AYOR\u00c9.ORG","description":"Ayore\u0301ode Uruode, Adode, Jnani bajade ati\u0301go ore ","potentialAction":[{"@type":"SearchAction","target":{"@type":"EntryPoint","urlTemplate":"https:\/\/ayore.org\/?s={search_term_string}"},"query-input":{"@type":"PropertyValueSpecification","valueRequired":true,"valueName":"search_term_string"}}],"inLanguage":"ayo"}]}},"_links":{"self":[{"href":"https:\/\/ayore.org\/ayo\/wp-json\/wp\/v2\/pages\/3756","targetHints":{"allow":["GET"]}}],"collection":[{"href":"https:\/\/ayore.org\/ayo\/wp-json\/wp\/v2\/pages"}],"about":[{"href":"https:\/\/ayore.org\/ayo\/wp-json\/wp\/v2\/types\/page"}],"author":[{"embeddable":true,"href":"https:\/\/ayore.org\/ayo\/wp-json\/wp\/v2\/users\/5"}],"replies":[{"embeddable":true,"href":"https:\/\/ayore.org\/ayo\/wp-json\/wp\/v2\/comments?post=3756"}],"version-history":[{"count":1,"href":"https:\/\/ayore.org\/ayo\/wp-json\/wp\/v2\/pages\/3756\/revisions"}],"predecessor-version":[{"id":3757,"href":"https:\/\/ayore.org\/ayo\/wp-json\/wp\/v2\/pages\/3756\/revisions\/3757"}],"up":[{"embeddable":true,"href":"https:\/\/ayore.org\/ayo\/wp-json\/wp\/v2\/pages\/705"}],"wp:attachment":[{"href":"https:\/\/ayore.org\/ayo\/wp-json\/wp\/v2\/media?parent=3756"}],"curies":[{"name":"wp","href":"https:\/\/api.w.org\/{rel}","templated":true}]}}