{"id":3753,"date":"2019-05-14T03:15:57","date_gmt":"2019-05-14T03:15:57","guid":{"rendered":"https:\/\/ayore.org\/?page_id=3753"},"modified":"2019-05-14T03:16:02","modified_gmt":"2019-05-14T03:16:02","slug":"gayujna-ejode-ga-yiraja-uje-cucha-omi-cuse","status":"publish","type":"page","link":"https:\/\/ayore.org\/ayo\/culture\/first-person-narratives\/gayujna-ejode-ga-yiraja-uje-cucha-omi-cuse\/","title":{"rendered":"Gayujna &#8211; Ejode ga yiraja uje cucha omi cuse"},"content":{"rendered":"\n<p><em>\u201cYaj\u00e9ode\nu ujetiga pimeser\u00e3cho yuruode udore uje t\u1e4draji yibijnani, j\u00e9 aja y\u00e1yipie\nquigode udore ore iji baquei, Pangar\u00e1dejn\u00e1. Ua u Y\u00e3reto cucaran\u00e9 j\u00e9 aja\nYirames\u00f5re.\u201d (Salmo 19:14)<\/em><\/p>\n\n\n\n<p><strong><em>Gayujna chatata dadode:<\/em><\/strong><br>Yipota jetiga yatata yadode. Gapape yu ica ga que yiraja cuch\u00e1rique go. Mu ejode ga yiraja. J\u00e9odeti ca cucha ueratique cuse nanique. Que yip\u00e9su cuchade. Qu\u00e9 ueracho cuchade ome \u00f1u jnese uje gapape yu. Mu ejode ga yiraja uje cucha omi cuse, cucha ueradi cuse. D\u00e9ji dirode, diri udojo uje y\u1ebdra yu ome Dupade iji. <\/p>\n\n\n\n<p>&nbsp;Ga que toque gotique jetiga yajn\u00e9s\u00e3ra\nyiquigade uje e y\u1ebdra yu. Que cucha bisideque go ujetiga yiy\u00e1guego iji ore\niquei. Que cucha bisideque go. Yiraja yu ga yiy\u00e1gue iji de. Uje yiraja yu.\nYiraja yajei ga yipota jeta yingo yuruode aja ore.&nbsp; Que cucha bisideque go, j\u00e9 ca yiy\u00e1guego ore\niquei jetiga yatatago yocadode. J\u00e9 areque jetiga yiraj\u00e1go y\u00f3guiji ga yatat\u00e1go\nqueyadode. Yiraja yu. <\/p>\n\n\n\n<p>Que yiraja cuch\u00e1rique ica ga\nsijnangue yu, sijnanguepise yu. Yipota jetiga j\u0129raque udute yajn\u00e9ode darade.\nMu ejode gajneri ga ise ga ca yud\u00fadapo dar\u00e1ringo r\u0129. Yiraja yu iji, yiraja yajei.\nIse ga ca y\u00e1tapo yu aja pu\u00e1gueraque r\u0129 gu uje edote cuch\u00e1bei ayoredie gu enga\nj\u00e9 ore chotigase Dupade. <\/p>\n\n\n\n<p>Ise ga ca y\u00e1tapo yu aja ore r\u0129.\nYiraja gu. Yiraja uje Dijaide chingome yu uje gajnarengue pu\u00e1guedie uje edote\ncuchabei ayoredie. D\u00e9ji uje u\u00f1anie chotigase Dupade. Uje yaj\u00e9ngome ore. Ore\nedotigade ome Dupade. <\/p>\n\n\n\n<p>Que yiraja cuch\u00e1rique bisideque\ngo. Yiraja gu Dijaide uje chingome yu. Dijaide chiraja Dupade ga chingo yoque\nDupade adode.<\/p>\n\n\n\n<p><strong>Ore chise Se\u00f1ora Marina ica.<\/strong> <br>Dijaide chingo Se\u00f1ora Marina uruode aja yu ga unere Marina uruode. Dupade chiraja yu ga chise yajei. Chiraja yu ga chimo yu. A ore ch\u00e1ta raja \u00f1ane ome yu dirome. E id\u00f3gosi jeta ore ch\u00e1ta raja u\u00f1ane ome yu uje ore chimo yu gu. Uje ore chiraja yejnarei. <\/p>\n\n\n\n<p>Yico Cochabamba ica. Yudute Timi\nuruode ome yangoninguinone. Uje yicag\u00f3ji daijnai uje yimatarane \u0169roso. Mu\n\u00edjnoque yibijnani ga que yingo Timi yuruode mu a Dijaide chingo. <\/p>\n\n\n\n<p>Timi chojninga: \u201cDijai y\u00e1, \u00bfga\nGayujna changureta Dupade to a? Uje Gayujna e chise daijnane jnese iji er\u00e1mi.\u201d<\/p>\n\n\n\n<p>Mu \u00edjnoque yibijnani ga que yimo\ngo. <\/p>\n\n\n\n<p><strong>Yiraja yu iji Dupade adode iji udore ejode. Yiraja yu. <\/strong><br>Ayor\u00e9rique que chimo yajei go; gusu uje ore chimo yiguid\u00e9 iji yibai. Ore chiraja yiguid\u00e9 enochai, mu que ore chimo yajei go. <\/p>\n\n\n\n<p>Yise yajei. Yiraja yu. Yiraja\nuje Dupade chimo yu ga ch\u00e1taja yu ome cuchade. Yutai ga ch\u00e1taja yu. Yirasique\nuje edugu\u00e9jnane ore chiraja yu iji er\u00e1mi. Chiese ore chiraja yajei gu. Ore chimo\nyu. Ore ch\u00e1taja yu. Yirasique r\u0129 uje Se\u00f1ora Marina chiraja yu r\u0129, ga pota yu.\nChiese chiraja yu r\u0129. Chiese chimo yajei.<\/p>\n\n\n\n<p><strong>Que\ndis\u00edrique d\u00e9ji er\u00e1mi r\u0129 jetiga dis\u00edrique e chiraja Dupade uruode.<\/strong> Mu Josu\u00e9 e pota Dupade uruode.\nPota jetiga chacate yoque iji conferenciadie. Que dis\u00edrique cho Josu\u00e9 go.\nYirasique dir\u00edca Se\u00f1ora Marina uruode uje chi ore catec\u00e3ri ome Josu\u00e9 uje disi\nmu chiraja cuchade. <\/p>\n\n\n\n<p>Don Pablo chiese chiraja yajei\nr\u0129. Mu ise ga ca ore chiraja yaj\u00e9ode go. Ise ga gusu Dupade jetiga chiraja\nyaj\u00e9o. Que toque gajneri ujetiga j\u00e9 yajn\u00e9s\u00e3ra yiquigade, que toguipise go. E\nyiya jetiga yip\u00e9su cucha gajnar\u00e9tic. Ise ga j\u00e9 ca yud\u00fadapo dar\u00e1rique r\u0129 iji\nde ejoi tud\u00e9. Que udute dar\u00e1rique go. D\u00e9ji pu\u00e1guedie gu uje ayoredie ore chatata\ncucha bisid\u00e9gode iji pu\u00e1guedie.<\/p>\n\n\n\n<p>Ipota jetiga e Dijaide chimate\nyigu\u00edjnai ga e gusu yu iji ta ga j\u00e9 ca yud\u00fadapo cuch\u00e1rique r\u0129. Edoite cuchabei\nayoredie gu ome Dupade anguretatodie uyoque.<\/p>\n\n\n\n<p><strong>Se\u00f1ora Marina uruode di dir\u00edca r\u0129<\/strong>. <br>Ga chi chojningame Dijaid\u00e9: \u201cJ\u00e9 ca ad\u00facho uje queyate uje yanguret\u00e1go Dupade ga pumajodat\u00e9 yoque uje yug\u00facoji dirode udojo. Chi Dupade Abi j\u00e9 ate nanique. Chojninga: \u2018Que yiraja yib\u00e1rique mu j\u00e9 ore chuj\u00e9 yu jne, ga a ore chajo yu aja curesei.\u2019 Chi chojninga, \u2018Tamur\u00e9 uje ayor\u00e9 uaque iji jnumone ud\u00e9 ga pumaj\u00f3dat\u00e9 uaque to r\u0129.\u2019\u201d<\/p>\n\n\n\n<p>Yirasique ut\u00e9 uje yatata\nyitestimonio ome Se\u00f1ora Marina ga ore chudute ga tamur\u00e9 uje ore chudute yuruode\ngajneri iji er\u00e1mi. Que cuch\u00e1rique cuse go jetiga cuch\u00e1rique qu\u00e9 d\u00e9ji er\u00e1mi uje\nchiese uerate, uje gusu Dupade uje uerate ome yoque.<\/p>\n\n\n\n<p>Yur\u00fao r\u0129 ome yujodie chequei\nuaque, ach\u1ebdcho uacangoninguinone g\u00e1yode uje que cucha gajnareque Dupade go. Mu\nque ore chise daj\u00e9ode gu. Yico yoque ga yico yocaj\u00e9ode.<\/p>\n\n\n\n<p><strong>Yirasique\nDijaide r\u0129 uje Dijaide chingo Dupade uruode aja yoque.<\/strong> Yudute ica r\u0129 uje ore\nchojninga: \u2018Ise ga tague ga a j\u00e9 ca chatata Dupade uruode ome.\u2019 Que tague yu\ngo. Yirasique uje Dijaide chingo yoque Dupade uruode. <\/p>\n\n\n\n<p>Ise ga j\u00e9 ca yajniapo aja\nyiquigade iji de ejoi r\u0129. Yise yu ga que yajni yiquigade go. Jetapure gajneri\niji dirode udojo gajneri uje y\u1ebdra yu ome Dupade iji. Jetapure r\u0129 gajneri uje\nyocujnomei iji er\u00e1mone d\u00e9ji diri ud\u00e9. D\u00e9ji uje u\u00f1anie uje ore poja Dupade\nuruode mu que yib\u00f3ja go.<\/p>\n\n\n\n<p>Yadode gajnar\u00e9ngome gar\u00f3si ica.\nOre p\u00e9su cuchade ica ga gapape yu, mu yipesudode que chise yajei go. Yiraja\nyajei ga je chise gu. Jetapure iji ejode ga yuruode e jno. Ise ga ca yududapo\ndar\u00e1rique ga que yudute go. Yise yu gu.<\/p>\n\n\n\n<p>A yuj\u00f3raque ayor\u00e9 narari j\u00f3roque\ngajneri: \u2018Gayujna todo uati ga que chajnai ur\u00farique go.\u2019<\/p>\n\n\n\n<p><strong>Que yitod\u00f3tique cuse go.<\/strong> <br>Yitod\u00f3di u Dupade ujuyaquei cuch\u00e1bi mu que toque go jetiga j\u00e9 yise.&nbsp; Ga que yise yiquigade ga que y\u00e1ta yu aja pu\u00e1gueraque go gajneri. Satanas ipesutique pu\u00e1guerac. Jiei iji er\u00e1mi uje ayoredie ore chotigase. Yaj\u00e9ngome ore uruode.<\/p>\n\n\n\n<p>Yiraj\u00e1go Dupade gu. Yaj\u00e9ngome.\nYiraja yu iji Dupade uruode ga j\u00e9 yatata yadode, yate bajade. Que cucha\nbisideque go. Que cuch\u00e1rique, que cuse iji er\u00e1mi jogon\u00f3nique cuch\u00e1rique uje\nuerate, gusu Dupade uje uerate. Gusu ut\u00e9 uje ch\u00e1taja y\u00f3guiji er\u00e1mi.<\/p>\n\n\n\n<p>Dupade \u00e1tajapie yu ga jiei uje\ndaijnane ore ch\u00e1taja yu. Dupade ch\u00e1ta raja daijnane ome yu uje id\u00f3gosi jeta ore\nch\u00e1ta raja u\u00f1ane ome yu.<\/p>\n\n\n\n<p>Que ayor\u00e9raque chimo yu, mu e\nut\u00e9 u uje chimo yu. Id\u00f3gosi uje ore ch\u00e1ta raja u\u00f1ane ome yu, ore chiraja yu gu.\nChiraja yajei.<\/p>\n\n\n\n<p><strong>Yudute ica Se\u00f1ora Marina uruode uje ore chingo yu.<\/strong> <br>Chi chojninga: \u2018Ga yudute Gayujna ica uje chatata datestim\u00f3nio ica ga chijnime yeducadode.\u2019 Mu yiraja chiese chiraja yajei. Que yim\u00f3ngo jetiga chiraja yajei. Yirasique uje anire, yangureta Dupade ga ch\u00e1taja yu ga yise er\u00e1mi.<\/p>\n\n\n\n<p>A yisapo Rinc\u00f3n dirome r\u0129 jeta\ne Dijaide doi enga chic\u00e1ji ome congreso.&nbsp;\nA yicopo Se\u00f1ora Marina dirome r\u0129. Yirasique uje ore chudute yuruode. Que\ntoque go jetiga j\u00e9 yajn\u00e9s\u00e3ra yiquigade. Que toque go jetiga yudute ayor\u00e9raque\nur\u00farique ga que toguipise gu.<\/p>\n\n\n\n<p>Sijnangue yu ica ga j\u0129raque\nyudute yujodie chequei uruode. J\u0129raque chac\u00e1ja yatoi ga unere jetiga yipojna\nore. Mu ejode udojo ga yudute uje jiei yududigode, mu j\u00e9 j\u0129raque yicad\u00edgui.<\/p>\n\n\n\n<p><em>\u201cCa uacar\u00farique gajnareque aja uacoj\u00f3rique ayor\u00e9. Mu\nueradi u ujetiga uacar\u00farigo om\u00edo ome \u00f1ane. Ga ajner\u00e1\u00f1ome uacajorane, ga ore\nqu\u00e9r\u00e3 iji Dupade adode. Ga a Dupade ch\u00e1taja ore ome boj\u00f1ane.\u201d (Efesio 4:29)<\/em><\/p>\n\n\n\n<p><em>Gayujna \u2013 Tobit\u00e9, Bolivia \u2013 1975<\/em><br><em>Marina de Morarie chur\u00fas\u00e3re uruode enga ch\u00e1ta vers\u00edculode aja to<\/em><\/p>\n\n\n<div class=\"navigation\"><div class=\"alignleft\"><a href=\"https:\/\/ayore.org\/ayo\/culture\/first-person-narratives\/lidiade-angoninguite-guesatigo\/\"title=\"L\u00eddiad\u00e9 \u2013 Angoninguite guesa\u0301tigo\"><img loading=\"lazy\" decoding=\"async\" src=\"https:\/\/ayore.org\/wp-content\/uploads\/2018\/10\/left-arrow.png\" width=\"50\" height=\"48\" alt=\"left arrow\"><\/a><\/div><div class=\"alignright\"><a href=\"https:\/\/ayore.org\/ayo\/culture\/first-person-narratives\/dajunangue-yirasique-yujodie-chequei-ojn%cc%83ane\/\"title=\"Daju\u00f1angue &#8211; Yirasique yujodie chequei ojn\u0303ane\"><img loading=\"lazy\" decoding=\"async\" src=\"https:\/\/ayore.org\/wp-content\/uploads\/2018\/10\/right-arrow.png\" width=\"50\" height=\"48\" alt=\"right arrow\"><\/a><\/div>\n","protected":false},"excerpt":{"rendered":"<p>\u201cYaj\u00e9ode u ujetiga pimeser\u00e3cho yuruode udore uje t\u1e4draji yibijnani, j\u00e9 aja y\u00e1yipie quigode udore ore iji baquei, Pangar\u00e1dejn\u00e1. Ua u Y\u00e3reto cucaran\u00e9 j\u00e9 aja Yirames\u00f5re.\u201d (Salmo 19:14) Gayujna chatata dadode:Yipota jetiga yatata yadode. Gapape yu ica ga que yiraja cuch\u00e1rique<\/p>\n","protected":false},"author":5,"featured_media":0,"parent":705,"menu_order":0,"comment_status":"closed","ping_status":"closed","template":"","meta":{"footnotes":""},"class_list":["post-3753","page","type-page","status-publish","hentry"],"yoast_head":"<!-- This site is optimized with the Yoast SEO plugin v27.4 - https:\/\/yoast.com\/product\/yoast-seo-wordpress\/ -->\n<title>Gayujna - Ejode ga yiraja uje cucha omi cuse &#8226; AYOR\u00c9.ORG<\/title>\n<meta name=\"robots\" content=\"index, follow, max-snippet:-1, max-image-preview:large, max-video-preview:-1\" \/>\n<link rel=\"canonical\" href=\"https:\/\/ayore.org\/ayo\/culture\/first-person-narratives\/gayujna-ejode-ga-yiraja-uje-cucha-omi-cuse\/\" \/>\n<meta property=\"og:locale\" content=\"en_US\" \/>\n<meta property=\"og:type\" content=\"article\" \/>\n<meta property=\"og:title\" content=\"Gayujna - Ejode ga yiraja uje cucha omi cuse &#8226; AYOR\u00c9.ORG\" \/>\n<meta property=\"og:description\" content=\"\u201cYaj\u00e9ode u ujetiga pimeser\u00e3cho yuruode udore uje t\u1e4draji yibijnani, j\u00e9 aja y\u00e1yipie quigode udore ore iji baquei, Pangar\u00e1dejn\u00e1. Ua u Y\u00e3reto cucaran\u00e9 j\u00e9 aja Yirames\u00f5re.\u201d (Salmo 19:14) Gayujna chatata dadode:Yipota jetiga yatata yadode. Gapape yu ica ga que yiraja cuch\u00e1rique\" \/>\n<meta property=\"og:url\" content=\"https:\/\/ayore.org\/ayo\/culture\/first-person-narratives\/gayujna-ejode-ga-yiraja-uje-cucha-omi-cuse\/\" \/>\n<meta property=\"og:site_name\" content=\"AYOR\u00c9.ORG\" \/>\n<meta property=\"article:modified_time\" content=\"2019-05-14T03:16:02+00:00\" \/>\n<meta name=\"twitter:card\" content=\"summary_large_image\" \/>\n<meta name=\"twitter:label1\" content=\"Est. reading time\" \/>\n\t<meta name=\"twitter:data1\" content=\"7 minutes\" \/>\n<script type=\"application\/ld+json\" class=\"yoast-schema-graph\">{\"@context\":\"https:\\\/\\\/schema.org\",\"@graph\":[{\"@type\":\"WebPage\",\"@id\":\"https:\\\/\\\/ayore.org\\\/ayo\\\/culture\\\/first-person-narratives\\\/gayujna-ejode-ga-yiraja-uje-cucha-omi-cuse\\\/\",\"url\":\"https:\\\/\\\/ayore.org\\\/ayo\\\/culture\\\/first-person-narratives\\\/gayujna-ejode-ga-yiraja-uje-cucha-omi-cuse\\\/\",\"name\":\"Gayujna - Ejode ga yiraja uje cucha omi cuse &#8226; AYOR\u00c9.ORG\",\"isPartOf\":{\"@id\":\"https:\\\/\\\/ayore.org\\\/#website\"},\"datePublished\":\"2019-05-14T03:15:57+00:00\",\"dateModified\":\"2019-05-14T03:16:02+00:00\",\"breadcrumb\":{\"@id\":\"https:\\\/\\\/ayore.org\\\/ayo\\\/culture\\\/first-person-narratives\\\/gayujna-ejode-ga-yiraja-uje-cucha-omi-cuse\\\/#breadcrumb\"},\"inLanguage\":\"ayo\",\"potentialAction\":[{\"@type\":\"ReadAction\",\"target\":[\"https:\\\/\\\/ayore.org\\\/ayo\\\/culture\\\/first-person-narratives\\\/gayujna-ejode-ga-yiraja-uje-cucha-omi-cuse\\\/\"]}]},{\"@type\":\"BreadcrumbList\",\"@id\":\"https:\\\/\\\/ayore.org\\\/ayo\\\/culture\\\/first-person-narratives\\\/gayujna-ejode-ga-yiraja-uje-cucha-omi-cuse\\\/#breadcrumb\",\"itemListElement\":[{\"@type\":\"ListItem\",\"position\":1,\"name\":\"Jogate bajai tu ude\u0301\",\"item\":\"https:\\\/\\\/ayore.org\\\/ayo\\\/\"},{\"@type\":\"ListItem\",\"position\":2,\"name\":\"Ayore\u0301ode adode, angurenone cucha ore\",\"item\":\"https:\\\/\\\/ayore.org\\\/ayo\\\/culture\\\/\"},{\"@type\":\"ListItem\",\"position\":3,\"name\":\"Ayore\u0301ode Gojn\u0303ane\",\"item\":\"https:\\\/\\\/ayore.org\\\/ayo\\\/culture\\\/first-person-narratives\\\/\"},{\"@type\":\"ListItem\",\"position\":4,\"name\":\"Gayujna &#8211; Ejode ga yiraja uje cucha omi cuse\"}]},{\"@type\":\"WebSite\",\"@id\":\"https:\\\/\\\/ayore.org\\\/#website\",\"url\":\"https:\\\/\\\/ayore.org\\\/\",\"name\":\"AYOR\u00c9.ORG\",\"description\":\"Ayore\u0301ode Uruode, Adode, Jnani bajade ati\u0301go ore \",\"potentialAction\":[{\"@type\":\"SearchAction\",\"target\":{\"@type\":\"EntryPoint\",\"urlTemplate\":\"https:\\\/\\\/ayore.org\\\/?s={search_term_string}\"},\"query-input\":{\"@type\":\"PropertyValueSpecification\",\"valueRequired\":true,\"valueName\":\"search_term_string\"}}],\"inLanguage\":\"ayo\"}]}<\/script>\n<!-- \/ Yoast SEO plugin. -->","yoast_head_json":{"title":"Gayujna - Ejode ga yiraja uje cucha omi cuse &#8226; AYOR\u00c9.ORG","robots":{"index":"index","follow":"follow","max-snippet":"max-snippet:-1","max-image-preview":"max-image-preview:large","max-video-preview":"max-video-preview:-1"},"canonical":"https:\/\/ayore.org\/ayo\/culture\/first-person-narratives\/gayujna-ejode-ga-yiraja-uje-cucha-omi-cuse\/","og_locale":"en_US","og_type":"article","og_title":"Gayujna - Ejode ga yiraja uje cucha omi cuse &#8226; AYOR\u00c9.ORG","og_description":"\u201cYaj\u00e9ode u ujetiga pimeser\u00e3cho yuruode udore uje t\u1e4draji yibijnani, j\u00e9 aja y\u00e1yipie quigode udore ore iji baquei, Pangar\u00e1dejn\u00e1. Ua u Y\u00e3reto cucaran\u00e9 j\u00e9 aja Yirames\u00f5re.\u201d (Salmo 19:14) Gayujna chatata dadode:Yipota jetiga yatata yadode. Gapape yu ica ga que yiraja cuch\u00e1rique","og_url":"https:\/\/ayore.org\/ayo\/culture\/first-person-narratives\/gayujna-ejode-ga-yiraja-uje-cucha-omi-cuse\/","og_site_name":"AYOR\u00c9.ORG","article_modified_time":"2019-05-14T03:16:02+00:00","twitter_card":"summary_large_image","twitter_misc":{"Est. reading time":"7 minutes"},"schema":{"@context":"https:\/\/schema.org","@graph":[{"@type":"WebPage","@id":"https:\/\/ayore.org\/ayo\/culture\/first-person-narratives\/gayujna-ejode-ga-yiraja-uje-cucha-omi-cuse\/","url":"https:\/\/ayore.org\/ayo\/culture\/first-person-narratives\/gayujna-ejode-ga-yiraja-uje-cucha-omi-cuse\/","name":"Gayujna - Ejode ga yiraja uje cucha omi cuse &#8226; AYOR\u00c9.ORG","isPartOf":{"@id":"https:\/\/ayore.org\/#website"},"datePublished":"2019-05-14T03:15:57+00:00","dateModified":"2019-05-14T03:16:02+00:00","breadcrumb":{"@id":"https:\/\/ayore.org\/ayo\/culture\/first-person-narratives\/gayujna-ejode-ga-yiraja-uje-cucha-omi-cuse\/#breadcrumb"},"inLanguage":"ayo","potentialAction":[{"@type":"ReadAction","target":["https:\/\/ayore.org\/ayo\/culture\/first-person-narratives\/gayujna-ejode-ga-yiraja-uje-cucha-omi-cuse\/"]}]},{"@type":"BreadcrumbList","@id":"https:\/\/ayore.org\/ayo\/culture\/first-person-narratives\/gayujna-ejode-ga-yiraja-uje-cucha-omi-cuse\/#breadcrumb","itemListElement":[{"@type":"ListItem","position":1,"name":"Jogate bajai tu ude\u0301","item":"https:\/\/ayore.org\/ayo\/"},{"@type":"ListItem","position":2,"name":"Ayore\u0301ode adode, angurenone cucha ore","item":"https:\/\/ayore.org\/ayo\/culture\/"},{"@type":"ListItem","position":3,"name":"Ayore\u0301ode Gojn\u0303ane","item":"https:\/\/ayore.org\/ayo\/culture\/first-person-narratives\/"},{"@type":"ListItem","position":4,"name":"Gayujna &#8211; Ejode ga yiraja uje cucha omi cuse"}]},{"@type":"WebSite","@id":"https:\/\/ayore.org\/#website","url":"https:\/\/ayore.org\/","name":"AYOR\u00c9.ORG","description":"Ayore\u0301ode Uruode, Adode, Jnani bajade ati\u0301go ore ","potentialAction":[{"@type":"SearchAction","target":{"@type":"EntryPoint","urlTemplate":"https:\/\/ayore.org\/?s={search_term_string}"},"query-input":{"@type":"PropertyValueSpecification","valueRequired":true,"valueName":"search_term_string"}}],"inLanguage":"ayo"}]}},"_links":{"self":[{"href":"https:\/\/ayore.org\/ayo\/wp-json\/wp\/v2\/pages\/3753","targetHints":{"allow":["GET"]}}],"collection":[{"href":"https:\/\/ayore.org\/ayo\/wp-json\/wp\/v2\/pages"}],"about":[{"href":"https:\/\/ayore.org\/ayo\/wp-json\/wp\/v2\/types\/page"}],"author":[{"embeddable":true,"href":"https:\/\/ayore.org\/ayo\/wp-json\/wp\/v2\/users\/5"}],"replies":[{"embeddable":true,"href":"https:\/\/ayore.org\/ayo\/wp-json\/wp\/v2\/comments?post=3753"}],"version-history":[{"count":2,"href":"https:\/\/ayore.org\/ayo\/wp-json\/wp\/v2\/pages\/3753\/revisions"}],"predecessor-version":[{"id":3755,"href":"https:\/\/ayore.org\/ayo\/wp-json\/wp\/v2\/pages\/3753\/revisions\/3755"}],"up":[{"embeddable":true,"href":"https:\/\/ayore.org\/ayo\/wp-json\/wp\/v2\/pages\/705"}],"wp:attachment":[{"href":"https:\/\/ayore.org\/ayo\/wp-json\/wp\/v2\/media?parent=3753"}],"curies":[{"name":"wp","href":"https:\/\/api.w.org\/{rel}","templated":true}]}}