{"id":3737,"date":"2019-05-11T00:21:19","date_gmt":"2019-05-11T00:21:19","guid":{"rendered":"https:\/\/ayore.org\/?page_id=3737"},"modified":"2019-05-11T00:21:20","modified_gmt":"2019-05-11T00:21:20","slug":"lidiade-angoninguite-guesatigo","status":"publish","type":"page","link":"https:\/\/ayore.org\/ayo\/culture\/first-person-narratives\/lidiade-angoninguite-guesatigo\/","title":{"rendered":"L\u00eddiad\u00e9 \u2013 Angoninguite guesa\u0301tigo"},"content":{"rendered":"\n<p><strong><em>E yingo\nDupade Uruode aja uaque to:<\/em><\/strong><\/p>\n\n\n\n<p>Jecucha don\nJuan Krunklis chingo Dupade Uruode aja yoque iji dirode jnese. Chacate yoque\nenga e yiraja Dupade uruode to. Chi jeta angoninguite gues\u00e1tique ore tenga, ore\ntang\u00e1ri to Dupade Uruode. Uje que araja yu mu e que yip\u00e9su yate gajnar\u00e9tique\ngotique to. Uje yanguretapise Oron\u00e9, Yiguijnam\u00fain\u00e9, Juan ore acajnaqu\u00e9ode ome\nyu, ga j\u00e9 que yip\u00e9su yate gajnar\u00e9tique to.<\/p>\n\n\n\n<p><strong><em>J\u00e9 ti\u00f3gara\njeta yicatec\u00e3\u0301ri Dupade ome yabi sut\u00e9:<\/em><\/strong> <\/p>\n\n\n\n<p>Yacaranguipise\nuje Dupade p\u00e9su yabi ga iyoqui, ga j\u00e9 ti\u00f3gara jeta yicatec\u00e3\u0301ri Dupade iji\nder\u00e9jnane udojo ome sut\u00e9. <\/p>\n\n\n\n<p>Enga\nyicatec\u00e3\u0301ri Dupade ome uaque to, yurasade uaque \u00e1. Yutai Dupade ujetiga uaque\nu\u00f1eque changureta to enga angoningues\u00e3\u0301tigo d\u00e9ji uaque. <\/p>\n\n\n\n<p><strong><em>Que toc jeta\nca y\u00e1yipie chejna raja Dupade:<\/em><\/strong><\/p>\n\n\n\n<p>Uje yicai\nmonte dir\u00edca mu Dupade que jnoji yaj\u00e9nique gotique dir\u00edca, ga yatec\u00e3\u0301ri iji dirode\njnese. Yacaranguipise uje gu\u00e9ode beque ga chuta cucha pacade, ga a yajo ade\njne. Jecucha ga Dupade ur\u00fao jetiga yatec\u00e3\u0301ri iji dirode jnese. <\/p>\n\n\n\n<p>Jecucha ga\nejnaretaque yu mu yatec\u00e3\u0301ri Dupade ome yu, yur\u00e1sade ore uyoque jnese. E\nyirasiguipise Dupade Uruode. <\/p>\n\n\n\n<p>Disidie\nuaque, disiode uaque, ang\u00e1chop\u00edsi yuruode to. Uacam\u00f3\u00f1o yu uje que yiraja\ncuch\u00e1rique, mu e yangureta Dupade ga Dupade chiraja uje yangureta abi Jesus.<\/p>\n\n\n\n<p>&nbsp;&nbsp;&nbsp;&nbsp;&nbsp;&nbsp;&nbsp;&nbsp;&nbsp; Yacaranguipise\nuje yang\u00e1coi don Juan acaditigade iji der\u00e9jnane jnese. E gusu yuruode.<\/p>\n\n\n\n<p><em>L\u00eddiad\u00e9 \u2013 Rinc\u00f3n de Tigre, Bolivia \u2013 1970<\/em><br><em>Juan Kruklis chur\u00fas\u00e3re L\u00eddiad\u00e9 uruode udojo ome Pujnom\u00e9one<\/em><\/p>\n\n\n<div class=\"navigation\"><div class=\"alignleft\"><a href=\"https:\/\/ayore.org\/ayo\/culture\/first-person-narratives\/dapure-yetaque-dupade-nanique\/\"title=\"Dapure\u0301 -Yetaque Dupade nanique\"><img loading=\"lazy\" decoding=\"async\" src=\"https:\/\/ayore.org\/wp-content\/uploads\/2018\/10\/left-arrow.png\" width=\"50\" height=\"48\" alt=\"left arrow\"><\/a><\/div><div class=\"alignright\"><a href=\"https:\/\/ayore.org\/ayo\/culture\/first-person-narratives\/gayujna-ejode-ga-yiraja-uje-cucha-omi-cuse\/\"title=\"Gayujna &#8211; Ejode ga yiraja uje cucha omi cuse\"><img loading=\"lazy\" decoding=\"async\" src=\"https:\/\/ayore.org\/wp-content\/uploads\/2018\/10\/right-arrow.png\" width=\"50\" height=\"48\" alt=\"right arrow\"><\/a><\/div>\n","protected":false},"excerpt":{"rendered":"<p>E yingo Dupade Uruode aja uaque to: Jecucha don Juan Krunklis chingo Dupade Uruode aja yoque iji dirode jnese. Chacate yoque enga e yiraja Dupade uruode to. Chi jeta angoninguite gues\u00e1tique ore tenga, ore tang\u00e1ri to Dupade Uruode. Uje que<\/p>\n","protected":false},"author":5,"featured_media":0,"parent":705,"menu_order":0,"comment_status":"closed","ping_status":"closed","template":"","meta":{"footnotes":""},"class_list":["post-3737","page","type-page","status-publish","hentry"],"yoast_head":"<!-- This site is optimized with the Yoast SEO plugin v27.4 - https:\/\/yoast.com\/product\/yoast-seo-wordpress\/ -->\n<title>L\u00eddiad\u00e9 \u2013 Angoninguite guesa\u0301tigo &#8226; AYOR\u00c9.ORG<\/title>\n<meta name=\"robots\" content=\"index, follow, max-snippet:-1, max-image-preview:large, max-video-preview:-1\" \/>\n<link rel=\"canonical\" href=\"https:\/\/ayore.org\/ayo\/culture\/first-person-narratives\/lidiade-angoninguite-guesatigo\/\" \/>\n<meta property=\"og:locale\" content=\"en_US\" \/>\n<meta property=\"og:type\" content=\"article\" \/>\n<meta property=\"og:title\" content=\"L\u00eddiad\u00e9 \u2013 Angoninguite guesa\u0301tigo &#8226; AYOR\u00c9.ORG\" \/>\n<meta property=\"og:description\" content=\"E yingo Dupade Uruode aja uaque to: Jecucha don Juan Krunklis chingo Dupade Uruode aja yoque iji dirode jnese. Chacate yoque enga e yiraja Dupade uruode to. Chi jeta angoninguite gues\u00e1tique ore tenga, ore tang\u00e1ri to Dupade Uruode. Uje que\" \/>\n<meta property=\"og:url\" content=\"https:\/\/ayore.org\/ayo\/culture\/first-person-narratives\/lidiade-angoninguite-guesatigo\/\" \/>\n<meta property=\"og:site_name\" content=\"AYOR\u00c9.ORG\" \/>\n<meta property=\"article:modified_time\" content=\"2019-05-11T00:21:20+00:00\" \/>\n<meta name=\"twitter:card\" content=\"summary_large_image\" \/>\n<meta name=\"twitter:label1\" content=\"Est. reading time\" \/>\n\t<meta name=\"twitter:data1\" content=\"1 minute\" \/>\n<script type=\"application\/ld+json\" class=\"yoast-schema-graph\">{\"@context\":\"https:\\\/\\\/schema.org\",\"@graph\":[{\"@type\":\"WebPage\",\"@id\":\"https:\\\/\\\/ayore.org\\\/ayo\\\/culture\\\/first-person-narratives\\\/lidiade-angoninguite-guesatigo\\\/\",\"url\":\"https:\\\/\\\/ayore.org\\\/ayo\\\/culture\\\/first-person-narratives\\\/lidiade-angoninguite-guesatigo\\\/\",\"name\":\"L\u00eddiad\u00e9 \u2013 Angoninguite guesa\u0301tigo &#8226; AYOR\u00c9.ORG\",\"isPartOf\":{\"@id\":\"https:\\\/\\\/ayore.org\\\/#website\"},\"datePublished\":\"2019-05-11T00:21:19+00:00\",\"dateModified\":\"2019-05-11T00:21:20+00:00\",\"breadcrumb\":{\"@id\":\"https:\\\/\\\/ayore.org\\\/ayo\\\/culture\\\/first-person-narratives\\\/lidiade-angoninguite-guesatigo\\\/#breadcrumb\"},\"inLanguage\":\"ayo\",\"potentialAction\":[{\"@type\":\"ReadAction\",\"target\":[\"https:\\\/\\\/ayore.org\\\/ayo\\\/culture\\\/first-person-narratives\\\/lidiade-angoninguite-guesatigo\\\/\"]}]},{\"@type\":\"BreadcrumbList\",\"@id\":\"https:\\\/\\\/ayore.org\\\/ayo\\\/culture\\\/first-person-narratives\\\/lidiade-angoninguite-guesatigo\\\/#breadcrumb\",\"itemListElement\":[{\"@type\":\"ListItem\",\"position\":1,\"name\":\"Jogate bajai tu ude\u0301\",\"item\":\"https:\\\/\\\/ayore.org\\\/ayo\\\/\"},{\"@type\":\"ListItem\",\"position\":2,\"name\":\"Ayore\u0301ode adode, angurenone cucha ore\",\"item\":\"https:\\\/\\\/ayore.org\\\/ayo\\\/culture\\\/\"},{\"@type\":\"ListItem\",\"position\":3,\"name\":\"Ayore\u0301ode Gojn\u0303ane\",\"item\":\"https:\\\/\\\/ayore.org\\\/ayo\\\/culture\\\/first-person-narratives\\\/\"},{\"@type\":\"ListItem\",\"position\":4,\"name\":\"L\u00eddiad\u00e9 \u2013 Angoninguite guesa\u0301tigo\"}]},{\"@type\":\"WebSite\",\"@id\":\"https:\\\/\\\/ayore.org\\\/#website\",\"url\":\"https:\\\/\\\/ayore.org\\\/\",\"name\":\"AYOR\u00c9.ORG\",\"description\":\"Ayore\u0301ode Uruode, Adode, Jnani bajade ati\u0301go ore \",\"potentialAction\":[{\"@type\":\"SearchAction\",\"target\":{\"@type\":\"EntryPoint\",\"urlTemplate\":\"https:\\\/\\\/ayore.org\\\/?s={search_term_string}\"},\"query-input\":{\"@type\":\"PropertyValueSpecification\",\"valueRequired\":true,\"valueName\":\"search_term_string\"}}],\"inLanguage\":\"ayo\"}]}<\/script>\n<!-- \/ Yoast SEO plugin. -->","yoast_head_json":{"title":"L\u00eddiad\u00e9 \u2013 Angoninguite guesa\u0301tigo &#8226; AYOR\u00c9.ORG","robots":{"index":"index","follow":"follow","max-snippet":"max-snippet:-1","max-image-preview":"max-image-preview:large","max-video-preview":"max-video-preview:-1"},"canonical":"https:\/\/ayore.org\/ayo\/culture\/first-person-narratives\/lidiade-angoninguite-guesatigo\/","og_locale":"en_US","og_type":"article","og_title":"L\u00eddiad\u00e9 \u2013 Angoninguite guesa\u0301tigo &#8226; AYOR\u00c9.ORG","og_description":"E yingo Dupade Uruode aja uaque to: Jecucha don Juan Krunklis chingo Dupade Uruode aja yoque iji dirode jnese. Chacate yoque enga e yiraja Dupade uruode to. Chi jeta angoninguite gues\u00e1tique ore tenga, ore tang\u00e1ri to Dupade Uruode. Uje que","og_url":"https:\/\/ayore.org\/ayo\/culture\/first-person-narratives\/lidiade-angoninguite-guesatigo\/","og_site_name":"AYOR\u00c9.ORG","article_modified_time":"2019-05-11T00:21:20+00:00","twitter_card":"summary_large_image","twitter_misc":{"Est. reading time":"1 minute"},"schema":{"@context":"https:\/\/schema.org","@graph":[{"@type":"WebPage","@id":"https:\/\/ayore.org\/ayo\/culture\/first-person-narratives\/lidiade-angoninguite-guesatigo\/","url":"https:\/\/ayore.org\/ayo\/culture\/first-person-narratives\/lidiade-angoninguite-guesatigo\/","name":"L\u00eddiad\u00e9 \u2013 Angoninguite guesa\u0301tigo &#8226; AYOR\u00c9.ORG","isPartOf":{"@id":"https:\/\/ayore.org\/#website"},"datePublished":"2019-05-11T00:21:19+00:00","dateModified":"2019-05-11T00:21:20+00:00","breadcrumb":{"@id":"https:\/\/ayore.org\/ayo\/culture\/first-person-narratives\/lidiade-angoninguite-guesatigo\/#breadcrumb"},"inLanguage":"ayo","potentialAction":[{"@type":"ReadAction","target":["https:\/\/ayore.org\/ayo\/culture\/first-person-narratives\/lidiade-angoninguite-guesatigo\/"]}]},{"@type":"BreadcrumbList","@id":"https:\/\/ayore.org\/ayo\/culture\/first-person-narratives\/lidiade-angoninguite-guesatigo\/#breadcrumb","itemListElement":[{"@type":"ListItem","position":1,"name":"Jogate bajai tu ude\u0301","item":"https:\/\/ayore.org\/ayo\/"},{"@type":"ListItem","position":2,"name":"Ayore\u0301ode adode, angurenone cucha ore","item":"https:\/\/ayore.org\/ayo\/culture\/"},{"@type":"ListItem","position":3,"name":"Ayore\u0301ode Gojn\u0303ane","item":"https:\/\/ayore.org\/ayo\/culture\/first-person-narratives\/"},{"@type":"ListItem","position":4,"name":"L\u00eddiad\u00e9 \u2013 Angoninguite guesa\u0301tigo"}]},{"@type":"WebSite","@id":"https:\/\/ayore.org\/#website","url":"https:\/\/ayore.org\/","name":"AYOR\u00c9.ORG","description":"Ayore\u0301ode Uruode, Adode, Jnani bajade ati\u0301go ore ","potentialAction":[{"@type":"SearchAction","target":{"@type":"EntryPoint","urlTemplate":"https:\/\/ayore.org\/?s={search_term_string}"},"query-input":{"@type":"PropertyValueSpecification","valueRequired":true,"valueName":"search_term_string"}}],"inLanguage":"ayo"}]}},"_links":{"self":[{"href":"https:\/\/ayore.org\/ayo\/wp-json\/wp\/v2\/pages\/3737","targetHints":{"allow":["GET"]}}],"collection":[{"href":"https:\/\/ayore.org\/ayo\/wp-json\/wp\/v2\/pages"}],"about":[{"href":"https:\/\/ayore.org\/ayo\/wp-json\/wp\/v2\/types\/page"}],"author":[{"embeddable":true,"href":"https:\/\/ayore.org\/ayo\/wp-json\/wp\/v2\/users\/5"}],"replies":[{"embeddable":true,"href":"https:\/\/ayore.org\/ayo\/wp-json\/wp\/v2\/comments?post=3737"}],"version-history":[{"count":1,"href":"https:\/\/ayore.org\/ayo\/wp-json\/wp\/v2\/pages\/3737\/revisions"}],"predecessor-version":[{"id":3738,"href":"https:\/\/ayore.org\/ayo\/wp-json\/wp\/v2\/pages\/3737\/revisions\/3738"}],"up":[{"embeddable":true,"href":"https:\/\/ayore.org\/ayo\/wp-json\/wp\/v2\/pages\/705"}],"wp:attachment":[{"href":"https:\/\/ayore.org\/ayo\/wp-json\/wp\/v2\/media?parent=3737"}],"curies":[{"name":"wp","href":"https:\/\/api.w.org\/{rel}","templated":true}]}}